000
CDUS42 KTAE 180634
CLITLH


CLIMATE REPORT
NATIONAL WEATHER SERVICE TALLAHASSEE FL
231 AM EDT SAT APR 18 2015

...................................

...THE TALLAHASSEE CLIMATE SUMMARY FOR APRIL 17 2015...

CLIMATE NORMAL PERIOD 1981 TO 2010
CLIMATE RECORD PERIOD 1896 TO 2015


WEATHER ITEM   OBSERVED TIME   RECORD YEAR NORMAL DEPARTURE LAST
                VALUE   (LST)  VALUE       VALUE  FROM      YEAR
                                                  NORMAL
..................................................................
TEMPERATURE (F)
 YESTERDAY
  MAXIMUM         77    519 PM  91    1927  80     -3       74
  MINIMUM         67    903 AM  34    1962  52     15       54
  AVERAGE         72                        66      6       64

PRECIPITATION (IN)
  YESTERDAY        0.23          0.60 1910   0.09   0.14     0.27
  MONTH TO DATE    1.94                      1.95  -0.01     5.53
  SINCE MAR 1      5.09                      7.89  -2.80    15.76
  SINCE JAN 1     14.28                     17.08  -2.80    23.81

SNOWFALL (IN)
  YESTERDAY        0.0                       0.0    0.0

DEGREE DAYS
 HEATING
  YESTERDAY        0                               -2
  MONTH TO DATE    0                              -50
  SINCE MAR 1     75                             -156
  SINCE JUL 1   1441                             -133

 COOLING
  YESTERDAY        7                                4
  MONTH TO DATE  167                              124
  SINCE MAR 1    287                              204
  SINCE JAN 1    294                              197
..................................................................


WIND (MPH)
  HIGHEST WIND SPEED    20   HIGHEST WIND DIRECTION    NW (330)
  HIGHEST GUST SPEED    25   HIGHEST GUST DIRECTION    NW (330)
  AVERAGE WIND SPEED     6.3




RELATIVE HUMIDITY (PERCENT)
 HIGHEST    93
 LOWEST     74
 AVERAGE    84

..........................................................


THE TALLAHASSEE CLIMATE NORMALS FOR TODAY
                         NORMAL    RECORD    YEAR
 MAXIMUM TEMPERATURE (F)   80        92      2006
                                             1927
 MINIMUM TEMPERATURE (F)   53        32      1999


SUNRISE AND SUNSET
APRIL 18 2015.........SUNRISE   707 AM EDT   SUNSET   807 PM EDT
APRIL 19 2015.........SUNRISE   706 AM EDT   SUNSET   807 PM EDT


-  INDICATES NEGATIVE NUMBERS.
R  INDICATES RECORD WAS SET OR TIED.
MM INDICATES DATA IS MISSING.
T  INDICATES TRACE AMOUNT.


$$
