000
CDUS45 KCYS 190327
CLITOR


CLIMATE REPORT
NATIONAL WEATHER SERVICE CHEYENNE WY
927 PM MDT SAT APR 18 2015


...................................

...THE TORRINGTON WY AIRPORT CLIMATE SUMMARY FOR APRIL 18 2015...
VALID TODAY AS OF 0900 PM LOCAL TIME.

CLIMATE NORMAL PERIOD 1981 TO 2010
CLIMATE RECORD PERIOD 1998 TO 2015


WEATHER ITEM   OBSERVED TIME   RECORD YEAR NORMAL DEPARTURE LAST
                VALUE   (LST)  VALUE       VALUE  FROM      YEAR
                                                  NORMAL
..................................................................
TEMPERATURE (F)
 TODAY
  MAXIMUM         60    341 PM  82    2014  62     -2       82
  MINIMUM         40    158 AM  14    2013  33      7       36
  AVERAGE         50                        48      2       59

PRECIPITATION (IN)
  TODAY            0.57          0.92 2011   0.06   0.51     0.00
  MONTH TO DATE    2.21                      0.86   1.35     0.53
  SINCE JAN 1      3.12                      2.21   0.91     2.13

DEGREE DAYS
 HEATING
  TODAY           15                        17     -2        6
  MONTH TO DATE  317                       363    -46      372
  SINCE MAR 1    963                      1203   -240     1223
  SINCE JUL 1   5677                      6047   -370     6338

 COOLING
  TODAY            0                         0      0        0
  MONTH TO DATE    0                         0      0        0
  SINCE MAR 1      0                         0      0        0
  SINCE JAN 1      0                         0      0        0
..................................................................


WIND (MPH)
  HIGHEST WIND SPEED    29   HIGHEST WIND DIRECTION     N (360)
  HIGHEST GUST SPEED    35   HIGHEST GUST DIRECTION     N (360)
  AVERAGE WIND SPEED     7.0


SKY COVER
  AVERAGE SKY COVER 0.7


WEATHER CONDITIONS
 THE FOLLOWING WEATHER WAS RECORDED TODAY.
  RAIN
  LIGHT RAIN
  FOG


RELATIVE HUMIDITY (PERCENT)
 HIGHEST   100           100 AM
 LOWEST     43           300 PM
 AVERAGE    72

..........................................................


THE TORRINGTON WY AIRPORT CLIMATE NORMALS FOR TOMORROW
                         NORMAL    RECORD    YEAR
 MAXIMUM TEMPERATURE (F)   63        80      2008
 MINIMUM TEMPERATURE (F)   33        22      2013


SUNRISE AND SUNSET
APRIL 18 2015.........SUNRISE   612 AM MDT   SUNSET   741 PM MDT
APRIL 19 2015.........SUNRISE   610 AM MDT   SUNSET   742 PM MDT


-  INDICATES NEGATIVE NUMBERS.
R  INDICATES RECORD WAS SET OR TIED.
MM INDICATES DATA IS MISSING.
T  INDICATES TRACE AMOUNT.




$$
