000
CDUS42 KTBW 202121
CLITPA


CLIMATE REPORT
NATIONAL WEATHER SERVICE TAMPA BAY FL
518 PM EDT MON APR 20 2015


...................................

...THE TAMPA CLIMATE SUMMARY FOR APRIL 20 2015...
VALID TODAY AS OF 0500 PM LOCAL TIME.

CLIMATE NORMAL PERIOD 1981 TO 2010
CLIMATE RECORD PERIOD 1890 TO 2015


WEATHER ITEM   OBSERVED TIME   RECORD YEAR NORMAL DEPARTURE LAST
                VALUE   (LST)  VALUE       VALUE  FROM      YEAR
                                                  NORMAL
..................................................................
TEMPERATURE (F)
 TODAY
  MAXIMUM         85    302 PM  90    1960  82      3       73
  MINIMUM         71    359 PM  49    1983  64      7       61
  AVERAGE         78                        73      5       67

PRECIPITATION (IN)
  TODAY            0.20          0.67 1959   0.07   0.13     0.00
  MONTH TO DATE    2.73                      1.44   1.29     0.89
  SINCE MAR 1      3.76                      4.47  -0.71     5.84
  SINCE JAN 1     12.06                      9.51   2.55    10.79

DEGREE DAYS
 HEATING
  TODAY            0                         0      0        0
  MONTH TO DATE    0                         9     -9        0
  SINCE MAR 1     12                        65    -53       48
  SINCE JUL 1    467                       536    -69      444

 COOLING
  TODAY           13                         8      5        2
  MONTH TO DATE  264                       130    134      130
  SINCE MAR 1    530                       256    274      208
  SINCE JAN 1    597                       369    228      312
..................................................................


WIND (MPH)
  RESULTANT WIND SPEED   7   RESULTANT WIND DIRECTION   S (190)
  HIGHEST WIND SPEED    24   HIGHEST WIND DIRECTION    NW (300)
  HIGHEST GUST SPEED    33   HIGHEST GUST DIRECTION     W (290)
  AVERAGE WIND SPEED     8.6


SKY COVER
  POSSIBLE SUNSHINE  MM
  AVERAGE SKY COVER 0.8


WEATHER CONDITIONS
 THE FOLLOWING WEATHER WAS RECORDED TODAY.
  THUNDERSTORM
  LIGHT RAIN
  FOG


RELATIVE HUMIDITY (PERCENT)
 HIGHEST    87           500 AM
 LOWEST     62          1000 AM

..........................................................


THE TAMPA CLIMATE NORMALS FOR TOMORROW
                         NORMAL    RECORD    YEAR
 MAXIMUM TEMPERATURE (F)   82        91      1925
 MINIMUM TEMPERATURE (F)   64        48      1953


SUNRISE AND SUNSET
APRIL 20 2015.........SUNRISE   700 AM EDT   SUNSET   758 PM EDT
APRIL 21 2015.........SUNRISE   659 AM EDT   SUNSET   759 PM EDT


-  INDICATES NEGATIVE NUMBERS.
R  INDICATES RECORD WAS SET OR TIED.
MM INDICATES DATA IS MISSING.
T  INDICATES TRACE AMOUNT.




$$


&&
------------------------------------------------------------------
******************** SUPPLEMENTAL DATA ***************************

...RUSKIN                HIGH 84    LOW 69    PCPN 0.00
...SARASOTA/BRADENTON    HIGH 85    LOW 70    PCPN 0.00
...ST. PETERSBURG        HIGH 84    LOW 72    PCPN 0.02

...GULF WATER TEMPERATURE AT CLEARWATER BEACH 81
