000
CDUS45 KLKN 180931
CLITPH


CLIMATE REPORT
NATIONAL WEATHER SERVICE ELKO NV
226 AM PDT SAT APR 18 2015


...................................

...THE TONOPAH AIRPORT NV CLIMATE SUMMARY FOR APRIL 17 2015...

CLIMATE NORMAL PERIOD 1981 TO 2010
CLIMATE RECORD PERIOD 1954 TO 2015


WEATHER ITEM   OBSERVED TIME   RECORD YEAR NORMAL DEPARTURE LAST
                VALUE   (LST)  VALUE       VALUE  FROM      YEAR
                                                  NORMAL
..................................................................
TEMPERATURE (F)
 YESTERDAY
  MAXIMUM         72    302 PM  84    1989  65      7       78
  MINIMUM         32    531 AM  22    1978  35     -3       41
  AVERAGE         52                        50      2       60

PRECIPITATION (IN)
  YESTERDAY        0.00          0.84 1987   0.01  -0.01     0.00
  MONTH TO DATE    T                         0.25  -0.25     0.01
  SINCE OCT 1      0.92                      2.92  -2.00     1.16
  SINCE JAN 1      0.44                      1.83  -1.39     0.70

DEGREE DAYS
 HEATING
  YESTERDAY       13                        15     -2        5
  MONTH TO DATE  306                       295     11      232
  SINCE MAR 1    759                       980   -221      846
  SINCE JUL 1   3881                      5022  -1141     4619

 COOLING
  YESTERDAY        0                         0      0        0
  MONTH TO DATE    0                         0      0        0
  SINCE MAR 1      0                         0      0        0
  SINCE JAN 1      0                         0      0        0
..................................................................


WIND (MPH)
  HIGHEST WIND SPEED    25   HIGHEST WIND DIRECTION    NW (330)
  HIGHEST GUST SPEED    32   HIGHEST GUST DIRECTION    NW (320)
  AVERAGE WIND SPEED    13.6



WEATHER CONDITIONS
 THE FOLLOWING WEATHER WAS RECORDED YESTERDAY.
  NO SIGNIFICANT WEATHER WAS OBSERVED.


RELATIVE HUMIDITY (PERCENT)
 HIGHEST    44           300 AM
 LOWEST      9           300 PM
 AVERAGE    27

..........................................................


THE TONOPAH AIRPORT NV CLIMATE NORMALS FOR TODAY
                         NORMAL    RECORD    YEAR
 MAXIMUM TEMPERATURE (F)   65        84      1989
 MINIMUM TEMPERATURE (F)   35        21      2013
                                             2002


SUNRISE AND SUNSET
APRIL 18 2015.........SUNRISE   609 AM PDT   SUNSET   727 PM PDT
APRIL 19 2015.........SUNRISE   608 AM PDT   SUNSET   728 PM PDT


-  INDICATES NEGATIVE NUMBERS.
R  INDICATES RECORD WAS SET OR TIED.
MM INDICATES DATA IS MISSING.
T  INDICATES TRACE AMOUNT.




$$
