000
CDUS44 KTSA 060648
CLITUL

CLIMATE REPORT
NATIONAL WEATHER SERVICE TULSA OK
147 AM CDT WED MAY 6 2015


...................................

...THE TULSA OKLAHOMA CLIMATE SUMMARY FOR MAY 5 2015...

CLIMATE NORMAL PERIOD 1981 TO 2010
CLIMATE RECORD PERIOD 1882 TO 2015


WEATHER ITEM   OBSERVED TIME   RECORD YEAR NORMAL DEPARTURE LAST
                VALUE   (LST)  VALUE       VALUE  FROM      YEAR
                                                  NORMAL
..................................................................
TEMPERATURE (F)
 YESTERDAY
  MAXIMUM         80    311 PM  92    2014  77      3       92
                                      1952
  MINIMUM         60    951 PM  36    1907  56      4       68
  AVERAGE         70                        66      4       80

PRECIPITATION (IN)
  YESTERDAY        0.14          2.88 1913   0.19  -0.05     0.00
  MONTH TO DATE    0.14                      0.92  -0.78     0.00
  SINCE MAR 1      7.95                      8.00  -0.05     4.49
  SINCE JAN 1     10.27                     11.51  -1.24     4.94

DEGREE DAYS
 COOLING
  YESTERDAY        5                         3      2       15
  MONTH TO DATE   23                        15      8       33
  SINCE MAR 1     97                        79     18       67
  SINCE JAN 1     97                        80     17       67
..................................................................


WIND (MPH)
  HIGHEST WIND SPEED    25   HIGHEST WIND DIRECTION     S (170)
  HIGHEST GUST SPEED    34   HIGHEST GUST DIRECTION     S (170)
  AVERAGE WIND SPEED    12.6


SKY COVER
  POSSIBLE SUNSHINE  MM
  AVERAGE SKY COVER 0.9


WEATHER CONDITIONS
 THE FOLLOWING WEATHER WAS RECORDED YESTERDAY.
  LIGHT RAIN


RELATIVE HUMIDITY (PERCENT)
 HIGHEST    93          1000 PM
 LOWEST     54           100 PM
 AVERAGE    74

..........................................................


THE TULSA OKLAHOMA CLIMATE NORMALS FOR TODAY
                         NORMAL    RECORD    YEAR
 MAXIMUM TEMPERATURE (F)   77        93      2003
 MINIMUM TEMPERATURE (F)   56        36      1944


SUNRISE AND SUNSET
MAY  6 2015...........SUNRISE   626 AM CDT   SUNSET   815 PM CDT
MAY  7 2015...........SUNRISE   625 AM CDT   SUNSET   816 PM CDT


-  INDICATES NEGATIVE NUMBERS.
R  INDICATES RECORD WAS SET OR TIED.
MM INDICATES DATA IS MISSING.
T  INDICATES TRACE AMOUNT.




$$

&&
...........................................................

THE TULSA PRECIPITATION NORMALS FOR TODAY
                       NORMAL    RECORD      YEAR
  TODAY                 0.19      3.15       1899
  MONTH TO DATE         1.11
  YEAR TO DATE         11.70
...........................................................
ALL DATA MEASURED AT THE TULSA INTERNATIONAL AIRPORT...
EXCEPT SNOWFALL...WHICH IS MEASURED AT THE NWS OFFICE.
