000
CDUS44 KMEG 260639
CLITUP


CLIMATE REPORT
NATIONAL WEATHER SERVICE MEMPHIS TN
137 AM CDT SUN APR 26 2015


...................................

...THE TUPELO CLIMATE SUMMARY FOR APRIL 25 2015...

CLIMATE NORMAL PERIOD 1981 TO 2010
CLIMATE RECORD PERIOD 1930 TO 2015


WEATHER ITEM   OBSERVED TIME   RECORD YEAR NORMAL DEPARTURE LAST
                VALUE   (LST)  VALUE       VALUE  FROM      YEAR
                                                  NORMAL
..................................................................
TEMPERATURE (F)
 YESTERDAY
  MAXIMUM         81    343 PM  88    1958  77      4       79
  MINIMUM         57    134 AM  32    1983  53      4       53
  AVERAGE         69                        65      4       66

PRECIPITATION (IN)
  YESTERDAY        1.78R         1.60 1970   0.17   1.61     0.00
  MONTH TO DATE    7.72                      3.90   3.82     4.92
  SINCE MAR 1     14.14                      8.72   5.42     8.00
  SINCE JAN 1     23.30                     18.16   5.14    14.09

SNOWFALL (IN)
  YESTERDAY        0.0           T    1935   0.0    0.0      0.0
  MONTH TO DATE    0.0                       0.0    0.0      0.0
  SINCE MAR 1      0.1                       0.3   -0.2       T
  SINCE JUL 1      7.4                       2.1    5.3      0.5
  SNOW DEPTH       0

DEGREE DAYS
 HEATING
  YESTERDAY        0                         3     -3        0
  MONTH TO DATE   63                       134    -71      138
  SINCE MAR 1    396                       489    -93      598
  SINCE JUL 1   3114                      2920    194     3428

 COOLING
  YESTERDAY        4                         3      1        1
  MONTH TO DATE   72                        44     28       27
  SINCE MAR 1     75                        58     17       27
  SINCE JAN 1     75                        60     15       27
..................................................................


WIND (MPH)
  HIGHEST WIND SPEED    22   HIGHEST WIND DIRECTION    NE (30)
  HIGHEST GUST SPEED    26   HIGHEST GUST DIRECTION     N (20)
  AVERAGE WIND SPEED     8.7


SKY COVER
  POSSIBLE SUNSHINE  MM
  AVERAGE SKY COVER 0.4


WEATHER CONDITIONS
 THE FOLLOWING WEATHER WAS RECORDED YESTERDAY.
  THUNDERSTORM
  HEAVY RAIN
  RAIN
  LIGHT RAIN
  FOG


RELATIVE HUMIDITY (PERCENT)
 HIGHEST    93           800 AM
 LOWEST     58           400 PM
 AVERAGE    76

..........................................................


THE TUPELO CLIMATE NORMALS FOR TODAY
                         NORMAL    RECORD    YEAR
 MAXIMUM TEMPERATURE (F)   77        88      1989
 MINIMUM TEMPERATURE (F)   53        33      1972


SUNRISE AND SUNSET
APRIL 26 2015.........SUNRISE   611 AM CDT   SUNSET   735 PM CDT
APRIL 27 2015.........SUNRISE   610 AM CDT   SUNSET   736 PM CDT


-  INDICATES NEGATIVE NUMBERS.
R  INDICATES RECORD WAS SET OR TIED.
MM INDICATES DATA IS MISSING.
T  INDICATES TRACE AMOUNT.




$$
