000
CDUS44 KJAN 042115
CLITVR


CLIMATE REPORT
NATIONAL WEATHER SERVICE JACKSON MS
414 PM CDT MON MAY 4 2015


...................................

...THE VICKSBURG CLIMATE SUMMARY FOR MAY 4 2015...
VALID TODAY AS OF 0400 PM LOCAL TIME.

CLIMATE NORMAL PERIOD 1981 TO 2010
CLIMATE RECORD PERIOD 1948 TO 2015


WEATHER ITEM   OBSERVED TIME   RECORD YEAR NORMAL DEPARTURE LAST
                VALUE   (LST)  VALUE       VALUE  FROM      YEAR
                                                  NORMAL
..................................................................
TEMPERATURE (F)
 TODAY
  MAXIMUM         83    139 PM  91    2003  81      2       89
  MINIMUM         58    459 AM  37    2013  58      0       54
  AVERAGE         71                        70      1       72

PRECIPITATION (IN)
  TODAY            0.00          3.57 1991   0.18  -0.18     0.00
  MONTH TO DATE    0.00                      0.71  -0.71     0.00
  SINCE MAR 1     10.28                     10.71  -0.43    18.98
  SINCE JAN 1     21.53                     21.05   0.48    24.40

SNOWFALL (IN)
  TODAY            0.0

DEGREE DAYS
 HEATING
  TODAY            0                         1     -1        0
  MONTH TO DATE    3                         4     -1       11
  SINCE MAR 1    264                       369   -105      467
  SINCE JUL 1   2522                      2345    177     2876

 COOLING
  TODAY            6                         5      1        7
  MONTH TO DATE    9                        20    -11        8
  SINCE MAR 1    163                       129     34      121
  SINCE JAN 1    163                       138     25      128
..................................................................


WIND (MPH)
  HIGHEST WIND SPEED    13   HIGHEST WIND DIRECTION    SE (140)
  HIGHEST GUST SPEED    18   HIGHEST GUST DIRECTION     E (110)
  AVERAGE WIND SPEED     6.3


SKY COVER
  POSSIBLE SUNSHINE  MM
  AVERAGE SKY COVER 0.2


WEATHER CONDITIONS
 THE FOLLOWING WEATHER WAS RECORDED TODAY.
  NO SIGNIFICANT WEATHER WAS OBSERVED.


RELATIVE HUMIDITY (PERCENT)
 HIGHEST    93           500 AM
 LOWEST     39          1100 AM
 AVERAGE    66

..........................................................


THE VICKSBURG CLIMATE NORMALS FOR TOMORROW
                         NORMAL    RECORD    YEAR
 MAXIMUM TEMPERATURE (F)   81        92      1952
 MINIMUM TEMPERATURE (F)   59        42      2013
                                             1954


SUNRISE AND SUNSET
MAY  4 2015...........SUNRISE   615 AM CDT   SUNSET   747 PM CDT
MAY  5 2015...........SUNRISE   614 AM CDT   SUNSET   748 PM CDT


-  INDICATES NEGATIVE NUMBERS.
R  INDICATES RECORD WAS SET OR TIED.
MM INDICATES DATA IS MISSING.
T  INDICATES TRACE AMOUNT.




$$
