000
CDUS45 KBOI 260931
CLITWF


CLIMATE REPORT
NATIONAL WEATHER SERVICE BOISE ID
330 AM MDT SUN APR 26 2015


...................................

...THE TWIN FALLS ID CLIMATE SUMMARY FOR APRIL 25 2015...

CLIMATE NORMAL PERIOD 1981 TO 2010
CLIMATE RECORD PERIOD 9999 TO 9999


WEATHER ITEM   OBSERVED TIME   NORMAL DEPARTURE LAST
                VALUE   (LST)  VALUE  FROM      YEAR
                                      NORMAL
......................................................
TEMPERATURE (F)
 YESTERDAY
  MAXIMUM         52   1213 PM  63    -11       58
  MINIMUM         36    602 AM  37     -1       43
  AVERAGE         44

PRECIPITATION (IN)
  YESTERDAY        0.01          0.04  -0.03     0.36
  MONTH TO DATE    0.24          0.92  -0.68     0.77
  SINCE OCT 1      4.86          7.00  -2.14     5.37
  SINCE JAN 1      1.86          3.75  -1.89     4.90

DEGREE DAYS
 HEATING
  YESTERDAY       21            15      6       14
  MONTH TO DATE  400           439    -39      369
  SINCE MAR 1    890          1161   -271      975
  SINCE JUL 1   4583          5728  -1145     5228

 COOLING
  YESTERDAY        0             0      0        0
  MONTH TO DATE    0             0      0        0
  SINCE MAR 1      0             0      0        0
  SINCE JAN 1      0             0      0        0
......................................................


WIND (MPH)
  HIGHEST WIND SPEED    23   HIGHEST WIND DIRECTION     W (250)
  HIGHEST GUST SPEED    30   HIGHEST GUST DIRECTION    SW (240)
  AVERAGE WIND SPEED    10.4


SKY COVER
  AVERAGE SKY COVER 0.5


WEATHER CONDITIONS
 THE FOLLOWING WEATHER WAS RECORDED YESTERDAY.
  LIGHT RAIN


RELATIVE HUMIDITY (PERCENT)
 HIGHEST    76          1000 PM
 LOWEST     44          1200 PM
 AVERAGE    60

..........................................................




SUNRISE AND SUNSET
APRIL 26 2015.........SUNRISE   640 AM MDT   SUNSET   832 PM MDT
APRIL 27 2015.........SUNRISE   639 AM MDT   SUNSET   833 PM MDT


-  INDICATES NEGATIVE NUMBERS.
R  INDICATES RECORD WAS SET OR TIED.
MM INDICATES DATA IS MISSING.
T  INDICATES TRACE AMOUNT.




$$
