000
CDUS44 KMRX 272125
CLITYS

CLIMATE REPORT NATIONAL WEATHER SERVICE MORRISTOWN TN
525 PM EDT MON APR 27 2015

...................................

...THE KNOXVILLE CLIMATE SUMMARY FOR APRIL 27 2015... VALID TODAY AS
OF 500 PM LOCAL TIME.

CLIMATE NORMAL PERIOD 1981 TO 2010
CLIMATE RECORD PERIOD 1871 TO 2015


WEATHER ITEM   OBSERVED TIME   RECORD YEAR NORMAL DEPARTURE LAST
                VALUE   (LST)  VALUE       VALUE  FROM      YEAR
                                                  NORMAL
..................................................................
TEMPERATURE (F)
 TODAY
  MAXIMUM         65    337 PM  91    1986  73     -8       85
  MINIMUM         46    626 AM  34    1976  51     -5       49
  AVERAGE         56                        62     -6       67

PRECIPITATION (IN)
  TODAY            0.00          3.55 2011   0.14  -0.14     0.10
  MONTH TO DATE    4.06                      3.60   0.46     2.82
  SINCE MAR 1      8.50                      7.94   0.56     5.24
  SINCE JAN 1     15.64                     16.52  -0.88    13.31

SNOWFALL (IN)
  TODAY            0.0                       0.0    0.0      0.0
  MONTH TO DATE    0.0                       0.5   -0.5       T
  SINCE MAR 1      T                         1.4   -1.4      0.5
  SINCE JUL 1      9.3                       6.5    2.8     12.4
  SNOW DEPTH       0

DEGREE DAYS
 HEATING
  TODAY            9                         5      4        0
  MONTH TO DATE  111                       207    -96      156
  SINCE MAR 1    525                       668   -143      689
  SINCE JUL 1   3790                      3564    226     3736

 COOLING
  TODAY            0                         2     -2        2
  MONTH TO DATE   23                        27     -4       16
  SINCE MAR 1     25                        32     -7       16
  SINCE JAN 1     25                        32     -7       16
..................................................................


WIND (MPH)
  HIGHEST WIND SPEED    15   HIGHEST WIND DIRECTION     N (10)
  HIGHEST GUST SPEED    25   HIGHEST GUST DIRECTION     N (20)
  AVERAGE WIND SPEED     7.2


SKY COVER
  POSSIBLE SUNSHINE  MM
  AVERAGE SKY COVER 0.5


WEATHER CONDITIONS
 THE FOLLOWING WEATHER WAS RECORDED TODAY.
  NO SIGNIFICANT WEATHER WAS OBSERVED.


RELATIVE HUMIDITY (PERCENT)
 HIGHEST    83          1200 AM
 LOWEST     31           300 PM
 AVERAGE    57

..........................................................


THE KNOXVILLE    ASOS CLIMATE NORMALS FOR TOMORROW
                         NORMAL    RECORD    YEAR
 MAXIMUM TEMPERATURE (F)   74        90      1957
 MINIMUM TEMPERATURE (F)   51        35      1928


SUNRISE AND SUNSET
APRIL 27 2015.........SUNRISE   648 AM EDT   SUNSET   819 PM EDT
APRIL 28 2015.........SUNRISE   647 AM EDT   SUNSET   820 PM EDT


-  INDICATES NEGATIVE NUMBERS.
R  INDICATES RECORD WAS SET OR TIED.
MM INDICATES DATA IS MISSING.
T  INDICATES TRACE AMOUNT.




$$
