000
CDUS46 KEKA 020024
CLIUKI


CLIMATE REPORT
NATIONAL WEATHER SERVICE EUREKA CA
512 PM PDT WED APR 1 2015


...................................

...THE UKIAH CA CLIMATE SUMMARY FOR APRIL 1 2015...
VALID TODAY AS OF 0500 PM LOCAL TIME.

CLIMATE NORMAL PERIOD 1981 TO 2010
CLIMATE RECORD PERIOD 1903 TO 2015


WEATHER ITEM   OBSERVED RECORD YEAR NORMAL DEPARTURE LAST
                VALUE   VALUE       VALUE  FROM      YEAR
                                           NORMAL
...........................................................
TEMPERATURE (F)
 TODAY
  MAXIMUM         65     88    2002  65      0       50
  MINIMUM         39     27    1929  40     -1       42
  AVERAGE         52                 52      0       46

PRECIPITATION (IN)
  TODAY            0.00   1.95 1927   0.11  -0.11     0.91
  MONTH TO DATE    0.00               0.11  -0.11     0.91
  SINCE OCT 1     23.51              32.56  -9.05    17.51
  SINCE JAN 1      5.74              19.18 -13.44    16.17

SNOWFALL (IN)
  TODAY            0.0   MM          MM     MM       MM
  MONTH TO DATE    0.0               MM     MM       MM
  SINCE MAR 1      0.0               MM     MM        0.0
  SINCE JUL 1      0.0               MM     MM        0.0
  SNOW DEPTH       0

...........................................................


WIND (MPH)
  HIGHEST WIND SPEED    20   HIGHEST WIND DIRECTION    NW (300)
  HIGHEST GUST SPEED    27   HIGHEST GUST DIRECTION     W (280)
  AVERAGE WIND SPEED     5.8


SKY COVER
  AVERAGE SKY COVER 0.0


WEATHER CONDITIONS
 THE FOLLOWING WEATHER WAS RECORDED TODAY.
  NO SIGNIFICANT WEATHER WAS OBSERVED.


RELATIVE HUMIDITY (PERCENT)
 HIGHEST    85
 LOWEST     30
 AVERAGE    58

..........................................................


THE UKIAH CA CLIMATE NORMALS FOR TOMORROW
                         NORMAL    RECORD    YEAR
 MAXIMUM TEMPERATURE (F)   65        91      1933
 MINIMUM TEMPERATURE (F)   40        28      1976


SUNRISE AND SUNSET
APRIL  1 2015.........SUNRISE   658 AM PDT   SUNSET   736 PM PDT
APRIL  2 2015.........SUNRISE   656 AM PDT   SUNSET   737 PM PDT


-  INDICATES NEGATIVE NUMBERS.
R  INDICATES RECORD WAS SET OR TIED.
MM INDICATES DATA IS MISSING.
T  INDICATES TRACE AMOUNT.




$$
