000
CDUS41 KBTV 260552
CLIVSF


CLIMATE REPORT
NATIONAL WEATHER SERVICE BURLINGTON VT
139 AM EDT SUN APR 26 2015


...................................

...THE SPRINGFIELD VT CLIMATE SUMMARY FOR APRIL 25 2015...

CLIMATE NORMAL PERIOD 1981 TO 2010
CLIMATE RECORD PERIOD 9999 TO 9999


WEATHER ITEM   OBSERVED TIME   NORMAL DEPARTURE LAST
                VALUE   (LST)  VALUE  FROM      YEAR
                                      NORMAL
......................................................
TEMPERATURE (F)
 YESTERDAY
  MAXIMUM         52    125 PM  61     -9       64
  MINIMUM         33    508 AM  36     -3       28
  AVERAGE         43            48     -5       46

PRECIPITATION (IN)
  YESTERDAY        0.00          0.10  -0.10     0.00
  MONTH TO DATE    2.24          3.10  -0.86     1.94
  SINCE MAR 1      3.09          6.40  -3.31     3.96
  SINCE JAN 1      7.24         12.01  -4.77     7.65

DEGREE DAYS
 HEATING
  YESTERDAY       22            17      5       19
  MONTH TO DATE  579           547     32      543
  SINCE MAR 1   1778          1582    196     1815
  SINCE JUL 1   7330          7027    303     7526

 COOLING
  YESTERDAY        0             0      0        0
  MONTH TO DATE    0             0      0        0
  SINCE MAR 1      0             0      0        0
  SINCE JAN 1      0             0      0        0
......................................................


WIND (MPH)
  HIGHEST WIND SPEED    21   HIGHEST WIND DIRECTION     W (270)
  HIGHEST GUST SPEED    29   HIGHEST GUST DIRECTION     W (280)
  AVERAGE WIND SPEED     6.8


SKY COVER
  AVERAGE SKY COVER 0.6


WEATHER CONDITIONS
 THE FOLLOWING WEATHER WAS RECORDED YESTERDAY.
  NO SIGNIFICANT WEATHER WAS OBSERVED.


RELATIVE HUMIDITY (PERCENT)
 HIGHEST    70          1000 PM
 LOWEST     36           100 PM
 AVERAGE    53

..........................................................


THE SPRINGFIELD VT CLIMATE NORMALS FOR TODAY
                         NORMAL    RECORD    YEAR
 MAXIMUM TEMPERATURE (F)   61        75      2009
 MINIMUM TEMPERATURE (F)   37        26      2006


SUNRISE AND SUNSET
APRIL 26 2015.........SUNRISE   551 AM EDT   SUNSET   746 PM EDT
APRIL 27 2015.........SUNRISE   549 AM EDT   SUNSET   747 PM EDT


-  INDICATES NEGATIVE NUMBERS.
R  INDICATES RECORD WAS SET OR TIED.
MM INDICATES DATA IS MISSING.
T  INDICATES TRACE AMOUNT.




$$
