000
CDUS45 KLKN 280930
CLIWMC


CLIMATE REPORT
NATIONAL WEATHER SERVICE ELKO NV
230 AM PDT TUE APR 28 2015


...................................

...THE WINNEMUCCA AIRPORT NV CLIMATE SUMMARY FOR APRIL 27 2015...

CLIMATE NORMAL PERIOD 1981 TO 2010
CLIMATE RECORD PERIOD 1877 TO 2015


WEATHER ITEM   OBSERVED TIME   RECORD YEAR NORMAL DEPARTURE LAST
                VALUE   (LST)  VALUE       VALUE  FROM      YEAR
                                                  NORMAL
..................................................................
TEMPERATURE (F)
 YESTERDAY
  MAXIMUM         66    453 PM  88    1987  66      0       54
  MINIMUM         30    516 AM  13    1955  33     -3       33
  AVERAGE         48                        50     -2       44

PRECIPITATION (IN)
  YESTERDAY        0.00          0.53 1937   0.03  -0.03      T
  MONTH TO DATE    1.83                      0.79   1.04     0.46
  SINCE OCT 1      5.74                      5.63   0.11     5.84
  SINCE JAN 1      3.17                      3.15   0.02     3.18

SNOWFALL (IN)
  YESTERDAY        0.0           2.0  1899   0.0    0.0      0.0
  MONTH TO DATE    2.4                       1.5    0.9      1.2
  SINCE MAR 1      2.4                       4.7   -2.3      1.9
  SINCE JUL 1      5.3                      20.7  -15.4     23.4
  SNOW DEPTH       0

DEGREE DAYS
 HEATING
  YESTERDAY       17                        15      2       21
  MONTH TO DATE  555                       506     49      469
  SINCE MAR 1   1152                      1245    -93     1172
  SINCE JUL 1   4934                      5834   -900     5831

 COOLING
  YESTERDAY        0                         0      0        0
  MONTH TO DATE    0                         0      0        0
  SINCE MAR 1      0                         0      0        0
  SINCE JAN 1      0                         0      0        0
..................................................................


WIND (MPH)
  HIGHEST WIND SPEED    18   HIGHEST WIND DIRECTION     N (20)
  HIGHEST GUST SPEED    26   HIGHEST GUST DIRECTION     N (10)
  AVERAGE WIND SPEED     8.1



WEATHER CONDITIONS
 THE FOLLOWING WEATHER WAS RECORDED YESTERDAY.
  NO SIGNIFICANT WEATHER WAS OBSERVED.


RELATIVE HUMIDITY (PERCENT)
 HIGHEST    89           200 AM
 LOWEST     22           300 PM
 AVERAGE    56

..........................................................


THE WINNEMUCCA AIRPORT NV CLIMATE NORMALS FOR TODAY
                         NORMAL    RECORD    YEAR
 MAXIMUM TEMPERATURE (F)   66        84      2007
 MINIMUM TEMPERATURE (F)   33        19      1984
                                             1976


SUNRISE AND SUNSET
APRIL 28 2015.........SUNRISE   554 AM PDT   SUNSET   744 PM PDT
APRIL 29 2015.........SUNRISE   552 AM PDT   SUNSET   745 PM PDT


-  INDICATES NEGATIVE NUMBERS.
R  INDICATES RECORD WAS SET OR TIED.
MM INDICATES DATA IS MISSING.
T  INDICATES TRACE AMOUNT.




$$
