000
CDUS45 KRIW 260033
CLIWRL


CLIMATE REPORT
NATIONAL WEATHER SERVICE RIVERTON WY
633 PM MDT SAT APR 25 2015


...................................

...THE WORLAND WY CLIMATE SUMMARY FOR APRIL 25 2015...
VALID TODAY AS OF 0500 PM LOCAL TIME.

CLIMATE NORMAL PERIOD 1981 TO 2010
CLIMATE RECORD PERIOD 1947 TO 2015


WEATHER ITEM   OBSERVED TIME   RECORD YEAR NORMAL DEPARTURE LAST
                VALUE   (LST)  VALUE       VALUE  FROM      YEAR
                                                  NORMAL
..................................................................
TEMPERATURE (F)
 TODAY
  MAXIMUM         58        MM  86    1987  63     -5       69
  MINIMUM         41        MM  11    2008  34      7       37
  AVERAGE         50                        48      2       53

PRECIPITATION (IN)
  TODAY            0.02          0.59 1973   0.04  -0.02     0.00
  MONTH TO DATE    0.16                      0.65  -0.49     0.27
  SINCE MAR 1      0.16                      1.11  -0.95     0.67
  SINCE JAN 1      0.93                      1.53  -0.60     1.05

DEGREE DAYS
 HEATING
  TODAY           15                        17     -2       12
  MONTH TO DATE  470                       503    -33      488
  SINCE MAR 1   1191                      1388   -197     1428
  SINCE JUL 1   7100                      7389   -289     7808

 COOLING
  TODAY            0                         0      0        0
  MONTH TO DATE    0                         0      0        0
  SINCE MAR 1      0                         0      0        0
  SINCE JAN 1      0                         0      0        0
..................................................................


WIND (MPH)
  HIGHEST WIND SPEED    13   HIGHEST WIND DIRECTION    NW (320)
  HIGHEST GUST SPEED    MM   HIGHEST GUST DIRECTION    MM
  AVERAGE WIND SPEED     7.7


SKY COVER
  POSSIBLE SUNSHINE  MM
  AVERAGE SKY COVER 0.7


WEATHER CONDITIONS
 THE FOLLOWING WEATHER WAS RECORDED TODAY.
  LIGHT RAIN


RELATIVE HUMIDITY (PERCENT)
 HIGHEST    82           400 AM
 LOWEST     43           400 PM
 AVERAGE    63

..........................................................


THE WORLAND WY CLIMATE NORMALS FOR TOMORROW
                         NORMAL    RECORD    YEAR
 MAXIMUM TEMPERATURE (F)   63        85      2012
 MINIMUM TEMPERATURE (F)   34        23      2010


SUNRISE AND SUNSET
APRIL 25 2015.........SUNRISE   613 AM MDT   SUNSET   808 PM MDT
APRIL 26 2015.........SUNRISE   611 AM MDT   SUNSET   809 PM MDT


-  INDICATES NEGATIVE NUMBERS.
R  INDICATES RECORD WAS SET OR TIED.
MM INDICATES DATA IS MISSING.
T  INDICATES TRACE AMOUNT.




$$
