000
CDAK47 PAYA 070907
CLIYAK

CLIMATE REPORT
NATIONAL WEATHER SERVICE YAKUTAT, AK
107 AM AKDT THU MAY 7 2015

...................................
...THE YAKUTAT AP CLIMATE SUMMARY FOR MAY 6 2015...

CLIMATE NORMAL PERIOD  1981 TO  2010
CLIMATE RECORD PERIOD  1948 TO  2015

WEATHER ITEM   OBSERVED TIME    RECORD YEAR NORMAL DEPARTURE LAST
               VALUE    (LST)   VALUE       VALUE  FROM      YEAR
                                                   NORMAL
...................................................................
TEMPERATURE
YESTERDAY
 MAXIMUM            53  0445 PM    70  1981     51       2     48
 MINIMUM            37  0450 AM    23  2002     35       2     42
 AVERAGE            45                          43       2     45

PRECIPITATION
(INCHES)
 YESTERDAY        0.00           3.06  1958   0.27   -0.27      T
 MONTH TO DATE    0.09                        1.66   -1.57      T
 SINCE MAR 1     24.68                       21.89    2.79   7.92
 SINCE JAN 1     49.05                       46.41    2.64  34.98

SNOWFALL
(INCHES)
 YESTERDAY         0.0            7.0  1965    0.0     0.0    0.0
 MONTH TO DATE     0.0                         0.2    -0.2    0.0
 SINCE MAR 1      34.3                        37.6    -3.3   13.6
 SINCE JUL 1      47.1                       139.8   -92.7  109.0
 SNOW DEPTH (IN)     0                                          0

DEGREE DAYS
 HEATING
  YESTERDAY         20                          23      -3     20
  MONTH TO DATE    134                         139      -5    101
  SINCE MAR 1     1830                        1977    -147   2007
  SINCE JUL 1     7262                        8106    -844   7820

 COOLING
  YESTERDAY          0                           0       0      0
  MONTH TO DATE      0                           0       0      0
  SINCE MAR 1        0                           0       0      0
  SINCE JAN 1        0                           0       0      0
...................................................................

WIND (MPH)
 HIGHEST WIND SPEED    13     HIGHEST WIND DIRECTION    260
 HIGHEST GUST SPEED    16     HIGHEST GUST DIRECTION    240
 AVERAGE WIND SPEED   3.5

SKY COVER
  POSSIBLE SUNSHINE    MM          AVERAGE SKY COVER     MM

WEATHER CONDITIONS
 THE FOLLOWING WEATHER WAS RECORDED YESTERDAY.
  FOG


RELATIVE HUMIDITY
 HIGHEST RH     MM PERCENT       MM
 LOWEST  RH     MM PERCENT       MM
 AVERAGE RH     MM PERCENT       MM
...................................................................

THE YAKUTAT CLIMATE NORMALS FOR TODAY
                           NORMAL    RECORD   YEAR
 MAXIMUM TEMPERATURE (F)     51        76     1981
 MINIMUM TEMPERATURE (F)     35        25     1972

SUNRISE AND SUNSET
 MAY 7 2015..........SUNRISE  5:04 AM      SUNSET  9:29 PM
 MAY 8 2015..........SUNRISE  5:02 AM      SUNSET  9:31 PM

-  INDICATES NEGATIVE NUMBERS.
R  INDICATES RECORD HAS BEEN SET OR TIED.
MM INDICATES DATA IS MISSING.
T  INDICATES TRACE OF PRECIPITATION.

&&
-------------------------------------------------------------------

AMOUNT OF DAYLIGHT TODAY  (HOUR:MIN)........16 HOURS 25 MINUTES
GAIN/LOSS SINCE YESTERDAY (HOUR:MIN:SEC)....+0:04:54

$$
*** MAY 15
