000
CDUS46 KPDT 190942
CLIYKM

CLIMATE REPORT
NATIONAL WEATHER SERVICE PENDLETON OR
242 AM PDT SUN APR 19 2015


...................................

...THE YAKIMA WA CLIMATE SUMMARY FOR APRIL 18 2015...

CLIMATE NORMAL PERIOD 1981 TO 2010
CLIMATE RECORD PERIOD 1946 TO 2015


WEATHER ITEM   OBSERVED TIME   RECORD YEAR NORMAL DEPARTURE LAST
                VALUE   (LST)  VALUE       VALUE  FROM      YEAR
                                                  NORMAL
..................................................................
TEMPERATURE (F)
 YESTERDAY
  MAXIMUM         76    324 PM  84    1952  64     12       62
  MINIMUM         38    534 AM  23    1964  35      3       36
  AVERAGE         57                        49      8       49

PRECIPITATION (IN)
  YESTERDAY        0.00          0.43 1984   0.02  -0.02     0.00
  MONTH TO DATE    T                         0.31  -0.31     0.01
  SINCE OCT 1      4.52                      5.97  -1.45     3.17
  SINCE JAN 1      2.42                      2.85  -0.43     2.34

SNOWFALL (IN)
  YESTERDAY        0.0           0.0  2002   0.0    0.0      0.0
                                      2001
                                      2000
  MONTH TO DATE    0.0                       0.0    0.0      0.0
  SINCE JAN 1      1.6                       8.6   -7.0     19.9
  SINCE JUL 1      1.6                      21.6  -20.0     19.9
  SNOW DEPTH       0

DEGREE DAYS
 HEATING
  YESTERDAY        8                        16     -8       16
  MONTH TO DATE  282                       308    -26      218
  SINCE MAR 1    736                       985   -249      852
  SINCE JUL 1   4318                      5512  -1194     5254

 COOLING
  YESTERDAY        0                         0      0        0
  MONTH TO DATE    0                         0      0        0
  SINCE MAR 1      0                         0      0        0
  SINCE JAN 1      0                         0      0        0
..................................................................


WIND (MPH)
  HIGHEST WIND SPEED    21   HIGHEST WIND DIRECTION    NW (320)
  HIGHEST GUST SPEED    28   HIGHEST GUST DIRECTION    NW (320)
  AVERAGE WIND SPEED     5.9


SKY COVER
  POSSIBLE SUNSHINE  MM
  AVERAGE SKY COVER 0.0


WEATHER CONDITIONS
THE FOLLOWING WEATHER WAS RECORDED YESTERDAY.
  NO SIGNIFICANT WEATHER WAS OBSERVED.


RELATIVE HUMIDITY (PERCENT)
 HIGHEST    60           500 AM
 LOWEST     16           300 PM
 AVERAGE    38

..........................................................


THE YAKIMA WA CLIMATE NORMALS FOR TODAY
                         NORMAL    RECORD    YEAR
 MAXIMUM TEMPERATURE (F)   64        79      1956
 MINIMUM TEMPERATURE (F)   35        18      2008


SUNRISE AND SUNSET
APRIL 19 2015.........SUNRISE   608 AM PDT   SUNSET   755 PM PDT
APRIL 20 2015.........SUNRISE   606 AM PDT   SUNSET   757 PM PDT


-  INDICATES NEGATIVE NUMBERS.
R  INDICATES RECORD WAS SET OR TIED.
MM INDICATES DATA IS MISSING.
T  INDICATES TRACE AMOUNT.

$$
