000
CXUS51 KPHI 011133
CLMABE


CLIMATE REPORT
NATIONAL WEATHER SERVICE MOUNT HOLLY NJ
732 AM EDT WED APR 1 2015

...................................

...THE ALLENTOWN CLIMATE SUMMARY FOR THE MONTH OF MARCH 2015...

CLIMATE NORMAL PERIOD 1981 TO 2010
CLIMATE RECORD PERIOD 1922 TO 2015

WEATHER         OBSERVED          NORMAL  DEPART  LAST YEAR`S
                 VALUE   DATE(S)  VALUE   FROM    VALUE  DATE(S)
                                          NORMAL
................................................................
TEMPERATURE (F)
RECORD
 HIGH              87   03/30/1998
 LOW               -5   03/01/1934
HIGHEST            59                71     -12       63
LOWEST              0                13     -13        4
AVG. MAXIMUM     43.2              49.4    -6.2     43.5
AVG. MINIMUM     24.6              28.8    -4.2     23.9
MEAN             33.9              39.1    -5.2     33.7
DAYS MAX >= 90      0               0.0     0.0        0
DAYS MAX <= 32      2               1.1     0.9        4
DAYS MIN <= 32     24              20.3     3.7       24
DAYS MIN <= 0       1               0.0     1.0        0

PRECIPITATION (INCHES)
RECORD
 MAXIMUM         7.24   1913
 MINIMUM         0.92   2006
TOTALS           4.48              3.39    1.09     2.44
DAILY AVG.       0.14              0.11    0.03     0.08
DAYS >= .01        11              11.0     0.0        8
DAYS >= .10         9               6.7     2.3        4
DAYS >= .50         4               2.3     1.7        1
DAYS >= 1.00        0               0.9    -0.9        0
GREATEST
 24 HR. TOTAL    0.90   03/14 TO 03/14              0.97

SNOWFALL (INCHES)
RECORDS
 TOTAL             MM   5
 24 HR TOTAL       MM
TOTALS           17.8               4.9    12.9      1.1
SINCE 7/1        50.1              31.9    18.2     67.8
SNOWDEPTH AVG.      3                MM      MM        1
DAYS >= 1.0         4               1.3     2.7        0
GREATEST
 SNOW DEPTH        12   03/06                          5  03/01
 24 HR TOTAL      6.7   MM                           0.9

DEGREE_DAYS
HEATING TOTAL     954               803     151      962
 SINCE 7/1       5435              5112     323     5560
COOLING TOTAL       0                 0       0        0
 SINCE 1/1          0                 0       0        0
.................................................................

WIND (MPH)
AVERAGE WIND SPEED              7.1
HIGHEST WIND SPEED/DIRECTION    31/330    DATE  03/17
HIGHEST GUST SPEED/DIRECTION    40/290    DATE  03/17

SKY COVER
POSSIBLE SUNSHINE (PERCENT)   MM
AVERAGE SKY COVER           0.50
NUMBER OF DAYS FAIR           10
NUMBER OF DAYS PC             14
NUMBER OF DAYS CLOUDY          7

AVERAGE RH (PERCENT)     60

WEATHER CONDITIONS. NUMBER OF DAYS WITH
THUNDERSTORM              0     MIXED PRECIP               0
HEAVY RAIN                1     RAIN                       4
LIGHT RAIN               12     FREEZING RAIN              1
LT FREEZING RAIN          2     HEAVY SNOW                 0
SNOW                      4     LIGHT SNOW                 7
SLEET                     1     FOG                       13
FOG W/VIS <= 1/4 MILE     5     HAZE                       9

-  INDICATES NEGATIVE NUMBERS.
R  INDICATES RECORD WAS SET OR TIED.
MM INDICATES DATA IS MISSING.
T  INDICATES TRACE AMOUNT.

$$
