000
CXUS54 KBMX 022206
CLMANB


CLIMATE REPORT
NATIONAL WEATHER SERVICE BIRMINGHAM, AL
506 PM CDT THU APR 2 2015

...................................

...THE ANNISTON CLIMATE SUMMARY FOR THE MONTH OF MARCH 2015...

CLIMATE NORMAL PERIOD 1981 TO 2010
CLIMATE RECORD PERIOD 1903 TO 2015

WEATHER         OBSERVED          NORMAL  DEPART  LAST YEAR`S
                 VALUE   DATE(S)  VALUE   FROM    VALUE  DATE(S)
                                          NORMAL
................................................................
TEMPERATURE (F)
RECORD
 HIGH              89   03/09/1974
                        03/31/1963
 LOW                8   03/13/1993
HIGHEST            82   03/16        MM      MM       78  03/31
                                                          03/11
LOWEST             22   03/06        MM      MM       27  03/26
AVG. MAXIMUM     68.6              66.3     2.3     65.0
AVG. MINIMUM     45.5              42.8     2.7     39.8
MEAN             57.1                               52.4
DAYS MAX >= 90      0               0.0     0.0        0
DAYS MAX <= 32      0               0.0     0.0        0
DAYS MIN <= 32      5               4.0     1.0        5
DAYS MIN <= 0       0               0.0     0.0        0

PRECIPITATION (INCHES)
RECORD
 MAXIMUM        18.09   1977
 MINIMUM         1.38   1985
TOTALS           5.58              4.96    0.62     5.41
DAILY AVG.       0.18              0.16    0.02
DAYS >= .01        18               9.9     8.1
DAYS >= .10        11               6.7     4.3
DAYS >= .50         5               3.6     1.4
DAYS >= 1.00        1               1.8    -0.8

DEGREE_DAYS
HEATING TOTAL     246               336     -90      382
 SINCE 7/1       2767              2608     159     2863
COOLING TOTAL       8                12      -4        0
 SINCE 1/1          8                13      -5        0
.................................................................

WIND (MPH)
AVERAGE WIND SPEED              5.4
HIGHEST WIND SPEED/DIRECTION    22/310    DATE  03/31
HIGHEST GUST SPEED/DIRECTION    41/330    DATE  03/31

AVERAGE RH (PERCENT)     70

WEATHER CONDITIONS. NUMBER OF DAYS WITH
THUNDERSTORM              0     MIXED PRECIP               0
HEAVY RAIN                6     RAIN                       8
LIGHT RAIN               19     FREEZING RAIN              0
LT FREEZING RAIN          0     HAIL                       0
HEAVY SNOW                0     SNOW                       0
LIGHT SNOW                0     SLEET                      0
FOG                      22     FOG W/VIS <= 1/4 MILE      3
HAZE                      6

-  INDICATES NEGATIVE NUMBERS.
R  INDICATES RECORD WAS SET OR TIED.
MM INDICATES DATA IS MISSING.
T  INDICATES TRACE AMOUNT.

$$
