000
CXUS51 KBUF 011806
CLMART


CLIMATE REPORT
NATIONAL WEATHER SERVICE BUFFALO NY
157 PM EDT WED APR 1 2015

...................................

...THE WATERTOWN NY CLIMATE SUMMARY FOR THE MONTH OF MARCH 2015...

CLIMATE NORMAL PERIOD 1981 TO 2010
CLIMATE RECORD PERIOD 1949 TO 2015

WEATHER         OBSERVED          NORMAL  DEPART  LAST YEAR`S
                 VALUE   DATE(S)  VALUE   FROM    VALUE  DATE(S)
                                          NORMAL
................................................................
TEMPERATURE (F)
RECORD
 HIGH              84   03/30/1977
 LOW              -24   03/12/1984
HIGHEST            51   03/25                         48  03/28
                        03/10                             03/14
LOWEST            -13   03/01                        -21  03/06
AVG. MAXIMUM     36.5              40.7    -4.2     34.0
AVG. MINIMUM     16.9              20.5    -3.6     11.3
MEAN             26.7              30.6    -3.9     22.6
DAYS MAX >= 90      0               0.0     0.0        0
DAYS MAX <= 32     10               6.8     3.2       12
DAYS MIN <= 32     27              25.7     1.3       30
DAYS MIN <= 0       4               2.1     1.9        8

PRECIPITATION (INCHES)
RECORD
 MAXIMUM           MM   MM
 MINIMUM           MM   MM
TOTALS           0.83              2.30   -1.47     2.11
DAYS >= .01        13              12.3     0.7       15
DAYS >= .10         2               6.2    -4.2        6
DAYS >= .50         0               1.2    -1.2        1
DAYS >= 1.00        0               0.3    -0.3        0
GREATEST
 24 HR. TOTAL    0.29   03/26 TO 03/26

DEGREE_DAYS
HEATING TOTAL    1181              1066     115     1305
 SINCE 7/1       6701              6507     194     6976
COOLING TOTAL       0                 0       0        0
 SINCE 1/1          0                 0       0        0
...................................................

WIND (MPH)
AVERAGE WIND SPEED              8.5
HIGHEST WIND SPEED/DIRECTION    29/330
HIGHEST GUST SPEED/DIRECTION    38/330    DATE  03/17

SKY COVER
POSSIBLE SUNSHINE (PERCENT)   MM
AVERAGE SKY COVER           0.50
NUMBER OF DAYS FAIR            9
NUMBER OF DAYS PC             11
NUMBER OF DAYS CLOUDY         11

AVERAGE RH (PERCENT)     64

WEATHER CONDITIONS. NUMBER OF DAYS WITH
THUNDERSTORM              0     MIXED PRECIP               0
HEAVY RAIN                0     RAIN                       2
LIGHT RAIN                7     FREEZING RAIN              0
LT FREEZING RAIN          2     HAIL                       0
HEAVY SNOW                0     SNOW                       5
LIGHT SNOW               13     SLEET                      0
FOG                      15     FOG W/VIS <= 1/4 MILE      3
HAZE                     14

-  INDICATES NEGATIVE NUMBERS.
R  INDICATES RECORD WAS SET OR TIED.
MM INDICATES DATA IS MISSING.
T  INDICATES TRACE AMOUNT.

$$
