000
CXUS54 KLUB 011736
CLMCDS


CLIMATE REPORT
NATIONAL WEATHER SERVICE LUBBOCK, TX
1126 AM CST SUN MAR 1 2015

...................................

...THE CHILDRESS CLIMATE SUMMARY FOR THE MONTH OF FEBRUARY 2015...

CLIMATE NORMAL PERIOD 1981 TO 2010
CLIMATE RECORD PERIOD 1893 TO 2015

WEATHER         OBSERVED          NORMAL  DEPART  LAST YEAR`S
                 VALUE   DATE(S)  VALUE   FROM    VALUE  DATE(S)
                                          NORMAL
................................................................
TEMPERATURE (F)
RECORD
 HIGH              95   02/28/1904
 LOW              -10   02/13/1905
HIGHEST            84   02/07                         86  02/18
LOWEST             16   02/28                          7  02/06
                        02/27
AVG. MAXIMUM     56.8              58.2    -1.4     52.1
AVG. MINIMUM     28.7              32.1    -3.4     27.0
MEAN             42.7              45.1    -2.4     39.5

PRECIPITATION (INCHES)
RECORD
 MAXIMUM           MM   MM
 MINIMUM           MM   MM
TOTALS           0.09              1.05   -0.96     0.36
DAILY AVG.       0.00              0.04   -0.04
DAYS >= .01         3                                  3
DAYS >= .10         0                                  1
DAYS >= .50         0                                  0
DAYS >= 1.00        0                                  0
GREATEST
 24 HR. TOTAL    0.06   02/26 TO 02/27

SNOWFALL (INCHES)
RECORDS
 TOTAL             MM   MM
 24 HR TOTAL       MM
TOTALS            2.5               1.1     1.4
SINCE 7/1         4.5               6.4    -1.9
DAYS >= TRACE       4
DAYS >= 1.0         2
GREATEST
 SNOW DEPTH         2   02/28
 24 HR TOTAL      2.0   02/27 TO 02/28

DEGREE_DAYS
HEATING TOTAL     617               557      60      706
 SINCE 7/1       2497              2560     -63
COOLING TOTAL       0                 1      -1        0
 SINCE 1/1          0                 1      -1
.................................................................

WIND (MPH)
AVERAGE WIND SPEED              10.2
HIGHEST WIND SPEED/DIRECTION    38/010    DATE  02/04
HIGHEST GUST SPEED/DIRECTION    46/010    DATE  02/04

SKY COVER
POSSIBLE SUNSHINE (PERCENT)   MM
AVERAGE SKY COVER           0.30
NUMBER OF DAYS FAIR           17
NUMBER OF DAYS PC              6
NUMBER OF DAYS CLOUDY          5

AVERAGE RH (PERCENT)     59

WEATHER CONDITIONS. NUMBER OF DAYS WITH
THUNDERSTORM              0     MIXED PRECIP               0
HEAVY RAIN                0     RAIN                       0
LIGHT RAIN                2     FREEZING RAIN              0
LT FREEZING RAIN          3     HAIL                       0
HEAVY SNOW                0     SNOW                       1
LIGHT SNOW                4     SLEET                      0
FOG                       8     FOG W/VIS <= 1/4 MILE      3
HAZE                      5

-  INDICATES NEGATIVE NUMBERS.
R  INDICATES RECORD WAS SET OR TIED.
MM INDICATES DATA IS MISSING.
T  INDICATES TRACE AMOUNT.

$$
