000
CXUS53 KUNR 011156
CLMIEN


CLIMATE REPORT
NATIONAL WEATHER SERVICE RAPID CITY SD
553 AM MDT WED APR 1 2015

...................................

...THE PINE RIDGE SD CLIMATE SUMMARY FOR THE MONTH OF MARCH 2015...

CLIMATE NORMAL PERIOD 1981 TO 2010
CLIMATE RECORD PERIOD 9999 TO 9999

WEATHER         OBSERVED          NORMAL  DEPART  LAST YEAR`S
                 VALUE   DATE(S)  VALUE   FROM    VALUE  DATE(S)
                                          NORMAL
................................................................
TEMPERATURE (F)
HIGHEST            82   03/28                         75  03/26
                        03/15
LOWEST            -10   03/04                        -11  03/01
AVG. MAXIMUM     59.9              50.2     9.7     48.9
AVG. MINIMUM     24.0              22.5     1.5     20.5
MEAN             42.0              36.4     5.6     34.7
DAYS MAX >= 90      0                                  0
DAYS MAX <= 32      2                                  3
DAYS MIN <= 32     24                                 26
DAYS MIN <= 0       3                                  2

PRECIPITATION (INCHES)
TOTALS           0.18              0.87   -0.69     0.34
DAILY AVG.       0.01              0.03   -0.02     0.01
DAYS >= .01         3                                  6
DAYS >= .10         1                                  1
DAYS >= .50         0                                  0
DAYS >= 1.00        0                                  0
GREATEST
 24 HR. TOTAL    0.12   03/02 TO 03/02              0.14

DEGREE_DAYS
HEATING TOTAL     707               888    -181      933
 SINCE 7/1       5917              6238    -321     6415
COOLING TOTAL       0                 0       0        0
 SINCE 1/1          0                 0       0        0
.................................................................

WIND (MPH)
AVERAGE WIND SPEED              8.5
HIGHEST WIND SPEED/DIRECTION    35/180    DATE  03/23
HIGHEST GUST SPEED/DIRECTION    45/200    DATE  03/02

AVERAGE RH (PERCENT)     52

WEATHER CONDITIONS. NUMBER OF DAYS WITH
THUNDERSTORM              0     MIXED PRECIP               0
HEAVY RAIN                0     RAIN                       0
LIGHT RAIN                2     FREEZING RAIN              0
LT FREEZING RAIN          0     HAIL                       0
HEAVY SNOW                0     SNOW                       2
LIGHT SNOW                3     SLEET                      0
FOG                       2     FOG W/VIS <= 1/4 MILE      0
HAZE                     12

-  INDICATES NEGATIVE NUMBERS.
R  INDICATES RECORD WAS SET OR TIED.
MM INDICATES DATA IS MISSING.
T  INDICATES TRACE AMOUNT.

$$
