000
CXUS56 KSEW 011035
CLMUIL


CLIMATE REPORT
NATIONAL WEATHER SERVICE SEATTLE WA
335 AM PDT WED APR 1 2015

...................................

...THE QUILLAYUTE WA AIRPORT CLIMATE SUMMARY FOR THE MONTH OF MARCH 2015...

CLIMATE NORMAL PERIOD 1981 TO 2010
CLIMATE RECORD PERIOD 1966 TO 2015

WEATHER         OBSERVED          NORMAL  DEPART  LAST YEAR`S
                 VALUE   DATE(S)  VALUE   FROM    VALUE  DATE(S)
                                          NORMAL
................................................................
TEMPERATURE (F)
RECORD
 HIGH              73   03/30/2013
 LOW               19   03/03/1989
                        03/01/1971
HIGHEST            65   03/13        MM      MM       67  03/24
                        03/10
LOWEST             26   03/04        MM      MM       29  03/23
                        03/01                             03/22
AVG. MAXIMUM     55.8              51.4     4.4     52.3
AVG. MINIMUM     39.0              36.8     2.2     39.4
MEAN             47.4              44.1     3.3     45.8
DAYS MAX >= 90      0               0.0     0.0        0
DAYS MAX <= 32      0               0.0     0.0        0
DAYS MIN <= 32      8               6.4     1.6        5
DAYS MIN <= 0       0               0.0     0.0        0

PRECIPITATION (INCHES)
RECORD
 MAXIMUM        23.23   2007
 MINIMUM         1.84   1992
TOTALS          14.71             10.83    3.88    15.81
DAILY AVG.       0.47              0.35    0.12     0.51
DAYS >= .01        18              21.9    -3.9       25
DAYS >= .10        16              17.0    -1.0       17
DAYS >= .50        10               8.0     2.0       11
DAYS >= 1.00        5               3.0     2.0        6
GREATEST
 24 HR. TOTAL    2.49   03/25 TO 03/25

DEGREE_DAYS
HEATING TOTAL     538               648    -110      586
 SINCE 7/1       3448              4493   -1045     3780
COOLING TOTAL       0                 0       0        0
 SINCE 1/1          0                 0       0        0
.................................................................

WIND (MPH)
AVERAGE WIND SPEED              5.6
HIGHEST WIND SPEED/DIRECTION    25/060    DATE  03/15
HIGHEST GUST SPEED/DIRECTION    37/050    DATE  03/15

SKY COVER
POSSIBLE SUNSHINE (PERCENT)   MM
AVERAGE SKY COVER           0.60
NUMBER OF DAYS FAIR            9
NUMBER OF DAYS PC             10
NUMBER OF DAYS CLOUDY         12

AVERAGE RH (PERCENT)     84

WEATHER CONDITIONS. NUMBER OF DAYS WITH
THUNDERSTORM              0     MIXED PRECIP               0
HEAVY RAIN                3     RAIN                      15
LIGHT RAIN               21     FREEZING RAIN              0
LT FREEZING RAIN          0     HAIL                       0
HEAVY SNOW                0     SNOW                       0
LIGHT SNOW                0     SLEET                      0
FOG                      27     FOG W/VIS <= 1/4 MILE      6
HAZE                      0

-  INDICATES NEGATIVE NUMBERS.
R  INDICATES RECORD WAS SET OR TIED.
MM INDICATES DATA IS MISSING.
T  INDICATES TRACE AMOUNT.

$$
