000
CXUS53 KBIS 011552
CLMBIS

CLIMATE REPORT
NATIONAL WEATHER SERVICE BISMARCK ND
950 AM CST SUN FEB 1 2015

...................................

...THE BISMARCK ND CLIMATE SUMMARY FOR THE MONTH OF JANUARY 2015...

CLIMATE NORMAL PERIOD 1981 TO 2010
CLIMATE RECORD PERIOD 1875 TO 2015

WEATHER         OBSERVED          NORMAL  DEPART  LAST YEAR`S
                 VALUE   DATE(S)  VALUE   FROM    VALUE  DATE(S)
                                          NORMAL
................................................................
TEMPERATURE (F)
RECORD
 HIGH              63   01/08/2002
 LOW              -45   01/13/1916
HIGHEST            53   01/27                         43  01/24
                                                          01/19
                                                          01/15
LOWEST            -21   01/12                        -23  01/02
AVG. MAXIMUM     29.2              23.4     5.8     26.3
AVG. MINIMUM      8.9               2.2     6.7      1.3
MEAN             19.1              12.8     6.3     13.8
DAYS MAX >= 90      0               0.0     0.0        0
DAYS MAX <= 32     14              20.8    -6.8       16
DAYS MIN <= 32     29              30.8    -1.8       31
DAYS MIN <= 0      10              13.4    -3.4       17

PRECIPITATION (INCHES)
RECORD
 MAXIMUM         1.64   1877
 MINIMUM         0.00   1878
TOTALS           0.75              0.43    0.32     0.38
DAILY AVG.       0.02              0.01    0.01     0.01
DAYS >= .01         8               7.5     0.5       11
DAYS >= .10         3               1.3     1.7        1
DAYS >= .50         0               0.1    -0.1        0
DAYS >= 1.00        0               0.0     0.0        0
GREATEST
 24 HR. TOTAL    0.24   01/23 TO 01/24              0.14
                        01/24 TO 01/24
                        01/24 TO 01/25

SNOWFALL (INCHES)
RECORDS
 TOTAL           25.0   5
                        0
                        -26215
TOTALS            7.2               8.9    -1.7      5.8
SINCE 7/1        17.5              29.4   -11.9     22.9
SNOWDEPTH AVG.      2                 4      -2        4
DAYS >= 1.0         2               2.6    -0.6        3
GREATEST
 SNOW DEPTH         4   01/22                          8  01/09
                        01/21                             01/08
                                                          01/07
 24 HR TOTAL      3.6   MM                           1.3

DEGREE_DAYS
HEATING TOTAL    1418              1618    -200
 SINCE 7/1       4885              5118    -233
.................................................................

WIND (MPH)
HIGHEST WIND SPEED/DIRECTION    44/320    DATE  01/08
HIGHEST GUST SPEED/DIRECTION    59/330    DATE  01/08

SKY COVER
POSSIBLE SUNSHINE (PERCENT)   MM
NUMBER OF DAYS FAIR           14
NUMBER OF DAYS PC             11
NUMBER OF DAYS CLOUDY          6


WEATHER CONDITIONS. NUMBER OF DAYS WITH
THUNDERSTORM              0     MIXED PRECIP               0
HEAVY RAIN                0     RAIN                       1
LIGHT RAIN                2     FREEZING RAIN              0
LT FREEZING RAIN          1     HAIL                       0
HEAVY SNOW                0     SNOW                       2
LIGHT SNOW                9     SLEET                      0
FOG                      15     FOG W/VIS <= 1/4 MILE      3
HAZE                      7

-  INDICATES NEGATIVE NUMBERS.
R  INDICATES RECORD WAS SET OR TIED.
MM INDICATES DATA IS MISSING.
T  INDICATES TRACE AMOUNT.

$$
