000
CXUS53 KBIS 011552
CLMISN

CLIMATE REPORT
NATIONAL WEATHER SERVICE BISMARCK ND
950 AM CST SUN FEB 1 2015

...................................

...THE WILLISTON ND CLIMATE SUMMARY FOR THE MONTH OF JANUARY 2015...

CLIMATE NORMAL PERIOD 1981 TO 2010
CLIMATE RECORD PERIOD 1894 TO 2015

WEATHER         OBSERVED          NORMAL  DEPART  LAST YEAR`S
                 VALUE   DATE(S)  VALUE   FROM    VALUE  DATE(S)
                                          NORMAL
................................................................
TEMPERATURE (F)
RECORD
 HIGH              58   01/05/2012
 LOW              -42   01/12/1916
                        01/11/1912
                        01/15/1907
HIGHEST            53   01/27                         46  01/25
LOWEST            -21   01/12                        -25  01/06
AVG. MAXIMUM     27.7              21.9     5.8     26.2
AVG. MINIMUM      8.1               0.1     8.0      3.4
MEAN             17.9              11.0     6.9     14.8
DAYS MAX >= 90      0               0.0     0.0        0
DAYS MAX <= 32     15              21.6    -6.6       15
DAYS MIN <= 32     31              30.9     0.1       31
DAYS MIN <= 0      12              14.3    -2.3       14

PRECIPITATION (INCHES)
RECORD
 MAXIMUM         2.02   1896
 MINIMUM         0.01   1898
TOTALS           0.48              0.59   -0.11     0.18
DAILY AVG.       0.02              0.02    0.00     0.01
DAYS >= .01         7               7.5    -0.5        7
DAYS >= .10         2               1.9     0.1        0
DAYS >= .50         0               0.1    -0.1        0
DAYS >= 1.00        0               0.0     0.0        0
GREATEST
 24 HR. TOTAL    0.14   01/31 TO 01/31              0.13
                        01/30 TO 01/31
                        01/31 TO 01/31

SNOWFALL (INCHES)
RECORDS
 TOTAL           28.6   1999
                        0
TOTALS            0.0              10.0   -10.0       MM
SINCE 7/1         0.0              28.4   -28.4       MM
SNOWDEPTH AVG.     MM                 5      MM       MM
DAYS >= 1.0         0               2.9    -2.9        0
GREATEST
 SNOW DEPTH        MM                                 MM  MM
 24 HR TOTAL      0.0   01/29 TO 01/29                MM

DEGREE_DAYS
HEATING TOTAL    1453              1674    -221
 SINCE 7/1       5047              5421    -374
.................................................................

WIND (MPH)
HIGHEST WIND SPEED/DIRECTION    41/320    DATE  01/08
HIGHEST GUST SPEED/DIRECTION    53/330    DATE  01/08

SKY COVER
POSSIBLE SUNSHINE (PERCENT)   MM
NUMBER OF DAYS FAIR           15
NUMBER OF DAYS PC             12
NUMBER OF DAYS CLOUDY          4


WEATHER CONDITIONS. NUMBER OF DAYS WITH
THUNDERSTORM              0     MIXED PRECIP               0
HEAVY RAIN                0     RAIN                       0
LIGHT RAIN                3     FREEZING RAIN              0
LT FREEZING RAIN          1     HAIL                       0
HEAVY SNOW                0     SNOW                       2
LIGHT SNOW               13     SLEET                      0
FOG                      12     FOG W/VIS <= 1/4 MILE      0
HAZE                      6

-  INDICATES NEGATIVE NUMBERS.
R  INDICATES RECORD WAS SET OR TIED.
MM INDICATES DATA IS MISSING.
T  INDICATES TRACE AMOUNT.

$$
