000
CXAK56 PAFC 171320
CF6ANC
PRELIMINARY LOCAL CLIMATOLOGICAL DATA (WS FORM: F-6)

                                          STATION:   ANCHORAGE AK
                                          MONTH:     APRIL
                                          YEAR:      2015
                                          LATITUDE:   61 10 N
                                          LONGITUDE: 150  2 W

  TEMPERATURE IN F:       :PCPN:    SNOW:  WIND      :SUNSHINE: SKY     :PK WND
================================================================================
1   2   3   4   5  6A  6B    7    8   9   10  11  12  13   14  15   16   17  18
                                     12Z  AVG MX 2MIN
DY MAX MIN AVG DEP HDD CDD  WTR  SNW DPTH SPD SPD DIR MIN PSBL S-S WX    SPD DR
================================================================================

 1  45  31  38   7  27   0    T  0.0    0  2.2  8 340   M    M   8         M  M
 2  47  33  40   8  25   0 0.00  0.0    0  4.2  9  10   M    M   7         M  M
 3  48  33  41   9  24   0 0.00  0.0    0  6.0 10 350   M    M   3         M  M
 4  43  26  35   3  30   0    T  0.1    T  4.7 12 240   M    M   6         M  M
 5  41  32  37   4  28   0 0.01  0.4    0  3.0 12 120   M    M   9 1      33 150
 6  48  34  41   8  24   0    T  0.0    0  8.4 21 140   M    M  10        35 130
 7  50  35  43  10  22   0 0.01    M    0 14.5 27 150   M    M   8        43 150
 8  41  33  37   3  28   0 0.19  1.7    T  5.1 20 150   M    M  10 1      33 140
 9  44  32  38   4  27   0    T    T    0  4.6  9 160   M    M  10         M  M
10  49  35  42   7  23   0 0.20    T    0  8.7 17 150   M    M   7 35     31 190
11  45  30  38   3  27   0    T    T    0  4.5 12 160   M    M   7 5       M  M
12  45  30  38   3  27   0    T    T    0  6.0 14 180   M    M   9 12     33 170
13  41  28  35  -1  30   0 0.00  0.0    0  5.2  9 290   M    M   6         M  M
14  39  25  32  -4  33   0 0.00  0.0    0  4.3 12 190   M    M   7         M  M
15  48  34  41   4  24   0    T  0.0    0  4.5 14  10   M    M  10        18  10
16  45  36  41   4  24   0 0.04    T    0  7.4 18 150   M    M  10 1      33 160
================================================================================
SM  719  507       423   0  0.45     2.2  93.3          M      127
================================================================================
AV 44.9 31.7                               5.8 FASTST   M    M   8    MAX(MPH)
                                 MISC ---->  # 27 150                 43    M
================================================================================
NOTES:
# LAST OF SEVERAL OCCURRENCES

COLUMN 17 PEAK WIND IN M.P.H.

PRELIMINARY LOCAL CLIMATOLOGICAL DATA (WS FORM: F-6) , PAGE 2

                                          STATION:  ANCHORAGE AK
                                          MONTH:    APRIL
                                          YEAR:     2015
                                          LATITUDE:   61 10 N
                                          LONGITUDE: 150  2 W

[TEMPERATURE DATA]      [PRECIPITATION DATA]       SYMBOLS USED IN COLUMN 16

AVERAGE MONTHLY: 38.3   TOTAL FOR MONTH:   0.45    1 = FOG OR MIST
DPTR FM NORMAL:   4.2   DPTR FM NORMAL:    0.21    2 = FOG REDUCING VISIBILITY
HIGHEST:    50 ON  7    GRTST 24HR  0.20 ON 10-10      TO 1/4 MILE OR LESS
LOWEST:     25 ON 14                               3 = THUNDER
                        SNOW, ICE PELLETS, HAIL    4 = ICE PELLETS
                        TOTAL MONTH:   2.2 INCHES  5 = HAIL
                        GRTST 24HR   1.7 ON   M    6 = FREEZING RAIN OR DRIZZLE
                        GRTST DEPTH:   0           7 = DUSTSTORM OR SANDSTORM:
                                                       VSBY 1/2 MILE OR LESS
                                                   8 = SMOKE OR HAZE
[NO. OF DAYS WITH]      [WEATHER - DAYS WITH]      9 = BLOWING SNOW
                                                   X = TORNADO
MAX 32 OR BELOW:   0    0.01 INCH OR MORE:   5
MAX 90 OR ABOVE:   0    0.10 INCH OR MORE:   2
MIN 32 OR BELOW:   8    0.50 INCH OR MORE:   0
MIN  0 OR BELOW:   0    1.00 INCH OR MORE:   0

[HDD (BASE 65) ]
TOTAL THIS MO.   423    CLEAR  (SCALE 0-3)   1
DPTR FM NORMAL   -72    PTCLDY (SCALE 4-7)   7
TOTAL FM JUL 1  7865    CLOUDY (SCALE 8-10)  8
DPTR FM NORMAL -1151

[CDD (BASE 65) ]
TOTAL THIS MO.     0
DPTR FM NORMAL     0    [PRESSURE DATA]
TOTAL FM JAN 1     0    HIGHEST SLP M ON M
DPTR FM NORMAL     0    LOWEST  SLP M ON M

[REMARKS]
