000
CXUS54 KEWX 170910
CF6BAZ
PRELIMINARY LOCAL CLIMATOLOGICAL DATA (WS FORM: F-6)

                                          STATION:   NEW BRAUNFELS
                                          MONTH:     APRIL
                                          YEAR:      2015
                                          LATITUDE:   29 43 N
                                          LONGITUDE:  98  3 W

  TEMPERATURE IN F:       :PCPN:    SNOW:  WIND      :SUNSHINE: SKY     :PK WND
================================================================================
1   2   3   4   5  6A  6B    7    8   9   10  11  12  13   14  15   16   17  18
                                     12Z  AVG MX 2MIN
DY MAX MIN AVG DEP HDD CDD  WTR  SNW DPTH SPD SPD DIR MIN PSBL S-S WX    SPD DR
================================================================================

 1  83  68  76  10   0  11 0.42  0.0    0 11.6 21 220   M    M   8 138    27 220
 2  84  67  76  10   0  11 0.00  0.0    0 11.5 18 190   M    M   7 18     23 170
 3  84  68  76  10   0  11 0.00  0.0    0  9.3 24  30   M    M   8 18     31  30
 4  69  59  64  -3   1   0 0.08    M    0 14.4 29  40   M    M  10        36  30
 5  75  59  67   0   0   2 0.01    M    0  5.5 13 170   M    M   9 18     18 170
 6  85  66  76   9   0  11 0.00  0.0    0 13.1 22 190   M    M   6 1      29 210
 7  88  65  77  10   0  12 0.00  0.0    0 12.9 22 180   M    M   5 1      28 190
 8  82  69  76   8   0  11 0.00  0.0    0 13.4 22 160   M    M   7 1      29 170
 9  87  68  78  10   0  13    T  0.0    0 11.7 28 170   M    M   5 138    33 170
10  72  58  65  -3   0   0 0.47  0.0    0 11.9 26  40   M    M   4 13     36  30
11  71  61  66  -2   0   1 0.02  0.0    0  6.4 12 130   M    M  10 128    14 170
12  82  67  75   7   0  10 0.32  0.0    M  7.7 23 140   M    M   9 123    29 150
13  83  64  74   5   0   9 0.01  0.0    0  7.7 16 140   M    M   4 18     20 240
14  78  59  69   0   0   4 0.00  0.0    0  8.3 17 360   M    M   5 1      22 340
15  81  54  68  -1   0   3 0.00  0.0    0  6.0 16 170   M    M   6        19 180
16  75  65  70   1   0   5 0.57  0.0    0  6.3 24 350   M    M   9 13     31 340
================================================================================
SM 1279 1017         1 114  1.90     0.0 157.7          M      112
================================================================================
AV 79.9 63.6                               9.9 FASTST   M    M   7    MAX(MPH)
                                 MISC ---->  # 29  40               # 36   30
================================================================================
NOTES:
# LAST OF SEVERAL OCCURRENCES

COLUMN 17 PEAK WIND IN M.P.H.

PRELIMINARY LOCAL CLIMATOLOGICAL DATA (WS FORM: F-6) , PAGE 2

                                          STATION:  NEW BRAUNFELS
                                          MONTH:    APRIL
                                          YEAR:     2015
                                          LATITUDE:   29 43 N
                                          LONGITUDE:  98  3 W

[TEMPERATURE DATA]      [PRECIPITATION DATA]       SYMBOLS USED IN COLUMN 16

AVERAGE MONTHLY: 71.8   TOTAL FOR MONTH:   1.90    1 = FOG OR MIST
DPTR FM NORMAL:   4.1   DPTR FM NORMAL:    0.71    2 = FOG REDUCING VISIBILITY
HIGHEST:    88 ON  7    GRTST 24HR  0.57 ON 16-16      TO 1/4 MILE OR LESS
LOWEST:     54 ON 15                               3 = THUNDER
                        SNOW, ICE PELLETS, HAIL    4 = ICE PELLETS
                        TOTAL MONTH:   0.0 INCH    5 = HAIL
                        GRTST 24HR     0.0         6 = FREEZING RAIN OR DRIZZLE
                        GRTST DEPTH:   0           7 = DUSTSTORM OR SANDSTORM:
                                                       VSBY 1/2 MILE OR LESS
                                                   8 = SMOKE OR HAZE
[NO. OF DAYS WITH]      [WEATHER - DAYS WITH]      9 = BLOWING SNOW
                                                   X = TORNADO
MAX 32 OR BELOW:   0    0.01 INCH OR MORE:   8
MAX 90 OR ABOVE:   0    0.10 INCH OR MORE:   4
MIN 32 OR BELOW:   0    0.50 INCH OR MORE:   1
MIN  0 OR BELOW:   0    1.00 INCH OR MORE:   0

[HDD (BASE 65) ]
TOTAL THIS MO.     1    CLEAR  (SCALE 0-3)   0
DPTR FM NORMAL   -29    PTCLDY (SCALE 4-7)  10
TOTAL FM JUL 1  1583    CLOUDY (SCALE 8-10)  6
DPTR FM NORMAL    36

[CDD (BASE 65) ]
TOTAL THIS MO.   114
DPTR FM NORMAL    42    [PRESSURE DATA]
TOTAL FM JAN 1   173    HIGHEST SLP M ON M
DPTR FM NORMAL    17    LOWEST  SLP 29.76 ON 12

[REMARKS]
