000
CXUS55 KBYZ 281055
CF6BHK
PRELIMINARY LOCAL CLIMATOLOGICAL DATA (WS FORM: F-6)

                                          STATION:   BAKER MT
                                          MONTH:     APRIL
                                          YEAR:      2015
                                          LATITUDE:   46 20 N
                                          LONGITUDE: 104 15 W

  TEMPERATURE IN F:       :PCPN:    SNOW:  WIND      :SUNSHINE: SKY     :PK WND
================================================================================
1   2   3   4   5  6A  6B    7    8   9   10  11  12  13   14  15   16   17  18
                                     12Z  AVG MX 2MIN
DY MAX MIN AVG DEP HDD CDD  WTR  SNW DPTH SPD SPD DIR MIN PSBL S-S WX    SPD DR
================================================================================

 1  62  36  49  11  16   0 0.00    M    M 20.8 38 300   M    M   2        48 290
 2  38  24  31  -7  34   0    T    M    M 20.9 37 310   M    M   5        48 300
 3  49  22  36  -2  29   0    T    M    M 12.2 26 310   M    M   2        35 290
 4  58  25  42   3  23   0 0.00    M    M  5.5 17 110   M    M   4        21 110
 5  53  28  41   2  24   0 0.00    M    M 15.2 29  80   M    M   5        35  70
 6  40  25  33  -6  32   0    T    M    M 21.0 33 110   M    M   8        41 110
 7  56  31  44   4  21   0 0.00    M    M  9.7 28 120   M    M   4        33 130
 8  38  29  34  -6  31   0 0.39    M    M  9.8 20  90   M    M   8 12     24  90
 9  56  27  42   2  23   0    T    M    M  9.6 21 320   M    M   4        26 300
10  64  25  45   4  20   0 0.00    M    M  4.0 20 180   M    M   1        24 180
11  73  36  55  14  10   0 0.00    M    M 11.0 28  10   M    M   1        35  10
12  57  33  45   4  20   0    T    M    M 18.7 35 290   M    M   7        46 290
13  60  28  44   2  21   0 0.00    M    M 11.9 21 250   M    M   0        27 280
14  80  37  59  17   6   0 0.00    M    M 17.3 29 150   M    M   0        37 150
15  63  38  51   9  14   0 0.01    M    M 15.4 31 280   M    M   7        37 280
16  60  35  48   5  17   0 0.00    M    M  7.5 18 330   M    M   6        23 330
17  68  26  47   4  18   0 0.00    M    M  4.4 16 160   M    M   0        19 140
18  69  32  51   7  14   0 0.00    M    M 12.6 37 350   M    M   3        44 350
19  51  29  40  -4  25   0 0.00    M    M 17.7 35 330   M    M   4        43 330
20  51  23  37  -7  28   0 0.00    M    M 10.5 26 320   M    M   5        33 340
21  54  26  40  -5  25   0 0.00    M    M  7.5 18  80   M    M   2        24  60
22  59  23  41  -4  24   0 0.00    M    M 12.9 20 110   M    M   0        26 130
23  66  32  49   4  16   0    T    M    M 12.0 32 140   M    M   3        38 140
24  72  29  51   5  14   0 0.00    M    M  7.4 14 110   M    M   0        20 130
25  56  36  46   0  19   0 0.04    M    M 13.2 30 270   M    M   6 1      38 280
26  45  33  39  -7  26   0 0.30    M    M  9.5 18  30   M    M   9 128    22 320
27  48  32  40  -7  25   0 0.09    M    M  7.2 14 310   M    M   8        18 310
================================================================================
SM 1546  800       575   0  0.83    M    325.4          M      104
================================================================================
AV 57.3 29.6                              12.1 FASTST   M    M   4    MAX(MPH)
                                 MISC ---->  # 38 300               # 48  290
================================================================================
NOTES:
# LAST OF SEVERAL OCCURRENCES

COLUMN 17 PEAK WIND IN M.P.H.

PRELIMINARY LOCAL CLIMATOLOGICAL DATA (WS FORM: F-6) , PAGE 2

                                          STATION:  BAKER MT
                                          MONTH:    APRIL
                                          YEAR:     2015
                                          LATITUDE:   46 20 N
                                          LONGITUDE: 104 15 W

[TEMPERATURE DATA]      [PRECIPITATION DATA]       SYMBOLS USED IN COLUMN 16

AVERAGE MONTHLY: 43.4   TOTAL FOR MONTH:   0.83    1 = FOG OR MIST
DPTR FM NORMAL:   1.3   DPTR FM NORMAL:   -0.29    2 = FOG REDUCING VISIBILITY
HIGHEST:    80 ON 14    GRTST 24HR  0.39 ON  8- 8      TO 1/4 MILE OR LESS
LOWEST:     22 ON  3                               3 = THUNDER
                        SNOW, ICE PELLETS, HAIL    4 = ICE PELLETS
                        TOTAL MONTH:    M          5 = HAIL
                        GRTST 24HR    M  ON   M    6 = FREEZING RAIN OR DRIZZLE
                        GRTST DEPTH:  M  ON   M    7 = DUSTSTORM OR SANDSTORM:
                                                       VSBY 1/2 MILE OR LESS
                                                   8 = SMOKE OR HAZE
[NO. OF DAYS WITH]      [WEATHER - DAYS WITH]      9 = BLOWING SNOW
                                                   X = TORNADO
MAX 32 OR BELOW:   0    0.01 INCH OR MORE:   5
MAX 90 OR ABOVE:   0    0.10 INCH OR MORE:   2
MIN 32 OR BELOW:  19    0.50 INCH OR MORE:   0
MIN  0 OR BELOW:   0    1.00 INCH OR MORE:   0

[HDD (BASE 65) ]
TOTAL THIS MO.   575    CLEAR  (SCALE 0-3)  11
DPTR FM NORMAL   -41    PTCLDY (SCALE 4-7)  14
TOTAL FM JUL 1  7221    CLOUDY (SCALE 8-10)  2
DPTR FM NORMAL  -584

[CDD (BASE 65) ]
TOTAL THIS MO.     0
DPTR FM NORMAL     0    [PRESSURE DATA]
TOTAL FM JAN 1     0    HIGHEST SLP M ON M
DPTR FM NORMAL     0    LOWEST  SLP 29.48 ON  1

[REMARKS]
