000
CXUS54 KTSA 170840
CF6BVO
PRELIMINARY LOCAL CLIMATOLOGICAL DATA (WS FORM: F-6)

                                          STATION:   BARTLESVILLE OKLAHOMA
                                          MONTH:     APRIL
                                          YEAR:      2015
                                          LATITUDE:   36 45 N
                                          LONGITUDE:  96  0 W

  TEMPERATURE IN F:       :PCPN:    SNOW:  WIND      :SUNSHINE: SKY     :PK WND
================================================================================
1   2   3   4   5  6A  6B    7    8   9   10  11  12  13   14  15   16   17  18
                                     12Z  AVG MX 2MIN
DY MAX MIN AVG DEP HDD CDD  WTR  SNW DPTH SPD SPD DIR MIN PSBL S-S WX    SPD DR
================================================================================

 1  85  52  69  15   0   4 0.01  0.0    0  8.1 22 150   M    M   2 138    29 150
 2  86  62  74  20   0   9 0.23  0.0    0  7.4 31 200   M    M   5 138    43 190
 3  64  36  50  -5  15   0    T    M    0 14.5 32  10   M    M   6        43  10
 4  65  27  46  -9  19   0 0.00  0.0    0  3.5 13 160   M    M   0 8      18 170
 5  55  35  45 -10  20   0    T    M    0 10.8 21 150   M    M   8 18     28 160
 6  78  51  65   9   0   0 0.00  0.0    0  9.4 22 190   M    M   7 1      32 180
 7  91  65  78  22   0  13 0.00  0.0    0 10.6 21 200   M    M   0 3      29 210
 8  85  65  75  19   0  10 0.38  0.0    0 10.0 26 260   M    M   5 13     43 260
 9  78  43  61   4   4   0 0.25    M    0 10.1 22 270   M    M   3 13     32 270
10  71  36  54  -3  11   0 0.00  0.0    0  1.9 10  50   M    M   1        14  50
11  67  44  56  -1   9   0 0.01    M    0  5.8 20 170   M    M   6 3      24 160
12  81  56  69  11   0   4 0.00  0.0    0 10.8 23 160   M    M   5        32 150
13  69  55  62   4   3   0 0.60  0.0    0  7.7 17  10   M    M   9 13     22  10
14  66  52  59   1   6   0 0.03  0.0    0  7.4 15  70   M    M  10        19  60
15  66  46  56  -3   9   0 0.01    M    0  2.7 10 120   M    M   8 12     13  90
16  79  45  62   3   3   0 0.00  0.0    0  4.2 15 100   M    M   5 12     19 130
================================================================================
SM 1186  770        99  40  1.52     0.0 124.9          M       80
================================================================================
AV 74.1 48.1                               7.8 FASTST   M    M   5    MAX(MPH)
                                 MISC ---->  # 32  10               # 43  190
================================================================================
NOTES:
# LAST OF SEVERAL OCCURRENCES

COLUMN 17 PEAK WIND IN M.P.H.

PRELIMINARY LOCAL CLIMATOLOGICAL DATA (WS FORM: F-6) , PAGE 2

                                          STATION:  BARTLESVILLE OKLAHOMA
                                          MONTH:    APRIL
                                          YEAR:     2015
                                          LATITUDE:   36 45 N
                                          LONGITUDE:  96  0 W

[TEMPERATURE DATA]      [PRECIPITATION DATA]       SYMBOLS USED IN COLUMN 16

AVERAGE MONTHLY: 61.1   TOTAL FOR MONTH:   1.52    1 = FOG OR MIST
DPTR FM NORMAL:   4.6   DPTR FM NORMAL:   -0.31    2 = FOG REDUCING VISIBILITY
HIGHEST:    91 ON  7    GRTST 24HR  0.63 ON  8- 9      TO 1/4 MILE OR LESS
LOWEST:     27 ON  4                               3 = THUNDER
                        SNOW, ICE PELLETS, HAIL    4 = ICE PELLETS
                        TOTAL MONTH:   0.0 INCH    5 = HAIL
                        GRTST 24HR     0.0         6 = FREEZING RAIN OR DRIZZLE
                        GRTST DEPTH:   0           7 = DUSTSTORM OR SANDSTORM:
                                                       VSBY 1/2 MILE OR LESS
                                                   8 = SMOKE OR HAZE
[NO. OF DAYS WITH]      [WEATHER - DAYS WITH]      9 = BLOWING SNOW
                                                   X = TORNADO
MAX 32 OR BELOW:   0    0.01 INCH OR MORE:   8
MAX 90 OR ABOVE:   1    0.10 INCH OR MORE:   4
MIN 32 OR BELOW:   1    0.50 INCH OR MORE:   1
MIN  0 OR BELOW:   0    1.00 INCH OR MORE:   0

[HDD (BASE 65) ]
TOTAL THIS MO.    99    CLEAR  (SCALE 0-3)   4
DPTR FM NORMAL   -52    PTCLDY (SCALE 4-7)  10
TOTAL FM JUL 1  4033    CLOUDY (SCALE 8-10)  2
DPTR FM NORMAL    96

[CDD (BASE 65) ]
TOTAL THIS MO.    40
DPTR FM NORMAL    24    [PRESSURE DATA]
TOTAL FM JAN 1    40    HIGHEST SLP M ON M
DPTR FM NORMAL    18    LOWEST  SLP 29.62 ON  9

[REMARKS]
