000
CXUS54 KHGX 171415
CF6DWH
PRELIMINARY LOCAL CLIMATOLOGICAL DATA (WS FORM: F-6)

                                          STATION:   HOUSTON/D.W._HOOKS
                                          MONTH:     APRIL
                                          YEAR:      2015
                                          LATITUDE:   30  4 N
                                          LONGITUDE:  95 33 W

  TEMPERATURE IN F:       :PCPN:    SNOW:  WIND      :SUNSHINE: SKY     :PK WND
================================================================================
1   2   3   4   5  6A  6B    7    8   9   10  11  12  13   14  15   16   17  18
                                     12Z  AVG MX 2MIN
DY MAX MIN AVG DEP HDD CDD  WTR  SNW DPTH SPD SPD DIR MIN PSBL S-S WX    SPD DR
================================================================================

 1  79  67  73   9   0   8    T  0.0    0  6.3 15 130   M    M   6        21 140
 2  84  69  77  13   0  12 0.00  0.0    0  8.5 18 190   M    M   7 18     24 200
 3  82  70  76  11   0  11    T  0.0    0  7.5 15 360   M    M   8 18     22 350
 4  72  60  66   1   0   1 0.00  0.0    0  7.6 17 360   M    M   8        23  50
 5  67  60  64  -1   1   0    T  0.0    0  6.5 13  80   M    M  10 1      18  70
 6  83  67  75  10   0  10 0.00  0.0    0  6.5 16 190   M    M   6 1      23 180
 7  86  70  78  12   0  13 0.00  0.0    0  7.9 18 190   M    M   6        24 210
 8  83  72  78  12   0  13 0.00  0.0    0  7.6 20 190   M    M   6        24 190
 9  86  69  78  12   0  13 0.00  0.0    0  8.6 20 200   M    M   6 18     25 200
10  72  60  66   0   0   1 0.66  0.0    0  4.3 21 360   M    M   7 1      26 360
11  77  63  70   3   0   5 0.12  0.0    0  5.1 10 130   M    M   9 1      14 150
12  80  69  75   8   0  10 0.34  0.0    0  5.6 18 130   M    M   8 1      23 120
13  85  71  78  11   0  13 0.06  0.0    0  6.4 17 230   M    M   4 1      24 230
14  75  60  68   0   0   3 0.23  0.0    0  3.5 12 300   M    M   7 1      15 270
15  80  58  69   1   0   4 0.02  0.0    0  3.5  8 130   M    M   2 3      12 160
16  82  65  74   6   0   9 2.66  0.0    0  4.7 23 110   M    M   6 13     31 120
================================================================================
SM 1273 1050         1 126  4.09     0.0 100.1          M      106
================================================================================
AV 79.6 65.6                               6.3 FASTST   M    M   7    MAX(MPH)
                                 MISC ---->  # 23 110               # 31  120
================================================================================
NOTES:
# LAST OF SEVERAL OCCURRENCES

COLUMN 17 PEAK WIND IN M.P.H.

PRELIMINARY LOCAL CLIMATOLOGICAL DATA (WS FORM: F-6) , PAGE 2

                                          STATION:  HOUSTON/D.W._HOOKS
                                          MONTH:    APRIL
                                          YEAR:     2015
                                          LATITUDE:   30  4 N
                                          LONGITUDE:  95 33 W

[TEMPERATURE DATA]      [PRECIPITATION DATA]       SYMBOLS USED IN COLUMN 16

AVERAGE MONTHLY: 72.6   TOTAL FOR MONTH:   4.09    1 = FOG OR MIST
DPTR FM NORMAL:   6.5   DPTR FM NORMAL:    2.37    2 = FOG REDUCING VISIBILITY
HIGHEST:    86 ON  9, 7 GRTST 24HR  2.66 ON 16-16      TO 1/4 MILE OR LESS
LOWEST:     58 ON 15                               3 = THUNDER
                        SNOW, ICE PELLETS, HAIL    4 = ICE PELLETS
                        TOTAL MONTH:   0.0 INCH    5 = HAIL
                        GRTST 24HR     0.0         6 = FREEZING RAIN OR DRIZZLE
                        GRTST DEPTH:   0           7 = DUSTSTORM OR SANDSTORM:
                                                       VSBY 1/2 MILE OR LESS
                                                   8 = SMOKE OR HAZE
[NO. OF DAYS WITH]      [WEATHER - DAYS WITH]      9 = BLOWING SNOW
                                                   X = TORNADO
MAX 32 OR BELOW:   0    0.01 INCH OR MORE:   7
MAX 90 OR ABOVE:   0    0.10 INCH OR MORE:   5
MIN 32 OR BELOW:   0    0.50 INCH OR MORE:   2
MIN  0 OR BELOW:   0    1.00 INCH OR MORE:   1

[HDD (BASE 65) ]
TOTAL THIS MO.     1    CLEAR  (SCALE 0-3)   1
DPTR FM NORMAL   -38    PTCLDY (SCALE 4-7)  12
TOTAL FM JUL 1  1550    CLOUDY (SCALE 8-10)  3
DPTR FM NORMAL   -15

[CDD (BASE 65) ]
TOTAL THIS MO.   126
DPTR FM NORMAL    69    [PRESSURE DATA]
TOTAL FM JAN 1   198    HIGHEST SLP M ON M
DPTR FM NORMAL    64    LOWEST  SLP 29.78 ON 13

[REMARKS]
