000
CXUS53 KUNR 190945
CF6GCC
PRELIMINARY LOCAL CLIMATOLOGICAL DATA (WS FORM: F-6)

                                          STATION:   GILLETTE AIRPORT WY
                                          MONTH:     APRIL
                                          YEAR:      2015
                                          LATITUDE:   44 20 N
                                          LONGITUDE: 105 32 W

  TEMPERATURE IN F:       :PCPN:    SNOW:  WIND      :SUNSHINE: SKY     :PK WND
================================================================================
1   2   3   4   5  6A  6B    7    8   9   10  11  12  13   14  15   16   17  18
                                     12Z  AVG MX 2MIN
DY MAX MIN AVG DEP HDD CDD  WTR  SNW DPTH SPD SPD DIR MIN PSBL S-S WX    SPD DR
================================================================================

 1  61  24  43   5  22   0    T    M    M 16.3 31 340   M    M   5 8      38 340
 2  44  14  29 -10  36   0 0.00    M    M 14.0 32 340   M    M   1        41 350
 3  50  14  32  -7  33   0 0.00    M    M 10.0 24 300   M    M   1        30 290
 4  60  21  41   2  24   0 0.00    M    M  5.4 16 260   M    M   0        22 270
 5  61  23  42   2  23   0 0.00    M    M  6.9 22  30   M    M   1        27  40
 6  58  27  43   3  22   0 0.00    M    M  7.3 26 160   M    M   2        31 160
 7  54  26  40   0  25   0 0.00    M    M  7.1 31 170   M    M   5        37 170
 8  46  31  39  -1  26   0 0.06    M    M 15.0 25 350   M    M   9 16     30 340
 9  53  28  41   1  24   0    T    M    M  6.6 18 340   M    M   3 1      22 330
10  64  27  46   5  19   0 0.00    M    M  8.8 21 150   M    M   1        28 140
11  70  35  53  12  12   0 0.00    M    M 13.1 24 250   M    M   0        30 230
12  52  25  39  -2  26   0 0.20    M    M 11.2 24 310   M    M   5 1      30 330
13  64  22  43   1  22   0 0.00    M    M  9.1 23 160   M    M   0        30 160
14  80  42  61  19   4   0 0.00    M    M 20.4 31 150   M    M   0        40 180
15  58  33  46   4  19   0 0.17    M    M 17.5 29 310   M    M   9 1      40 270
16  52  28  40  -3  25   0 0.08    M    M 12.1 23 300   M    M   6 8      28 310
17  62  25  44   1  21   0 0.00    M    M  7.9 18 180   M    M   2        22 180
18  63  33  48   5  17   0 0.03    M    M 11.3 36  10   M    M   5 13     44  10
================================================================================
SM 1052  478       400   0  0.54    M    200.0          M       55
================================================================================
AV 58.4 26.6                              11.1 FASTST   M    M   3    MAX(MPH)
                                 MISC ---->  # 36  10               # 44   10
================================================================================
NOTES:
# LAST OF SEVERAL OCCURRENCES

COLUMN 17 PEAK WIND IN M.P.H.

PRELIMINARY LOCAL CLIMATOLOGICAL DATA (WS FORM: F-6) , PAGE 2

                                          STATION:  GILLETTE AIRPORT WY
                                          MONTH:    APRIL
                                          YEAR:     2015
                                          LATITUDE:   44 20 N
                                          LONGITUDE: 105 32 W

[TEMPERATURE DATA]      [PRECIPITATION DATA]       SYMBOLS USED IN COLUMN 16

AVERAGE MONTHLY: 42.5   TOTAL FOR MONTH:   0.54    1 = FOG OR MIST
DPTR FM NORMAL:   1.8   DPTR FM NORMAL:   -0.15    2 = FOG REDUCING VISIBILITY
HIGHEST:    80 ON 14    GRTST 24HR  0.20 ON 12-12      TO 1/4 MILE OR LESS
LOWEST:     14 ON  3, 2                            3 = THUNDER
                        SNOW, ICE PELLETS, HAIL    4 = ICE PELLETS
                        TOTAL MONTH:    M          5 = HAIL
                        GRTST 24HR    M  ON   M    6 = FREEZING RAIN OR DRIZZLE
                        GRTST DEPTH:  M  ON   M    7 = DUSTSTORM OR SANDSTORM:
                                                       VSBY 1/2 MILE OR LESS
                                                   8 = SMOKE OR HAZE
[NO. OF DAYS WITH]      [WEATHER - DAYS WITH]      9 = BLOWING SNOW
                                                   X = TORNADO
MAX 32 OR BELOW:   0    0.01 INCH OR MORE:   5
MAX 90 OR ABOVE:   0    0.10 INCH OR MORE:   2
MIN 32 OR BELOW:  14    0.50 INCH OR MORE:   0
MIN  0 OR BELOW:   0    1.00 INCH OR MORE:   0

[HDD (BASE 65) ]
TOTAL THIS MO.   400    CLEAR  (SCALE 0-3)  11
DPTR FM NORMAL   -36    PTCLDY (SCALE 4-7)   5
TOTAL FM JUL 1  6187    CLOUDY (SCALE 8-10)  2
DPTR FM NORMAL  -596

[CDD (BASE 65) ]
TOTAL THIS MO.     0
DPTR FM NORMAL     0    [PRESSURE DATA]
TOTAL FM JAN 1     0    HIGHEST SLP M ON M
DPTR FM NORMAL     0    LOWEST  SLP 29.25 ON 12

[REMARKS]
