000
CXUS53 KLSX 181600
CF6JEF
PRELIMINARY LOCAL CLIMATOLOGICAL DATA (WS FORM: F-6)

                                          STATION:   JEFFERSON CITY
                                          MONTH:     APRIL
                                          YEAR:      2015
                                          LATITUDE:   38 35 N
                                          LONGITUDE:  92 10 W

  TEMPERATURE IN F:       :PCPN:    SNOW:  WIND      :SUNSHINE: SKY     :PK WND
================================================================================
1   2   3   4   5  6A  6B    7    8   9   10  11  12  13   14  15   16   17  18
                                     12Z  AVG MX 2MIN
DY MAX MIN AVG DEP HDD CDD  WTR  SNW DPTH SPD SPD DIR MIN PSBL S-S WX    SPD DR
================================================================================

 1  77  38  58   7   7   0 0.74  0.0    0 10.3 26 200   M    M   2 13     35 210
 2  69  58  64  12   1   0 0.90  0.0    0  7.3 26 120   M    M   8 13     33 120
 3  58  39  49  -3  16   0 0.54  0.0    0 11.3 32 320   M    M   6 13     44 320
 4  61  27  44  -8  21   0 0.00  0.0    0  3.9 12 200   M    M   0        15 160
 5  66  39  53   0  12   0 0.00  0.0    0  9.9 21 200   M    M   3        27 210
 6  67  52  60   7   5   0 0.00  0.0    0  8.2 15 150   M    M  10        19 150
 7  77  61  69  15   0   4 0.08  0.0    0  8.4 17 150   M    M   6 138    23 170
 8  77  65  71  17   0   6 0.14  0.0    0  6.3 18 120   M    M   3 138    23 130
 9  82  46  64  10   1   0 0.07  0.0    0 16.7 35 280   M    M   5 3      44 290
10  68  41  55   0  10   0 0.00  0.0    0  8.9 22 260   M    M   1        26 250
11  71  40  56   1   9   0 0.00  0.0    0  7.0 14 140   M    M   1        20  70
12  74  53  64   9   1   0 0.12  0.0    0  8.2 29 130   M    M   5 3      34 140
13  67  56  62   6   3   0 0.02  0.0    0  7.1 21 330   M    M   4        28 360
14  70  54  62   6   3   0    T  0.0    0  9.1 26  80   M    M   4        37  80
15  67  57  62   6   3   0    T  0.0    0  8.8 15 110   M    M   9        20 110
16  77  52  65   8   0   0 0.00  0.0    0  1.6  8 160   M    M   4        11 150
17  80  51  66   9   0   1 0.00  0.0    0  4.5 14 140   M    M   2        18 150
================================================================================
SM 1208  829        92  11  2.61     0.0 137.5          M       73
================================================================================
AV 71.1 48.8                               8.1 FASTST   M    M   4    MAX(MPH)
                                 MISC ---->  # 35 280               # 44  320
================================================================================
NOTES:
# LAST OF SEVERAL OCCURRENCES

COLUMN 17 PEAK WIND IN M.P.H.

PRELIMINARY LOCAL CLIMATOLOGICAL DATA (WS FORM: F-6) , PAGE 2

                                          STATION:  JEFFERSON CITY
                                          MONTH:    APRIL
                                          YEAR:     2015
                                          LATITUDE:   38 35 N
                                          LONGITUDE:  92 10 W

[TEMPERATURE DATA]      [PRECIPITATION DATA]       SYMBOLS USED IN COLUMN 16

AVERAGE MONTHLY: 59.9   TOTAL FOR MONTH:   2.61    1 = FOG OR MIST
DPTR FM NORMAL:   5.7   DPTR FM NORMAL:    0.51    2 = FOG REDUCING VISIBILITY
HIGHEST:    82 ON  9    GRTST 24HR  1.44 ON  2- 3      TO 1/4 MILE OR LESS
LOWEST:     27 ON  4                               3 = THUNDER
                        SNOW, ICE PELLETS, HAIL    4 = ICE PELLETS
                        TOTAL MONTH:   0.0 INCH    5 = HAIL
                        GRTST 24HR     0.0         6 = FREEZING RAIN OR DRIZZLE
                        GRTST DEPTH:   0           7 = DUSTSTORM OR SANDSTORM:
                                                       VSBY 1/2 MILE OR LESS
                                                   8 = SMOKE OR HAZE
[NO. OF DAYS WITH]      [WEATHER - DAYS WITH]      9 = BLOWING SNOW
                                                   X = TORNADO
MAX 32 OR BELOW:   0    0.01 INCH OR MORE:   8
MAX 90 OR ABOVE:   0    0.10 INCH OR MORE:   5
MIN 32 OR BELOW:   1    0.50 INCH OR MORE:   3
MIN  0 OR BELOW:   0    1.00 INCH OR MORE:   0

[HDD (BASE 65) ]
TOTAL THIS MO.    92    CLEAR  (SCALE 0-3)   5
DPTR FM NORMAL  -103    PTCLDY (SCALE 4-7)  10
TOTAL FM JUL 1  4623    CLOUDY (SCALE 8-10)  2
DPTR FM NORMAL   164

[CDD (BASE 65) ]
TOTAL THIS MO.    11
DPTR FM NORMAL    -5    [PRESSURE DATA]
TOTAL FM JAN 1    11    HIGHEST SLP M ON M
DPTR FM NORMAL    -9    LOWEST  SLP 29.55 ON  9

[REMARKS]
