000
CXUS53 KSGF 010800
CF6JLN
PRELIMINARY LOCAL CLIMATOLOGICAL DATA (WS FORM: F-6)

                                          STATION:   JOPLIN MO
                                          MONTH:     MARCH
                                          YEAR:      2015
                                          LATITUDE:   37 10 N
                                          LONGITUDE:  94 30 W

  TEMPERATURE IN F:       :PCPN:    SNOW:  WIND      :SUNSHINE: SKY     :PK WND
================================================================================
1   2   3   4   5  6A  6B    7    8   9   10  11  12  13   14  15   16   17  18
                                     12Z  AVG MX 2MIN
DY MAX MIN AVG DEP HDD CDD  WTR  SNW DPTH SPD SPD DIR MIN PSBL S-S WX    SPD DR
================================================================================

 1  33  24  29 -15  36   0    T    M    M  4.1  9 360   M    M   8 12     17 360
 2  37  20  29 -15  36   0 0.00    M    M  8.3 20 110   M    M   5 18     33 180
 3  48  35  42  -3  23   0    T    M    M 12.6 29 210   M    M  10 1      38 200
 4  37  21  29 -16  36   0 0.06    M    M 12.6 24 360   M    M   9 168    30 360
 5  36  13  25 -21  40   0 0.00    M    M  4.5 12 150   M    M   0        14  10
 6  53  22  38  -8  27   0 0.00    M    M 14.9 25 230   M    M   0        30 230
 7  66  38  52   6  13   0 0.00    M    M 14.0 22 230   M    M   0        27 230
 8  61  38  50   4  15   0 0.00    M    M  9.4 16 180   M    M   4        20 180
 9  57  39  48   1  17   0 0.18    M    M  5.9 13 140   M    M   5 1      18 160
10  65  45  55   8  10   0 0.05    M    M  3.9 10 360   M    M   6 1      23  80
11  74  41  58  11   7   0 0.00    M    M  3.2 10  90   M    M   0 12     14 120
12  70  42  56   8   9   0 0.01    M    M  8.7 17  90   M    M   3 1      23  90
13  56  51  54   6  11   0 0.46    M    M  9.7 18  20   M    M  10 1      25  10
14  61  40  51   3  14   0 0.02    M    M  8.9 18 360   M    M   4 1      23  30
15  72  32  52   3  13   0 0.00    M    M   M   M   M   M    M   0 1       M  M
16  75  49  62  13   3   0 0.00    M    M 14.3 24 230   M    M   0        31 230
17  64  49  57   8   8   0 0.00    M    M 11.8 22  30   M    M   2        31  40
18  51  41  46  -4  19   0 0.43    M    M  8.8 15  90   M    M  10 1      20 100
19  49  41  45  -5  20   0 0.05    M    M  5.1  9  10   M    M  10 1      12 100
20  61  35  48  -2  17   0    T    M    M  2.5  7 200   M    M   4 12      8 330
21  69  40  55   5  10   0 0.00    M    M  2.7  8 190   M    M   0        14  50
22  71  41  56   5   9   0 0.00    M    M  5.1 16 110   M    M   0 8      23 110
23  70  49  60   9   5   0 0.00    M    M  6.8 18 250   M    M   4        22 250
24  79  49  64  13   1   0 0.10    M    M 13.0 30 210   M    M   5 35     39 200
25  68  43  56   4   9   0 0.44    M    M 10.2 22  20   M    M   6 1358   40 280
26  54  40  47  -5  18   0 0.03    M    M 11.5 23 360   M    M   5 1      32  20
27  49  37  43  -9  22   0    T    M    M  8.1 18 360   M    M   8        24  30
28  60  38  49  -4  16   0 0.00    M    M  9.9 17 100   M    M   1        26 130
29  63  39  51  -2  14   0 0.00    M    M  8.6 17 290   M    M   0        26 200
30  73  33  53   0  12   0 0.00    M    M  5.6 17 220   M    M   0 1      21 230
31  76  54  65  11   0   0 0.00    M    M  6.8 13 210   M    M   2 18     16 190
================================================================================
SM 1858 1179       490   0  1.83    M    251.5          M      121
================================================================================
AV 59.9 38.0                               8.4 FASTST   M    M   4    MAX(MPH)
                                 MISC ---->  # 30 210               # 40  280
================================================================================
NOTES:
# LAST OF SEVERAL OCCURRENCES

COLUMN 17 PEAK WIND IN M.P.H.

PRELIMINARY LOCAL CLIMATOLOGICAL DATA (WS FORM: F-6) , PAGE 2

                                          STATION:  JOPLIN MO
                                          MONTH:    MARCH
                                          YEAR:     2015
                                          LATITUDE:   37 10 N
                                          LONGITUDE:  94 30 W

[TEMPERATURE DATA]      [PRECIPITATION DATA]       SYMBOLS USED IN COLUMN 16

AVERAGE MONTHLY: 49.0   TOTAL FOR MONTH:   1.83    1 = FOG OR MIST
DPTR FM NORMAL:   0.1   DPTR FM NORMAL:   -1.59    2 = FOG REDUCING VISIBILITY
HIGHEST:    79 ON 24    GRTST 24HR  0.46 ON 13-13      TO 1/4 MILE OR LESS
LOWEST:     13 ON  5                               3 = THUNDER
                        SNOW, ICE PELLETS, HAIL    4 = ICE PELLETS
                        TOTAL MONTH:    M          5 = HAIL
                        GRTST 24HR    M  ON   M    6 = FREEZING RAIN OR DRIZZLE
                        GRTST DEPTH:  M  ON   M    7 = DUSTSTORM OR SANDSTORM:
                                                       VSBY 1/2 MILE OR LESS
                                                   8 = SMOKE OR HAZE
[NO. OF DAYS WITH]      [WEATHER - DAYS WITH]      9 = BLOWING SNOW
                                                   X = TORNADO
MAX 32 OR BELOW:   0    0.01 INCH OR MORE:  11
MAX 90 OR ABOVE:   0    0.10 INCH OR MORE:   5
MIN 32 OR BELOW:   6    0.50 INCH OR MORE:   0
MIN  0 OR BELOW:   0    1.00 INCH OR MORE:   0

[HDD (BASE 65) ]
TOTAL THIS MO.   490    CLEAR  (SCALE 0-3)  14
DPTR FM NORMAL   -18    PTCLDY (SCALE 4-7)  12
TOTAL FM JUL 1  4026    CLOUDY (SCALE 8-10)  5
DPTR FM NORMAL   264

[CDD (BASE 65) ]
TOTAL THIS MO.     0
DPTR FM NORMAL    -9    [PRESSURE DATA]
TOTAL FM JAN 1     0    HIGHEST SLP M ON M
DPTR FM NORMAL   -10    LOWEST  SLP 29.60 ON 24

[REMARKS]
#FINAL-03-15#
