000
CXUS52 KILM 261000
CF6LBT
PRELIMINARY LOCAL CLIMATOLOGICAL DATA (WS FORM: F-6)

                                          STATION:   LUMBERTON NC
                                          MONTH:     APRIL
                                          YEAR:      2015
                                          LATITUDE:   34 35 N
                                          LONGITUDE:  79  4 W

  TEMPERATURE IN F:       :PCPN:    SNOW:  WIND      :SUNSHINE: SKY     :PK WND
================================================================================
1   2   3   4   5  6A  6B    7    8   9   10  11  12  13   14  15   16   17  18
                                     12Z  AVG MX 2MIN
DY MAX MIN AVG DEP HDD CDD  WTR  SNW DPTH SPD SPD DIR MIN PSBL S-S WX    SPD DR
================================================================================

 1  70  48  59   1   6   0 0.00    M    M  7.5 18  50   M    M   0        24  50
 2  74  41  58  -1   7   0 0.00    M    M  6.4 18 140   M    M   1        24 140
 3  83  59  71  12   0   6 0.00    M    M 10.0 22 240   M    M   2        30 230
 4  71  40  56  -3   9   0    T    M    M 10.3 23 360   M    M   2        32 320
 5  70  33  52  -7  13   0 0.00    M    M  5.8 15 120   M    M   1        19 100
 6  78  53  66   6   0   1 0.00    M    M  5.5 15 150   M    M   2        19 200
 7  76  60  68   8   0   3 0.15    M    M  4.0 12 180   M    M   5 1      17 190
 8  85  62  74  14   0   9 0.07    M    M  5.0 13 240   M    M   5 1      16 240
 9  87  65  76  16   0  11 0.07    M    M  6.7 16 140   M    M   2 13     20 160
10  85  67  76  16   0  11 0.00    M    M 10.8 21 220   M    M   2        27 240
11  80  54  67   6   0   2    T    M    M  5.8 18 360   M    M   2        24 360
12  76  50  63   2   2   0 0.00    M    M  7.5 16  80   M    M   0        21  70
13  78  57  68   7   0   3 0.00    M    M  8.1 16 140   M    M   8        21 130
14  82  65  74  13   0   9 0.11    M    M  5.6 16 190   M    M   9 128    22 200
15  72  50  61  -1   4   0 0.68    M    M 10.4 21 110   M    M  10 1      26  70
16  69  51  60  -2   5   0    T    M    M  7.5 13  30   M    M  10 8      19 100
17  77  61  69   7   0   4 0.00    M    M  2.4  8 350   M    M   6 1      14  10
18  79  65  72  10   0   7 0.19    M    M  1.9 13  50   M    M   9 18     16  50
19  73  64  69   7   0   4 0.66    M    M  6.3 18 190   M    M   9 13     25 190
20  80  65  73  10   0   8 0.00    M    M 10.5 17 210   M    M   4        25 210
21  74  51  63   0   2   0 0.00    M    M  7.9 17 230   M    M   1        23 280
22  78  45  62  -1   3   0 0.00    M    M  8.0 23 260   M    M   0 8      29 250
23  73  51  62  -2   3   0 0.00    M    M  6.4 18  30   M    M   2 8      23  20
24  71  46  59  -5   6   0 0.00    M    M  6.4 16 350   M    M   0        23  20
25  66  51  59  -5   6   0 0.12    M    M  4.1 15 240   M    M   8 12     21 230
================================================================================
SM 1907 1354        66  78  2.05    M    170.8          M      100
================================================================================
AV 76.3 54.2                               6.8 FASTST   M    M   4    MAX(MPH)
                                 MISC ---->  # 23 360               # 32  320
================================================================================
NOTES:
# LAST OF SEVERAL OCCURRENCES

COLUMN 17 PEAK WIND IN M.P.H.

PRELIMINARY LOCAL CLIMATOLOGICAL DATA (WS FORM: F-6) , PAGE 2

                                          STATION:  LUMBERTON NC
                                          MONTH:    APRIL
                                          YEAR:     2015
                                          LATITUDE:   34 35 N
                                          LONGITUDE:  79  4 W

[TEMPERATURE DATA]      [PRECIPITATION DATA]       SYMBOLS USED IN COLUMN 16

AVERAGE MONTHLY: 65.2   TOTAL FOR MONTH:   2.05    1 = FOG OR MIST
DPTR FM NORMAL:   4.1   DPTR FM NORMAL:   -0.39    2 = FOG REDUCING VISIBILITY
HIGHEST:    87 ON  9    GRTST 24HR  0.68 ON 15-15      TO 1/4 MILE OR LESS
LOWEST:     33 ON  5                               3 = THUNDER
                        SNOW, ICE PELLETS, HAIL    4 = ICE PELLETS
                        TOTAL MONTH:    M          5 = HAIL
                        GRTST 24HR    M  ON   M    6 = FREEZING RAIN OR DRIZZLE
                        GRTST DEPTH:  M  ON   M    7 = DUSTSTORM OR SANDSTORM:
                                                       VSBY 1/2 MILE OR LESS
                                                   8 = SMOKE OR HAZE
[NO. OF DAYS WITH]      [WEATHER - DAYS WITH]      9 = BLOWING SNOW
                                                   X = TORNADO
MAX 32 OR BELOW:   0    0.01 INCH OR MORE:   8
MAX 90 OR ABOVE:   0    0.10 INCH OR MORE:   6
MIN 32 OR BELOW:   0    0.50 INCH OR MORE:   2
MIN  0 OR BELOW:   0    1.00 INCH OR MORE:   0

[HDD (BASE 65) ]
TOTAL THIS MO.    66    CLEAR  (SCALE 0-3)  14
DPTR FM NORMAL   -72    PTCLDY (SCALE 4-7)   6
TOTAL FM JUL 1  2734    CLOUDY (SCALE 8-10)  5
DPTR FM NORMAL    20

[CDD (BASE 65) ]
TOTAL THIS MO.    78
DPTR FM NORMAL    36    [PRESSURE DATA]
TOTAL FM JAN 1    93    HIGHEST SLP M ON M
DPTR FM NORMAL    38    LOWEST  SLP 29.59 ON 25

[REMARKS]
