000
CXUS53 KLMK 280800
CF6LOU
PRELIMINARY LOCAL CLIMATOLOGICAL DATA (WS FORM: F-6)

                                          STATION:   LOUISVILLE BOWMAN KY
                                          MONTH:     APRIL
                                          YEAR:      2015
                                          LATITUDE:   38 13 N
                                          LONGITUDE:  85 40 W

  TEMPERATURE IN F:       :PCPN:    SNOW:  WIND      :SUNSHINE: SKY     :PK WND
================================================================================
1   2   3   4   5  6A  6B    7    8   9   10  11  12  13   14  15   16   17  18
                                     12Z  AVG MX 2MIN
DY MAX MIN AVG DEP HDD CDD  WTR  SNW DPTH SPD SPD DIR MIN PSBL S-S WX    SPD DR
================================================================================

 1  69  40  55   3  10   0 0.00    M    M  3.9 13 140   M    M   0        17  90
 2  73  57  65  12   0   0 1.52    M    M  8.2 35 320   M    M   6 123    49 320
 3  69  48  59   6   6   0 4.59    M    M  7.9 25 320   M    M   8 138    37 350
 4  57  38  48  -5  17   0 0.00    M    M  6.2 15 360   M    M   0 8      20 360
 5  65  35  50  -4  15   0 0.00    M    M  3.3 13 210   M    M   0        18 190
 6  71  50  61   7   4   0    T    M    M  6.2 18 190   M    M   7        26 190
 7  76  55  66  12   0   1 0.74    M    M  5.7 23 280   M    M   8 13     30 320
 8  80  56  68  13   0   3 0.65    M    M  5.5 15 220   M    M   6 138    20 220
 9  82  64  73  18   0   8 0.31    M    M  9.8 24 210   M    M   3 13     34 200
10  76  53  65  10   0   0 0.16    M    M 10.5 26 280   M    M   3 13     33 270
11  66  42  54  -2  11   0 0.00    M    M  3.7 15 360   M    M   0        20 360
12  77  47  62   6   3   0 0.00    M    M  3.4 10 200   M    M   0        15 180
13  78  58  68  12   0   3 0.33    M    M  5.9 16 220   M    M   6 1      24 220
14  65  52  59   2   6   0 0.25    M    M  9.0 22  60   M    M   9        28  60
15  61  56  59   2   6   0    T    M    M  8.8 15  80   M    M  10        23  60
16  75  58  67  10   0   2 0.09    M    M  5.5 15 170   M    M   7 1      21 170
17  76  59  68  10   0   3 0.00    M    M  2.1  8 180   M    M   5 8      11 170
18  80  52  66   8   0   1 0.00    M    M  3.9 13  60   M    M   0 1      18  50
19  70  58  64   6   1   0 0.73    M    M  8.5 18 220   M    M   9 13     24 130
20  63  48  56  -3   9   0 0.12    M    M 11.1 25 270   M    M   8 13     32 270
21  66  43  55  -4  10   0 0.00    M    M 11.8 29 270   M    M   3        40 250
22  61  45  53  -6  12   0 0.03    M    M 11.9 25 250   M    M   3        33 310
23  62  37  50 -10  15   0 0.00    M    M  7.8 22 310   M    M   0        30 270
24  64  33  49 -11  16   0    T    M    M  3.1 12 140   M    M   3        15 150
25  61  47  54  -6  11   0 0.28    M    M  6.7 16  40   M    M   9 13     23  40
26  64  45  55  -5  10   0 0.03    M    M  8.0 15 320   M    M   4 1      22 340
27  66  39  53  -8  12   0 0.00    M    M  5.7 15 340   M    M   0        20 350
================================================================================
SM 1873 1315       174  21  9.83    M    184.1          M      117
================================================================================
AV 69.4 48.7                               6.8 FASTST   M    M   4    MAX(MPH)
                                 MISC ---->  # 35 320               # 49  320
================================================================================
NOTES:
# LAST OF SEVERAL OCCURRENCES

COLUMN 17 PEAK WIND IN M.P.H.

PRELIMINARY LOCAL CLIMATOLOGICAL DATA (WS FORM: F-6) , PAGE 2

                                          STATION:  LOUISVILLE BOWMAN KY
                                          MONTH:    APRIL
                                          YEAR:     2015
                                          LATITUDE:   38 13 N
                                          LONGITUDE:  85 40 W

[TEMPERATURE DATA]      [PRECIPITATION DATA]       SYMBOLS USED IN COLUMN 16

AVERAGE MONTHLY: 59.0   TOTAL FOR MONTH:   9.83    1 = FOG OR MIST
DPTR FM NORMAL:   2.4   DPTR FM NORMAL:    6.25    2 = FOG REDUCING VISIBILITY
HIGHEST:    82 ON  9    GRTST 24HR  5.24 ON  2- 3      TO 1/4 MILE OR LESS
LOWEST:     33 ON 24                               3 = THUNDER
                        SNOW, ICE PELLETS, HAIL    4 = ICE PELLETS
                        TOTAL MONTH:    M          5 = HAIL
                        GRTST 24HR    M  ON   M    6 = FREEZING RAIN OR DRIZZLE
                        GRTST DEPTH:  M  ON   M    7 = DUSTSTORM OR SANDSTORM:
                                                       VSBY 1/2 MILE OR LESS
                                                   8 = SMOKE OR HAZE
[NO. OF DAYS WITH]      [WEATHER - DAYS WITH]      9 = BLOWING SNOW
                                                   X = TORNADO
MAX 32 OR BELOW:   0    0.01 INCH OR MORE:  14
MAX 90 OR ABOVE:   0    0.10 INCH OR MORE:  11
MIN 32 OR BELOW:   0    0.50 INCH OR MORE:   5
MIN  0 OR BELOW:   0    1.00 INCH OR MORE:   2

[HDD (BASE 65) ]
TOTAL THIS MO.   174    CLEAR  (SCALE 0-3)  13
DPTR FM NORMAL   -80    PTCLDY (SCALE 4-7)   8
TOTAL FM JUL 1  4550    CLOUDY (SCALE 8-10)  6
DPTR FM NORMAL   373

[CDD (BASE 65) ]
TOTAL THIS MO.    21
DPTR FM NORMAL    -6    [PRESSURE DATA]
TOTAL FM JAN 1    21    HIGHEST SLP M ON M
DPTR FM NORMAL   -10    LOWEST  SLP 29.47 ON 19

[REMARKS]
