000
CXUS53 KPAH 190631
CF6MDH
PRELIMINARY LOCAL CLIMATOLOGICAL DATA (WS FORM: F-6)

                                          STATION:   CARBONDALE IL
                                          MONTH:     APRIL
                                          YEAR:      2015
                                          LATITUDE:   37 46 N
                                          LONGITUDE:  89 15 W

  TEMPERATURE IN F:       :PCPN:    SNOW:  WIND      :SUNSHINE: SKY     :PK WND
================================================================================
1   2   3   4   5  6A  6B    7    8   9   10  11  12  13   14  15   16   17  18
                                     12Z  AVG MX 2MIN
DY MAX MIN AVG DEP HDD CDD  WTR  SNW DPTH SPD SPD DIR MIN PSBL S-S WX    SPD DR
================================================================================

 1  76  38  57   6   8   0 0.00  0.0    0  8.2 21 180   M    M   0        26 200
 2  76  60  68  16   0   3 0.82  0.0    0 13.8 32 230   M    M   6 13     43 220
 3  65  42  54   2  11   0 1.90    M    0 11.6 24 350   M    M   6 13     33 320
 4  59  33  46  -6  19   0 0.00  0.0    0  3.4 12 340   M    M   0        14 340
 5  62  33  48  -5  17   0    T    M    0  6.9 16 190   M    M   2        22 210
 6  62  52  57   4   8   0 0.04  0.0    0  9.6 16 190   M    M  10 13     22 200
 7  72  60  66  13   0   1 1.20  0.0    0 11.9 26 180   M    M   7 13     36 190
 8  78  64  71  17   0   6 0.03  0.0    0 11.6 28 160   M    M   4 3      40 150
 9  79  60  70  16   0   5 0.38  0.0    0 19.9 37 200   M    M   3 13     47 200
10  68  46  57   3   8   0 0.00  0.0    0  9.5 24 300   M    M   1        36 300
11  67  43  55   0  10   0 0.00  0.0    0  4.2 10  50   M    M   0        14  30
12  77  47  62   7   3   0 0.00  0.0    0  6.7 21 160   M    M   1        25 170
13  72  55  64   9   1   0 0.04  0.0    0  7.7 16 360   M    M   7 18     22 290
14  68  52  60   4   5   0 0.06  0.0    0  9.2 20  50   M    M   9        27  70
15  67  54  61   5   4   0 0.01  0.0    0  8.1 15 110   M    M   8        19  60
16  73  56  65   9   0   0 0.04  0.0    0  2.4  9 130   M    M   7 1      12 130
17  78  49  64   7   1   0 0.00  0.0    0  1.7  8 220   M    M   5 12     13 360
18  79  55  67  10   0   2 0.00  0.0    0  4.1 13 110   M    M   3 128    16 120
================================================================================
SM 1278  899        95  17  4.52     0.0 150.5          M       79
================================================================================
AV 71.0 49.9                               8.4 FASTST   M    M   4    MAX(MPH)
                                 MISC ---->  # 37 200               # 47  200
================================================================================
NOTES:
# LAST OF SEVERAL OCCURRENCES

COLUMN 17 PEAK WIND IN M.P.H.

PRELIMINARY LOCAL CLIMATOLOGICAL DATA (WS FORM: F-6) , PAGE 2

                                          STATION:  CARBONDALE IL
                                          MONTH:    APRIL
                                          YEAR:     2015
                                          LATITUDE:   37 46 N
                                          LONGITUDE:  89 15 W

[TEMPERATURE DATA]      [PRECIPITATION DATA]       SYMBOLS USED IN COLUMN 16

AVERAGE MONTHLY: 60.5   TOTAL FOR MONTH:   4.52    1 = FOG OR MIST
DPTR FM NORMAL:   6.3   DPTR FM NORMAL:    2.22    2 = FOG REDUCING VISIBILITY
HIGHEST:    79 ON 18, 9 GRTST 24HR  2.66 ON  2- 3      TO 1/4 MILE OR LESS
LOWEST:     33 ON  5, 4                            3 = THUNDER
                        SNOW, ICE PELLETS, HAIL    4 = ICE PELLETS
                        TOTAL MONTH:   0.0 INCH    5 = HAIL
                        GRTST 24HR     0.0         6 = FREEZING RAIN OR DRIZZLE
                        GRTST DEPTH:   0           7 = DUSTSTORM OR SANDSTORM:
                                                       VSBY 1/2 MILE OR LESS
                                                   8 = SMOKE OR HAZE
[NO. OF DAYS WITH]      [WEATHER - DAYS WITH]      9 = BLOWING SNOW
                                                   X = TORNADO
MAX 32 OR BELOW:   0    0.01 INCH OR MORE:  10
MAX 90 OR ABOVE:   0    0.10 INCH OR MORE:   4
MIN 32 OR BELOW:   0    0.50 INCH OR MORE:   3
MIN  0 OR BELOW:   0    1.00 INCH OR MORE:   2

[HDD (BASE 65) ]
TOTAL THIS MO.    95    CLEAR  (SCALE 0-3)   8
DPTR FM NORMAL  -110    PTCLDY (SCALE 4-7)   7
TOTAL FM JUL 1  4761    CLOUDY (SCALE 8-10)  3
DPTR FM NORMAL   440

[CDD (BASE 65) ]
TOTAL THIS MO.    17
DPTR FM NORMAL     5    [PRESSURE DATA]
TOTAL FM JAN 1    17    HIGHEST SLP M ON M
DPTR FM NORMAL     2    LOWEST  SLP 29.70 ON  9

[REMARKS]
