000
CXUS53 KDMX 270920
CF6MIW
PRELIMINARY LOCAL CLIMATOLOGICAL DATA (WS FORM: F-6)

                                          STATION:   MARSHALLTOWN IA
                                          MONTH:     APRIL
                                          YEAR:      2015
                                          LATITUDE:   42  6 N
                                          LONGITUDE:  92 55 W

  TEMPERATURE IN F:       :PCPN:    SNOW:  WIND      :SUNSHINE: SKY     :PK WND
================================================================================
1   2   3   4   5  6A  6B    7    8   9   10  11  12  13   14  15   16   17  18
                                     12Z  AVG MX 2MIN
DY MAX MIN AVG DEP HDD CDD  WTR  SNW DPTH SPD SPD DIR MIN PSBL S-S WX    SPD DR
================================================================================

 1  81  42  62  18   3   0 0.00  0.0    0 18.2 33 190   M    M   0        41 190
 2  66  47  57  13   8   0 0.45  0.0    0 13.4 26 340   M    M   5 13     32 340
 3  47  26  37  -7  28   0    T  0.0    0 15.3 31 310   M    M   2        36 310
 4  64  26  45   0  20   0 0.00  0.0    0 13.6 21 210   M    M   1        28 220
 5  71  40  56  11   9   0 0.00  0.0    0 11.6 22 190   M    M   1        27 170
 6  57  43  50   4  15   0 0.05  0.0    0  8.6 24 130   M    M   8 13     29  90
 7  52  41  47   1  18   0 0.03  0.0    0 17.1 26 110   M    M  10 138    33 100
 8  51  42  47   1  18   0 1.29  0.0    0 13.7 28 100   M    M  10 13     32  80
 9  53  35  44  -3  21   0 0.49  0.0    0 15.7 33 300   M    M  10 123    40 310
10  53  34  44  -3  21   0 0.00  0.0    0 14.4 35 320   M    M   0        44 310
11  70  29  50   3  15   0 0.00  0.0    0 10.3 20 170   M    M   0        30 190
12  68  47  58  10   7   0 0.30  0.0    0 15.6 33 190   M    M   3 13     41 190
13  64  42  53   5  12   0 0.03  0.0    0 12.0 31 320   M    M   0        39 330
14  69  32  51   3  14   0 0.00  0.0    0  5.5 14 140   M    M   0        20 190
15  68  42  55   6  10   0 0.00  0.0    0 13.3 28 130   M    M   2        35 130
16  74  48  61  12   4   0 0.00  0.0    0  6.3 15 230   M    M   6        16 230
17  79  48  64  14   1   0 0.00  0.0    0  1.7  9 230   M    M   1 18     12  10
18  78  54  66  16   0   1 1.06  0.0    0 10.6 33 130   M    M   5 13     41 140
19  63  46  55   5  10   0 1.43  0.0    0 11.8 35 330   M    M  10 13     43 320
20  51  34  43  -8  22   0 0.01  0.0    0 20.0 37 310   M    M   7        45 320
21  53  35  44  -7  21   0 0.00  0.0    0 20.4 37 300   M    M   2        46 280
22  53  30  42  -9  23   0 0.00  0.0    0 18.7 37 310   M    M   0        44 320
23  59  28  44  -8  21   0 0.00  0.0    M  7.5 16 280   M    M   2 8      20 320
24  53  40  47  -5  18   0 0.17    M    0 15.9 24 100   M    M   9        33 100
25  52  42  47  -5  18   0 0.03    M    0 18.1 31  60   M    M  10 18     37  60
26  62  34  48  -5  17   0 0.00  0.0    0  9.0 18  50   M    M   1        24  40
================================================================================
SM 1611 1007       374   1  5.34     0.0 338.3          M      105
================================================================================
AV 62.0 38.7                              13.0 FASTST   M    M   4    MAX(MPH)
                                 MISC ---->  # 37 310               # 46  280
================================================================================
NOTES:
# LAST OF SEVERAL OCCURRENCES

COLUMN 17 PEAK WIND IN M.P.H.

PRELIMINARY LOCAL CLIMATOLOGICAL DATA (WS FORM: F-6) , PAGE 2

                                          STATION:  MARSHALLTOWN IA
                                          MONTH:    APRIL
                                          YEAR:     2015
                                          LATITUDE:   42  6 N
                                          LONGITUDE:  92 55 W

[TEMPERATURE DATA]      [PRECIPITATION DATA]       SYMBOLS USED IN COLUMN 16

AVERAGE MONTHLY: 50.3   TOTAL FOR MONTH:   5.34    1 = FOG OR MIST
DPTR FM NORMAL:   2.1   DPTR FM NORMAL:    2.56    2 = FOG REDUCING VISIBILITY
HIGHEST:    81 ON  1    GRTST 24HR  1.75 ON  8- 9      TO 1/4 MILE OR LESS
LOWEST:     26 ON  4, 3                            3 = THUNDER
                        SNOW, ICE PELLETS, HAIL    4 = ICE PELLETS
                        TOTAL MONTH:   0.0 INCH    5 = HAIL
                        GRTST 24HR     0.0         6 = FREEZING RAIN OR DRIZZLE
                        GRTST DEPTH:   0           7 = DUSTSTORM OR SANDSTORM:
                                                       VSBY 1/2 MILE OR LESS
                                                   8 = SMOKE OR HAZE
[NO. OF DAYS WITH]      [WEATHER - DAYS WITH]      9 = BLOWING SNOW
                                                   X = TORNADO
MAX 32 OR BELOW:   0    0.01 INCH OR MORE:  12
MAX 90 OR ABOVE:   0    0.10 INCH OR MORE:   7
MIN 32 OR BELOW:   6    0.50 INCH OR MORE:   3
MIN  0 OR BELOW:   0    1.00 INCH OR MORE:   3

[HDD (BASE 65) ]
TOTAL THIS MO.   374    CLEAR  (SCALE 0-3)  15
DPTR FM NORMAL   -63    PTCLDY (SCALE 4-7)   4
TOTAL FM JUL 1  6850    CLOUDY (SCALE 8-10)  7
DPTR FM NORMAL   112

[CDD (BASE 65) ]
TOTAL THIS MO.     1
DPTR FM NORMAL     1    [PRESSURE DATA]
TOTAL FM JAN 1     1    HIGHEST SLP M ON M
DPTR FM NORMAL     1    LOWEST  SLP 29.50 ON  9

[REMARKS]
