000
CXUS53 KGRB 280720
CF6MTW
PRELIMINARY LOCAL CLIMATOLOGICAL DATA (WS FORM: F-6)

                                          STATION:   MANITOWOC AWOS
                                          MONTH:     APRIL
                                          YEAR:      2015
                                          LATITUDE:   44  7 N
                                          LONGITUDE:  87 40 W

  TEMPERATURE IN F:       :PCPN:    SNOW:  WIND      :SUNSHINE: SKY     :PK WND
================================================================================
1   2   3   4   5  6A  6B    7    8   9   10  11  12  13   14  15   16   17  18
                                     12Z  AVG MX 2MIN
DY MAX MIN AVG DEP HDD CDD  WTR  SNW DPTH SPD SPD DIR MIN PSBL S-S WX    SPD DR
================================================================================

 1  50  27  39   M  26   0 0.00  0.0    0  8.4 21 180   M    M   2        29 180
 2  64  46  55   M  10   0 0.04    M    0 11.1 17 300   M    M   2        25 300
 3  51  22  37   M  28   0    T    M    0  7.1 16 360   M    M   4        16  60
 4  52  21  37   M  28   0    T    M    0  8.9 23 290   M    M   5        37 310
 5  40  33  37   M  28   0 0.26    M    0  4.5  9  50   M    M  10 1       M  M
 6  40  34  37   M  28   0 0.00  0.0    0 10.1 15  20   M    M   6        24  20
 7  41  35  38   M  27   0 0.32    M    0 12.2 16  40   M    M  10 1      27  40
 8  39  35  37   M  28   0 0.07    M    0  7.7 14 110   M    M  10 1      17  70
 9   M   M   M   M   M   M 1.00    M    0  8.1 15 120   M    M  10 123     M  M
10  48  36  42   M  23   0 0.02    M    0 12.0 22 290   M    M   9 1      33 300
11  54  34  44   M  21   0 0.00  0.0    0  8.2 17 180   M    M   0        27 180
12  55  36  46   M  19   0 0.00  0.0    0 12.5 28 180   M    M   1        38 180
13  64  43  54   M  11   0 0.08    M    0 13.3 23 290   M    M   4 1      38 290
14  64  36  50   M  15   0 0.00  0.0    0  5.3 13 150   M    M   0         M  M
15  60  31  46   M  19   0 0.00  0.0    0  5.2 12 120   M    M   0         M  M
16  52  40  46   M  19   0 0.00  0.0    0  7.0 14 130   M    M   3         M  M
17  63  41  52   M  13   0 0.00  0.0    0  5.2 12 120   M    M   2         M  M
18  56  39  48   M  17   0 0.00  0.0    0  9.6 16  50   M    M   0        31  60
19  60  39  50   M  15   0 0.36    M    0  7.6 16 160   M    M   4 1      21 160
20   M   M   M   M   M   M 0.10    M    0 12.8 21 270   M    M  10 1      30 270
21   M   M   M   M   M   M 0.01    M    0 14.3 28 270   M    M   9        33 270
22  39  31  35   M  30   0    T    M    0 14.0 21 290   M    M   8        31 310
23  51  31  41   M  24   0    T    M    0  8.3 17 280   M    M   5        24 310
24  45  27  36   M  29   0    T    M    0  5.5 14 140   M    M   5 12      M  M
25  47  38  43   M  22   0 0.00  0.0    0  9.0 16  50   M    M   6        25  40
26  55  32  44   M  21   0 0.00  0.0    0  8.4 13  80   M    M   0        18  40
27  53  38  46   M  19   0 0.00  0.0    0  7.9 14  10   M    M   1        21  10
================================================================================
SM 1243  825       520   0  2.26     0.0 244.2          M      126
================================================================================
AV 51.8 34.4                               9.0 FASTST   M    M   5    MAX(MPH)
                                 MISC ---->    28   M               # 38  180
================================================================================
NOTES:
# LAST OF SEVERAL OCCURRENCES

COLUMN 17 PEAK WIND IN M.P.H.

PRELIMINARY LOCAL CLIMATOLOGICAL DATA (WS FORM: F-6) , PAGE 2

                                          STATION:  MANITOWOC AWOS
                                          MONTH:    APRIL
                                          YEAR:     2015
                                          LATITUDE:   44  7 N
                                          LONGITUDE:  87 40 W

[TEMPERATURE DATA]      [PRECIPITATION DATA]       SYMBOLS USED IN COLUMN 16

AVERAGE MONTHLY: 43.1   TOTAL FOR MONTH:   2.26    1 = FOG OR MIST
DPTR FM NORMAL:     M   DPTR FM NORMAL:       M    2 = FOG REDUCING VISIBILITY
HIGHEST:    64 ON 14,13 GRTST 24HR  1.00 ON  9- 9      TO 1/4 MILE OR LESS
LOWEST:     21 ON  4                               3 = THUNDER
                        SNOW, ICE PELLETS, HAIL    4 = ICE PELLETS
                        TOTAL MONTH:   0.0 INCH    5 = HAIL
                        GRTST 24HR     0.0         6 = FREEZING RAIN OR DRIZZLE
                        GRTST DEPTH:   0           7 = DUSTSTORM OR SANDSTORM:
                                                       VSBY 1/2 MILE OR LESS
                                                   8 = SMOKE OR HAZE
[NO. OF DAYS WITH]      [WEATHER - DAYS WITH]      9 = BLOWING SNOW
                                                   X = TORNADO
MAX 32 OR BELOW:   0    0.01 INCH OR MORE:  10
MAX 90 OR ABOVE:   0    0.10 INCH OR MORE:   5
MIN 32 OR BELOW:   8    0.50 INCH OR MORE:   1
MIN  0 OR BELOW:   0    1.00 INCH OR MORE:   1

[HDD (BASE 65) ]
TOTAL THIS MO.   520    CLEAR  (SCALE 0-3)  11
DPTR FM NORMAL     M    PTCLDY (SCALE 4-7)   9
TOTAL FM JUL 1  6795    CLOUDY (SCALE 8-10)  7
DPTR FM NORMAL  5000

[CDD (BASE 65) ]
TOTAL THIS MO.     0
DPTR FM NORMAL     M    [PRESSURE DATA]
TOTAL FM JAN 1     0    HIGHEST SLP M ON M
DPTR FM NORMAL     0    LOWEST  SLP M ON M

[REMARKS]
