000
CXUS56 KOTX 211500
CF6MWH
PRELIMINARY LOCAL CLIMATOLOGICAL DATA (WS FORM: F-6)

                                          STATION:   MOSES LAKE WA AIRPORT
                                          MONTH:     APRIL
                                          YEAR:      2015
                                          LATITUDE:   47 12 N
                                          LONGITUDE: 119 19 W

  TEMPERATURE IN F:       :PCPN:    SNOW:  WIND      :SUNSHINE: SKY     :PK WND
================================================================================
1   2   3   4   5  6A  6B    7    8   9   10  11  12  13   14  15   16   17  18
                                     12Z  AVG MX 2MIN
DY MAX MIN AVG DEP HDD CDD  WTR  SNW DPTH SPD SPD DIR MIN PSBL S-S WX    SPD DR
================================================================================

 1  60  40  50   3  15   0    T    M    M 10.4 25 290   M    M   3        38 280
 2  59  31  45  -2  20   0 0.00    M    M  6.8 13 180   M    M   2        18 200
 3  59  35  47  -1  18   0 0.00    M    M  6.9 22 270   M    M   2        26 270
 4  58  32  45  -3  20   0 0.00    M    M  5.2 13 210   M    M   0        17 210
 5  56  27  42  -6  23   0    T    M    M  7.5 18  80   M    M   5        26  80
 6  51  34  43  -5  22   0 0.21    M    M  8.3 18 250   M    M   6 1      22 240
 7  62  34  48   0  17   0 0.00    M    M 13.3 22 350   M    M   5        26  20
 8  65  41  53   5  12   0 0.00    M    M  6.1 15 250   M    M   4        18 240
 9  64  32  48  -1  17   0 0.00    M    M  4.7 12 160   M    M   2        18 180
10  63  35  49   0  16   0 0.00    M    M  9.5 22 210   M    M   2        30 230
11  60  38  49   0  16   0 0.00    M    M 15.9 29 260   M    M   2        37 260
12  59  37  48  -1  17   0 0.00    M    M  9.7 24 260   M    M   1        31 260
13  62  37  50   1  15   0    T    M    M  8.3 26 210   M    M   5        32 220
14  60  37  49  -1  16   0 0.00    M    M 15.9 30 280   M    M   3        40 280
15  61  34  48  -2  17   0 0.00    M    M  7.0 14 170   M    M   0        20 230
16  66  29  48  -2  17   0 0.00    M    M  4.1  9 250   M    M   0        14 240
17  75  33  54   4  11   0 0.00    M    M  6.8 18 320   M    M   0        25 330
18  73  43  58   7   7   0 0.00    M    M  7.5 16 350   M    M   0        21 340
19  74  40  57   6   8   0 0.00    M    M  5.2 10 220   M    M   0        14 220
20  78  39  59   8   6   0 0.00    M    M  4.9 10 180   M    M   0        14 160
================================================================================
SM 1265  708       310   0  0.21    M    164.0          M       42
================================================================================
AV 63.2 35.4                               8.2 FASTST   M    M   2    MAX(MPH)
                                 MISC ---->  # 30 280               # 40  280
================================================================================
NOTES:
# LAST OF SEVERAL OCCURRENCES

COLUMN 17 PEAK WIND IN M.P.H.

PRELIMINARY LOCAL CLIMATOLOGICAL DATA (WS FORM: F-6) , PAGE 2

                                          STATION:  MOSES LAKE WA AIRPORT
                                          MONTH:    APRIL
                                          YEAR:     2015
                                          LATITUDE:   47 12 N
                                          LONGITUDE: 119 19 W

[TEMPERATURE DATA]      [PRECIPITATION DATA]       SYMBOLS USED IN COLUMN 16

AVERAGE MONTHLY: 49.3   TOTAL FOR MONTH:   0.21    1 = FOG OR MIST
DPTR FM NORMAL:   0.3   DPTR FM NORMAL:   -0.27    2 = FOG REDUCING VISIBILITY
HIGHEST:    78 ON 20    GRTST 24HR  0.21 ON  6- 6      TO 1/4 MILE OR LESS
LOWEST:     27 ON  5                               3 = THUNDER
                        SNOW, ICE PELLETS, HAIL    4 = ICE PELLETS
                        TOTAL MONTH:    M          5 = HAIL
                        GRTST 24HR    M  ON   M    6 = FREEZING RAIN OR DRIZZLE
                        GRTST DEPTH:  M  ON   M    7 = DUSTSTORM OR SANDSTORM:
                                                       VSBY 1/2 MILE OR LESS
                                                   8 = SMOKE OR HAZE
[NO. OF DAYS WITH]      [WEATHER - DAYS WITH]      9 = BLOWING SNOW
                                                   X = TORNADO
MAX 32 OR BELOW:   0    0.01 INCH OR MORE:   1
MAX 90 OR ABOVE:   0    0.10 INCH OR MORE:   1
MIN 32 OR BELOW:   5    0.50 INCH OR MORE:   0
MIN  0 OR BELOW:   0    1.00 INCH OR MORE:   0

[HDD (BASE 65) ]
TOTAL THIS MO.   310    CLEAR  (SCALE 0-3)  15
DPTR FM NORMAL   -10    PTCLDY (SCALE 4-7)   5
TOTAL FM JUL 1  4585    CLOUDY (SCALE 8-10)  0
DPTR FM NORMAL  -907

[CDD (BASE 65) ]
TOTAL THIS MO.     0
DPTR FM NORMAL     0    [PRESSURE DATA]
TOTAL FM JAN 1     0    HIGHEST SLP M ON M
DPTR FM NORMAL     0    LOWEST  SLP  0.00 ON M

[REMARKS]
