000
CXUS53 KDMX 280920
CF6OTM
PRELIMINARY LOCAL CLIMATOLOGICAL DATA (WS FORM: F-6)

                                          STATION:   OTTUMWA IA
                                          MONTH:     APRIL
                                          YEAR:      2015
                                          LATITUDE:   41  6 N
                                          LONGITUDE:  92 27 W

  TEMPERATURE IN F:       :PCPN:    SNOW:  WIND      :SUNSHINE: SKY     :PK WND
================================================================================
1   2   3   4   5  6A  6B    7    8   9   10  11  12  13   14  15   16   17  18
                                     12Z  AVG MX 2MIN
DY MAX MIN AVG DEP HDD CDD  WTR  SNW DPTH SPD SPD DIR MIN PSBL S-S WX    SPD DR
================================================================================

 1  80  46  63  18   2   0 0.00  0.0    0 18.2 31 160   M    M   0        39 190
 2  70  44  57  11   8   0 0.12  0.0    0 11.1 22 330   M    M   4 1      26 340
 3  50  27  39  -7  26   0 0.01  0.0    0 17.0 30 350   M    M   5        37 330
 4  66  22  44  -3  21   0 0.00  0.0    0 12.6 26 250   M    M   1        32 250
 5  70  41  56   9   9   0 0.00  0.0    0 12.9 22 200   M    M   0        29 190
 6  60  48  54   7  11   0 0.02  0.0    0  9.0 18 210   M    M  10 1      22 210
 7  54  44  49   1  16   0 0.06  0.0    0 14.1 23  80   M    M  10 123    27  70
 8  57  45  51   3  14   0 0.02  0.0    0 11.0 20  80   M    M  10 13     23  80
 9  78  38  58  10   7   0 0.35  0.0    0 14.3 43 230   M    M   7 13     51 230
10  60  34  47  -2  18   0 0.00  0.0    0 13.3 31 310   M    M   0        37 300
11  71  32  52   3  13   0 0.00  0.0    0  9.9 18 170   M    M   0        23 190
12  68  52  60  10   5   0 0.01  0.0    0 13.0 24 180   M    M   5        29 180
13  67  42  55   5  10   0 0.31  0.0    0 11.0 28 320   M    M   2 13     35 320
14  68  35  52   2  13   0 0.00  0.0    0  5.9 13 110   M    M   0        18 110
15  73  45  59   8   6   0 0.00  0.0    0 11.8 24 100   M    M   4        31  90
16  75  50  63  12   2   0 0.00  0.0    0  5.1 12  90   M    M   5        15 230
17  79  48  64  12   1   0 0.00  0.0    0  3.5 10 130   M    M   5 1      16 140
18  79  53  66  14   0   1 0.10  0.0    0  9.3 26 210   M    M   4 13     37 200
19  73  46  60   8   5   0 0.91  0.0    0 10.8 33 330   M    M   7 13     44 230
20  55  38  47  -6  18   0    T  0.0    0 16.9 29 320   M    M   6        43 310
21  60  33  47  -6  18   0    T  0.0    0 15.1 32 300   M    M   3        42 290
22  55  32  44  -9  21   0 0.00  0.0    0 14.9 31 330   M    M   0        41 290
23  61  27  44 -10  21   0 0.00  0.0    0  6.6 16 330   M    M   1        22 320
24  65  47  56   2   9   0 0.07  0.0    0 12.4 26 150   M    M  10 13     35 150
25  52  44  48  -6  17   0 0.56  0.0    0 14.9 26  60   M    M  10 13     34  60
26  60  38  49  -6  16   0 0.00  0.0    0  7.2 14  40   M    M   1        18  40
27  66  34  50  -5  15   0 0.00  0.0    M  6.4 15  50   M    M   0        19  40
================================================================================
SM 1772 1085       322   1  2.54     0.0 308.2          M      110
================================================================================
AV 65.6 40.2                              11.4 FASTST   M    M   4    MAX(MPH)
                                 MISC ---->  # 43 230               # 51  230
================================================================================
NOTES:
# LAST OF SEVERAL OCCURRENCES

COLUMN 17 PEAK WIND IN M.P.H.

PRELIMINARY LOCAL CLIMATOLOGICAL DATA (WS FORM: F-6) , PAGE 2

                                          STATION:  OTTUMWA IA
                                          MONTH:    APRIL
                                          YEAR:     2015
                                          LATITUDE:   41  6 N
                                          LONGITUDE:  92 27 W

[TEMPERATURE DATA]      [PRECIPITATION DATA]       SYMBOLS USED IN COLUMN 16

AVERAGE MONTHLY: 52.9   TOTAL FOR MONTH:   2.54    1 = FOG OR MIST
DPTR FM NORMAL:   2.6   DPTR FM NORMAL:   -0.46    2 = FOG REDUCING VISIBILITY
HIGHEST:    80 ON  1    GRTST 24HR  0.93 ON 18-19      TO 1/4 MILE OR LESS
LOWEST:     22 ON  4                               3 = THUNDER
                        SNOW, ICE PELLETS, HAIL    4 = ICE PELLETS
                        TOTAL MONTH:   0.0 INCH    5 = HAIL
                        GRTST 24HR     0.0         6 = FREEZING RAIN OR DRIZZLE
                        GRTST DEPTH:   0           7 = DUSTSTORM OR SANDSTORM:
                                                       VSBY 1/2 MILE OR LESS
                                                   8 = SMOKE OR HAZE
[NO. OF DAYS WITH]      [WEATHER - DAYS WITH]      9 = BLOWING SNOW
                                                   X = TORNADO
MAX 32 OR BELOW:   0    0.01 INCH OR MORE:  12
MAX 90 OR ABOVE:   0    0.10 INCH OR MORE:   6
MIN 32 OR BELOW:   5    0.50 INCH OR MORE:   2
MIN  0 OR BELOW:   0    1.00 INCH OR MORE:   0

[HDD (BASE 65) ]
TOTAL THIS MO.   322    CLEAR  (SCALE 0-3)  11
DPTR FM NORMAL   -84    PTCLDY (SCALE 4-7)  11
TOTAL FM JUL 1  6220    CLOUDY (SCALE 8-10)  5
DPTR FM NORMAL   118

[CDD (BASE 65) ]
TOTAL THIS MO.     1
DPTR FM NORMAL    -6    [PRESSURE DATA]
TOTAL FM JAN 1     1    HIGHEST SLP M ON M
DPTR FM NORMAL    -7    LOWEST  SLP 29.50 ON  9

[REMARKS]
