000
CXUS54 KLZK 251330
CF6PBF
PRELIMINARY LOCAL CLIMATOLOGICAL DATA (WS FORM: F-6)

                                          STATION:   Pine Bluff
                                          MONTH:     APRIL
                                          YEAR:      2015
                                          LATITUDE:   34 10 N
                                          LONGITUDE:  91 56 W

  TEMPERATURE IN F:       :PCPN:    SNOW:  WIND      :SUNSHINE: SKY     :PK WND
================================================================================
1   2   3   4   5  6A  6B    7    8   9   10  11  12  13   14  15   16   17  18
                                     12Z  AVG MX 2MIN
DY MAX MIN AVG DEP HDD CDD  WTR  SNW DPTH SPD SPD DIR MIN PSBL S-S WX    SPD DR
================================================================================

 1  81  58  70  11   0   5 0.00  0.0    0  8.4 21 200   M    M   3 1      27 210
 2  82  67  75  16   0  10    T  0.0    0 15.1 24 190   M    M   4        34 220
 3  79  54  67   7   0   2 0.02  0.0    0 14.7 28 220   M    M   5        39 220
 4  62  45  54  -6  11   0 0.00  0.0    0  9.9 22  10   M    M   0        31 360
 5  59  44  52  -8  13   0 0.08  0.0    0  5.2 14 150   M    M   5        18 160
 6  77  56  67   7   0   2    T  0.0    0 10.6 22 190   M    M   7        31 170
 7  83  61  72  11   0   7 0.00  0.0    0  9.7 22 180   M    M   4 1      27 210
 8  83  65  74  13   0   9    T  0.0    0 11.9 22 190   M    M   2        27 210
 9  85  66  76  15   0  11 2.50  0.0    0 13.8 29 200   M    M   3 13     37 180
10  66  50  58  -3   7   0    T  0.0    0  9.2 23  10   M    M   2 3      29 360
11  73  46  60  -2   5   0 0.00  0.0    0  4.5 14 110   M    M   0 1      17 110
12  82  51  67   5   0   2 0.00  0.0    0  7.7 15 160   M    M   2        19 120
13  73  61  67   5   0   2 0.34  0.0    0  6.7 20 340   M    M  10 1      27 360
14  66  56  61  -1   4   0 0.74  0.0    0  9.2 21  20   M    M   9 13     25 360
15  74  58  66   3   0   1 0.09  0.0    0  5.4 14 230   M    M   6 1      18 220
16  80  52  66   3   0   1 0.00  0.0    0  2.7 13 100   M    M   2 1      14 100
17  78  65  72   9   0   7 0.14  0.0    0  4.4 13 120   M    M   4 1      16 120
18  70  63  67   3   0   2 0.18  0.0    0  7.2 14 110   M    M   6 1      17 110
19  81  60  71   7   0   6 0.78  0.0    0  8.3 26 290   M    M   5 13     35 270
20  69  53  61  -3   4   0 0.00  0.0    0 10.0 21 300   M    M   1        28 270
21  72  44  58  -6   7   0 0.00  0.0    0  5.5 15 190   M    M   2        21 190
22  78  49  64  -1   1   0 0.04  0.0    0  5.6 17 340   M    M   2 3      27 360
23  62  54  58  -7   7   0    T  0.0    0  7.3 17  70   M    M   8        20  70
24  60  52  56  -9   9   0 2.44  0.0    0  6.5 20 110   M    M   7 13     24 100
================================================================================
SM 1775 1330        68  67  7.35     0.0 199.5          M       99
================================================================================
AV 74.0 55.4                               8.3 FASTST   M    M   4    MAX(MPH)
                                 MISC ---->  # 29 200               # 39  220
================================================================================
NOTES:
# LAST OF SEVERAL OCCURRENCES

COLUMN 17 PEAK WIND IN M.P.H.

PRELIMINARY LOCAL CLIMATOLOGICAL DATA (WS FORM: F-6) , PAGE 2

                                          STATION:  Pine Bluff
                                          MONTH:    APRIL
                                          YEAR:     2015
                                          LATITUDE:   34 10 N
                                          LONGITUDE:  91 56 W

[TEMPERATURE DATA]      [PRECIPITATION DATA]       SYMBOLS USED IN COLUMN 16

AVERAGE MONTHLY: 64.7   TOTAL FOR MONTH:   7.35    1 = FOG OR MIST
DPTR FM NORMAL:   2.6   DPTR FM NORMAL:    3.39    2 = FOG REDUCING VISIBILITY
HIGHEST:    85 ON  9    GRTST 24HR  2.50 ON  9- 9      TO 1/4 MILE OR LESS
LOWEST:     44 ON 21, 5                            3 = THUNDER
                        SNOW, ICE PELLETS, HAIL    4 = ICE PELLETS
                        TOTAL MONTH:   0.0 INCH    5 = HAIL
                        GRTST 24HR     0.0         6 = FREEZING RAIN OR DRIZZLE
                        GRTST DEPTH:   0           7 = DUSTSTORM OR SANDSTORM:
                                                       VSBY 1/2 MILE OR LESS
                                                   8 = SMOKE OR HAZE
[NO. OF DAYS WITH]      [WEATHER - DAYS WITH]      9 = BLOWING SNOW
                                                   X = TORNADO
MAX 32 OR BELOW:   0    0.01 INCH OR MORE:  11
MAX 90 OR ABOVE:   0    0.10 INCH OR MORE:   7
MIN 32 OR BELOW:   0    0.50 INCH OR MORE:   4
MIN  0 OR BELOW:   0    1.00 INCH OR MORE:   2

[HDD (BASE 65) ]
TOTAL THIS MO.    68    CLEAR  (SCALE 0-3)  11
DPTR FM NORMAL   -49    PTCLDY (SCALE 4-7)  11
TOTAL FM JUL 1  3217    CLOUDY (SCALE 8-10)  2
DPTR FM NORMAL   365

[CDD (BASE 65) ]
TOTAL THIS MO.    67
DPTR FM NORMAL    21    [PRESSURE DATA]
TOTAL FM JAN 1    77    HIGHEST SLP M ON M
DPTR FM NORMAL    11    LOWEST  SLP 29.55 ON 19

[REMARKS]
ALL SNOWFALL DATA IS FROM THE PINE BLUFF WATER PLANT SITE
