000
CXUS54 KFWD 210730
CF6PRX
PRELIMINARY LOCAL CLIMATOLOGICAL DATA (WS FORM: F-6)

                                          STATION:   PARIS
                                          MONTH:     APRIL
                                          YEAR:      2015
                                          LATITUDE:   33 37 N
                                          LONGITUDE:  95 27 W

  TEMPERATURE IN F:       :PCPN:    SNOW:  WIND      :SUNSHINE: SKY     :PK WND
================================================================================
1   2   3   4   5  6A  6B    7    8   9   10  11  12  13   14  15   16   17  18
                                     12Z  AVG MX 2MIN
DY MAX MIN AVG DEP HDD CDD  WTR  SNW DPTH SPD SPD DIR MIN PSBL S-S WX    SPD DR
================================================================================

 1   M   M   M   M   M   M    M    M    M   M   M   M   M    M   M         M  M
 2   M   M   M   M   M   M    M    M    M   M   M   M   M    M   M         M  M
 3  73  52  63   2   2   0 0.00  0.0    0   M   M   M   M    M   M         M  M
 4  66  43  55  -6  10   0 0.00  0.0    0   M   M   M   M    M   0         M  M
 5  55  46  51 -10  14   0 0.60  0.0    0   M   M   M   M    M   9         M  M
 6  81  55  68   7   0   3 0.00  0.0    0   M   M   M   M    M   6         M  M
 7  82  66  74  12   0   9 0.00  0.0    0   M   M   M   M    M   5         M  M
 8  79  66  73  11   0   8 0.00  0.0    0   M   M   M   M    M   4         M  M
 9  79  61  70   8   0   5 0.09  0.0    0   M   M   M   M    M   4 3       M  M
10  70  48  59  -3   6   0 0.00  0.0    0   M   M   M   M    M   0         M  M
11  73  50  62  -1   3   0 0.00  0.0    0   M   M   M   M    M   0         M  M
12  75  57  66   3   0   1 0.00  0.0    0   M   M   M   M    M   7         M  M
13  70  57  64   1   1   0 1.21  0.0    0   M   M   M   M    M   8         M  M
14  63  57  60  -4   5   0 0.08  0.0    0   M   M   M   M    M  10 3       M  M
15  68  55  62  -2   3   0 0.00  0.0    0   M   M   M   M    M   7         M  M
16  81  52  67   3   0   2 0.00  0.0    0   M   M   M   M    M   4 3       M  M
17  81  55  68   4   0   3 0.00  0.0    0   M   M   M   M    M   1         M  M
18  77  57  67   2   0   2 0.19  0.0    0   M   M   M   M    M   4         M  M
19  75  55  65   0   0   0 0.03  0.0    0   M   M   M   M    M   4         M  M
20  68  46  57  -8   8   0 0.00  0.0    0   M   M   M   M    M   0         M  M
================================================================================
SM 1316  978        52  33  2.20     0.0     M          M       73
================================================================================
AV 73.1 54.3                                 M FASTST   M    M   4    MAX(MPH)
                                 MISC ---->     M   M                  M    M
================================================================================
NOTES:
# LAST OF SEVERAL OCCURRENCES

COLUMN 17 PEAK WIND IN M.P.H.

PRELIMINARY LOCAL CLIMATOLOGICAL DATA (WS FORM: F-6) , PAGE 2

                                          STATION:  PARIS
                                          MONTH:    APRIL
                                          YEAR:     2015
                                          LATITUDE:   33 37 N
                                          LONGITUDE:  95 27 W

[TEMPERATURE DATA]      [PRECIPITATION DATA]       SYMBOLS USED IN COLUMN 16

AVERAGE MONTHLY: 63.7   TOTAL FOR MONTH:   2.20    1 = FOG OR MIST
DPTR FM NORMAL:   1.1   DPTR FM NORMAL:    0.05    2 = FOG REDUCING VISIBILITY
HIGHEST:    82 ON  7    GRTST 24HR  1.21 ON 13-13      TO 1/4 MILE OR LESS
LOWEST:     43 ON  4                               3 = THUNDER
                        SNOW, ICE PELLETS, HAIL    4 = ICE PELLETS
                        TOTAL MONTH:   0.0 INCH    5 = HAIL
                        GRTST 24HR     0.0         6 = FREEZING RAIN OR DRIZZLE
                        GRTST DEPTH:   0           7 = DUSTSTORM OR SANDSTORM:
                                                       VSBY 1/2 MILE OR LESS
                                                   8 = SMOKE OR HAZE
[NO. OF DAYS WITH]      [WEATHER - DAYS WITH]      9 = BLOWING SNOW
                                                   X = TORNADO
MAX 32 OR BELOW:   0    0.01 INCH OR MORE:   6
MAX 90 OR ABOVE:   0    0.10 INCH OR MORE:   3
MIN 32 OR BELOW:   0    0.50 INCH OR MORE:   2
MIN  0 OR BELOW:   0    1.00 INCH OR MORE:   1

[HDD (BASE 65) ]
TOTAL THIS MO.    52    CLEAR  (SCALE 0-3)   5
DPTR FM NORMAL   -43    PTCLDY (SCALE 4-7)   9
TOTAL FM JUL 1  2777    CLOUDY (SCALE 8-10)  3
DPTR FM NORMAL   128

[CDD (BASE 65) ]
TOTAL THIS MO.    33
DPTR FM NORMAL   -15    [PRESSURE DATA]
TOTAL FM JAN 1    42    HIGHEST SLP M ON M
DPTR FM NORMAL   -32    LOWEST  SLP M ON M

[REMARKS]
