000
CXUS53 KSGF 280800
CF6UNO
PRELIMINARY LOCAL CLIMATOLOGICAL DATA (WS FORM: F-6)

                                          STATION:   WEST PLAINS MO
                                          MONTH:     APRIL
                                          YEAR:      2015
                                          LATITUDE:   36 52 N
                                          LONGITUDE:  91 55 W

  TEMPERATURE IN F:       :PCPN:    SNOW:  WIND      :SUNSHINE: SKY     :PK WND
================================================================================
1   2   3   4   5  6A  6B    7    8   9   10  11  12  13   14  15   16   17  18
                                     12Z  AVG MX 2MIN
DY MAX MIN AVG DEP HDD CDD  WTR  SNW DPTH SPD SPD DIR MIN PSBL S-S WX    SPD DR
================================================================================

 1  69  52  61   8   4   0 0.05    M    M 10.1 22 110   M    M   3 1      28 120
 2  73  58  66  13   0   1 0.02    M    M 10.6 30 230   M    M   7 13     44 240
 3  64  41  53  -1  12   0 0.08    M    M  9.8 25 220   M    M   5 13     34 360
 4  58  31  45  -9  20   0 0.00    M    M  4.6 12  50   M    M   0        15  50
 5  56  31  44 -10  21   0    T    M    M  7.0 18 210   M    M   5        24 210
 6  64  48  56   1   9   0    T    M    M  7.2 15 170   M    M  10 18     22 180
 7  75  63  69  14   0   4 0.00    M    M 10.4 21 210   M    M   7        30 220
 8  81  65  73  18   0   8 0.00    M    M  9.6 20 210   M    M   4 3      27 180
 9  80  51  66  10   0   1    T    M    M 13.5 24 210   M    M   6 13     34 210
10  69  40  55  -1  10   0 0.00    M    M  8.9 21 310   M    M   0        28 310
11  71  41  56   0   9   0 0.00    M    M  5.5 17 100   M    M   3        20 100
12  77  50  64   8   1   0 0.00    M    M  8.7 17 160   M    M   1        25 170
13  68  52  60   3   5   0    M    M    M  7.5 21  20   M    M   8 13     29 350
14  65  51  58   1   7   0    M    M    M  8.0 20  50   M    M  10        28  50
15  70  55  63   6   2   0    M    M    M  5.8 13  90   M    M  10 128    17  90
16  75  56  66   8   0   1 0.00    M    M  2.5 10  20   M    M   7 18     12 150
17  77  51  64   6   1   0 0.00    M    M  4.5 13 150   M    M   4 12     16 120
18  73  57  65   7   0   0 0.07    M    M  4.7 13 200   M    M   7 1      19 140
19  74  53  64   6   1   0 0.42    M    M  7.1 20 290   M    M   7 13     29 280
20  62  43  53  -6  12   0    T    M    0 11.2 23 300   M    M   4        33 300
21  71  40  56  -3   9   0 0.41    M    0 10.6 23 230   M    M   4 13     32 240
22  63  43  53  -6  12   0 0.21    M    0  6.9 18 280   M    M   3 13     23 290
23  64  39  52  -8  13   0 0.00    M    M  5.7 13 110   M    M   3        17  90
24  54  44  49 -11  16   0 0.07    M    M  7.4 17 160   M    M   9 12     23 170
25  80  52  66   6   0   1 0.00    M    M 10.4 25 270   M    M   7 12     34 280
26  61  48  55  -5  10   0 0.00    M    M  7.7 14  50   M    M   8        19  50
27  66  43  55  -6  10   0 0.00  0.0    0  9.0 17  70   M    M   0        24  60
================================================================================
SM 1860 1298       184  16  1.33     0.0 214.9          M      142
================================================================================
AV 68.9 48.1                               8.0 FASTST   M    M   5    MAX(MPH)
                                 MISC ---->  # 30 230               # 44  240
================================================================================
NOTES:
# LAST OF SEVERAL OCCURRENCES

COLUMN 17 PEAK WIND IN M.P.H.

PRELIMINARY LOCAL CLIMATOLOGICAL DATA (WS FORM: F-6) , PAGE 2

                                          STATION:  WEST PLAINS MO
                                          MONTH:    APRIL
                                          YEAR:     2015
                                          LATITUDE:   36 52 N
                                          LONGITUDE:  91 55 W

[TEMPERATURE DATA]      [PRECIPITATION DATA]       SYMBOLS USED IN COLUMN 16

AVERAGE MONTHLY: 58.5   TOTAL FOR MONTH:   1.33    1 = FOG OR MIST
DPTR FM NORMAL:   1.5   DPTR FM NORMAL:   -2.67    2 = FOG REDUCING VISIBILITY
HIGHEST:    81 ON  8    GRTST 24HR  0.62 ON 21-22      TO 1/4 MILE OR LESS
LOWEST:     31 ON  5, 4                            3 = THUNDER
                        SNOW, ICE PELLETS, HAIL    4 = ICE PELLETS
                        TOTAL MONTH:   0.0 INCH    5 = HAIL
                        GRTST 24HR     0.0         6 = FREEZING RAIN OR DRIZZLE
                        GRTST DEPTH:   0           7 = DUSTSTORM OR SANDSTORM:
                                                       VSBY 1/2 MILE OR LESS
                                                   8 = SMOKE OR HAZE
[NO. OF DAYS WITH]      [WEATHER - DAYS WITH]      9 = BLOWING SNOW
                                                   X = TORNADO
MAX 32 OR BELOW:   0    0.01 INCH OR MORE:   8
MAX 90 OR ABOVE:   0    0.10 INCH OR MORE:   3
MIN 32 OR BELOW:   2    0.50 INCH OR MORE:   0
MIN  0 OR BELOW:   0    1.00 INCH OR MORE:   0

[HDD (BASE 65) ]
TOTAL THIS MO.   184    CLEAR  (SCALE 0-3)   7
DPTR FM NORMAL   -53    PTCLDY (SCALE 4-7)  16
TOTAL FM JUL 1  4540    CLOUDY (SCALE 8-10)  4
DPTR FM NORMAL   293

[CDD (BASE 65) ]
TOTAL THIS MO.    16
DPTR FM NORMAL    -6    [PRESSURE DATA]
TOTAL FM JAN 1    16    HIGHEST SLP 30.07 ON 17
DPTR FM NORMAL   -10    LOWEST  SLP 29.46 ON 25

[REMARKS]
