000
CXUS55 KLBF 251200
CF6VTN
PRELIMINARY LOCAL CLIMATOLOGICAL DATA (WS FORM: F-6)

                                          STATION:   VALENTINE NE
                                          MONTH:     APRIL
                                          YEAR:      2015
                                          LATITUDE:   42 52 N
                                          LONGITUDE: 100 33 W

  TEMPERATURE IN F:       :PCPN:    SNOW:  WIND      :SUNSHINE: SKY     :PK WND
================================================================================
1   2   3   4   5  6A  6B    7    8   9   10  11  12  13   14  15   16   17  18
                                     12Z  AVG MX 2MIN
DY MAX MIN AVG DEP HDD CDD  WTR  SNW DPTH SPD SPD DIR MIN PSBL S-S WX    SPD DR
================================================================================

 1  70  46  58  17   7   0 0.00  0.0    0 16.7 28 210   M    M   1        37 200
 2  55  24  40  -2  25   0 0.00  0.0    0 12.2 25 300   M    M   4        38 330
 3  55  18  37  -5  28   0 0.00  0.0    0  9.1 18 300   M    M   0        25 290
 4  69  18  44   2  21   0 0.00  0.0    0 11.1 31 220   M    M   0        40 220
 5  72  25  49   6  16   0 0.00  0.0    0  7.8 15  50   M    M   0        20  20
 6  47  32  40  -3  25   0 0.00  0.0    0 12.0 18  60   M    M   6 1      22  50
 7  51  35  43   0  22   0 0.00  0.0    0  7.4 16  50   M    M  10 1      20  60
 8  42  37  40  -4  25   0 0.26  0.0    0  9.4 17  70   M    M  10 1      19  70
 9  54  33  44   0  21   0 0.28  0.3    0 14.4 26 320   M    M   7 1      35 340
10  69  29  49   5  16   0 0.00  0.0    0  8.2 20 190   M    M   1        26 180
11  77  45  61  16   4   0 0.00  0.0    0 19.5 32 190   M    M   0        40 180
12  64  33  49   4  16   0 0.00  0.0    0 15.7 29 200   M    M   0        37 190
13  69  28  49   3  16   0 0.00  0.0    0  7.7 20 260   M    M   0        26 300
14  74  49  62  16   3   0 0.00  0.0    0 22.0 39 180   M    M   0        48 200
15  69  44  57  11   8   0 0.00  0.0    0 17.9 33 160   M    M   2        40 160
16  65  46  56   9   9   0 0.00  0.0    0  8.8 17 360   M    M   9        22  20
17  57  50  54   7  11   0 0.40  0.0    0  9.8 18  10   M    M  10 13     23  10
18  67  49  58  10   7   0 0.65  0.0    0  8.7 21 220   M    M   8 1      25 220
19  54  31  43  -5  22   0 0.01  0.0    0 19.1 33 330   M    M   5 1      46 330
20  54  28  41  -7  24   0 0.00  0.0    0 14.1 28 330   M    M   5        43 320
21  60  28  44  -5  21   0 0.00  0.0    0 10.5 23 360   M    M   3        28  20
22  63  22  43  -6  22   0 0.00  0.0    0  7.0 18 160   M    M   4        28 150
23  72  37  55   5  10   0 0.00  0.0    0 14.6 30 170   M    M   1        36 150
24  79  48  64  14   1   0    T  0.0    0 10.3 25 340   M    M   3 3      35 340
================================================================================
SM 1508  835       380   0  1.60     0.3 294.0          M       89
================================================================================
AV 62.8 34.8                              12.2 FASTST   M    M   4    MAX(MPH)
                                 MISC ---->  # 39 180               # 48  200
================================================================================
NOTES:
# LAST OF SEVERAL OCCURRENCES

COLUMN 17 PEAK WIND IN M.P.H.

PRELIMINARY LOCAL CLIMATOLOGICAL DATA (WS FORM: F-6) , PAGE 2

                                          STATION:  VALENTINE NE
                                          MONTH:    APRIL
                                          YEAR:     2015
                                          LATITUDE:   42 52 N
                                          LONGITUDE: 100 33 W

[TEMPERATURE DATA]      [PRECIPITATION DATA]       SYMBOLS USED IN COLUMN 16

AVERAGE MONTHLY: 48.8   TOTAL FOR MONTH:   1.60    1 = FOG OR MIST
DPTR FM NORMAL:   3.3   DPTR FM NORMAL:   -0.08    2 = FOG REDUCING VISIBILITY
HIGHEST:    79 ON 24    GRTST 24HR  1.05 ON 17-18      TO 1/4 MILE OR LESS
LOWEST:     18 ON  4, 3                            3 = THUNDER
                        SNOW, ICE PELLETS, HAIL    4 = ICE PELLETS
                        TOTAL MONTH:   0.3 INCH    5 = HAIL
                        GRTST 24HR   0.3 ON   M    6 = FREEZING RAIN OR DRIZZLE
                        GRTST DEPTH:   0           7 = DUSTSTORM OR SANDSTORM:
                                                       VSBY 1/2 MILE OR LESS
                                                   8 = SMOKE OR HAZE
[NO. OF DAYS WITH]      [WEATHER - DAYS WITH]      9 = BLOWING SNOW
                                                   X = TORNADO
MAX 32 OR BELOW:   0    0.01 INCH OR MORE:   5
MAX 90 OR ABOVE:   0    0.10 INCH OR MORE:   4
MIN 32 OR BELOW:  11    0.50 INCH OR MORE:   1
MIN  0 OR BELOW:   0    1.00 INCH OR MORE:   0

[HDD (BASE 65) ]
TOTAL THIS MO.   380    CLEAR  (SCALE 0-3)  13
DPTR FM NORMAL   -90    PTCLDY (SCALE 4-7)   7
TOTAL FM JUL 1  6193    CLOUDY (SCALE 8-10)  4
DPTR FM NORMAL  -406

[CDD (BASE 65) ]
TOTAL THIS MO.     0
DPTR FM NORMAL     0    [PRESSURE DATA]
TOTAL FM JAN 1     2    HIGHEST SLP M ON M
DPTR FM NORMAL     2    LOWEST  SLP 29.44 ON 24

[REMARKS]
