000
CXUS55 KLOX 261655
CF6WJF
PRELIMINARY LOCAL CLIMATOLOGICAL DATA (WS FORM: F-6)

                                          STATION:   LANCASTER FOX FIELD CA
                                          MONTH:     APRIL
                                          YEAR:      2015
                                          LATITUDE:   34 43 N
                                          LONGITUDE: 118 13 W

  TEMPERATURE IN F:       :PCPN:    SNOW:  WIND      :SUNSHINE: SKY     :PK WND
================================================================================
1   2   3   4   5  6A  6B    7    8   9   10  11  12  13   14  15   16   17  18
                                     12Z  AVG MX 2MIN
DY MAX MIN AVG DEP HDD CDD  WTR  SNW DPTH SPD SPD DIR MIN PSBL S-S WX    SPD DR
================================================================================

 1  77  50  64   8   1   0 0.00  0.0    0 23.0 33 280   M    M   0        41 270
 2  72  42  57   1   8   0 0.00  0.0    0 11.5 28 270   M    M   0        35 270
 3  74  30  52  -4  13   0 0.00  0.0    0  7.8 20  60   M    M   0        24  60
 4  78  35  57   1   8   0 0.00  0.0    0  8.4 26 220   M    M   0        33 210
 5  68  48  58   2   7   0 0.00  0.0    0 18.8 28 210   M    M   0        34 220
 6  62  43  53  -3  12   0 0.00  0.0    0 18.4 25 220   M    M   0        37 250
 7  59  41  50  -7  15   0 0.01    M    0 16.9 31 220   M    M   3        40 210
 8  62  38  50  -7  15   0 0.00  0.0    0 14.4 26 270   M    M   0        33 270
 9  72  30  51  -6  14   0 0.00  0.0    0  6.8 21 230   M    M   0        26 240
10  73  43  58   1   7   0 0.00  0.0    0  9.1 24 260   M    M   0        27 260
11  75  52  64   6   1   0 0.00  0.0    0 17.1 32 260   M    M   0        38 260
12  84  47  66   8   0   1 0.00  0.0    0  8.7 22 270   M    M   0        25 270
13  82  49  66   8   0   1 0.00  0.0    0 11.1 26 220   M    M   0        32 210
14  65  47  56  -2   9   0 0.00  0.0    0 26.9 43 280   M    M   0 8      49 290
15  69  32  51  -8  14   0 0.00  0.0    0  8.2 22  60   M    M   0        28  60
16  73  33  53  -6  12   0 0.00  0.0    0  5.5 17  50   M    M   0        23  60
17  80  39  60   1   5   0 0.00  0.0    0  7.1 25 260   M    M   0        30 260
18  84  47  66   6   0   1 0.00  0.0    0  9.9 26 220   M    M   0        31 240
19  86  44  65   5   0   0 0.00  0.0    0  9.4 23 240   M    M   0        30 220
20  82  57  70  10   0   5 0.00  0.0    0 11.1 24 240   M    M   0        33 240
21  69  51  60   0   5   0 0.00  0.0    0 16.9 29 230   M    M   0        36 240
22  71  49  60  -1   5   0 0.00  0.0    0 14.5 24 230   M    M   0        30 220
23  70  51  61   0   4   0 0.00  0.0    0 17.1 30 230   M    M   1        37 230
24  63  51  57  -4   8   0 0.00  0.0    0 22.0 32 260   M    M   1        39 260
25  64  50  57  -5   8   0    T  0.0    0 20.0 32 240   M    M   4 1      40 220
================================================================================
SM 1814 1099       171   8  0.01     0.0 340.6          M        9
================================================================================
AV 72.6 44.0                              13.6 FASTST   M    M   0    MAX(MPH)
                                 MISC ---->  # 43 280               # 49  290
================================================================================
NOTES:
# LAST OF SEVERAL OCCURRENCES

COLUMN 17 PEAK WIND IN M.P.H.

PRELIMINARY LOCAL CLIMATOLOGICAL DATA (WS FORM: F-6) , PAGE 2

                                          STATION:  LANCASTER FOX FIELD CA
                                          MONTH:    APRIL
                                          YEAR:     2015
                                          LATITUDE:   34 43 N
                                          LONGITUDE: 118 13 W

[TEMPERATURE DATA]      [PRECIPITATION DATA]       SYMBOLS USED IN COLUMN 16

AVERAGE MONTHLY: 58.3   TOTAL FOR MONTH:   0.01    1 = FOG OR MIST
DPTR FM NORMAL:  -0.1   DPTR FM NORMAL:   -0.30    2 = FOG REDUCING VISIBILITY
HIGHEST:    86 ON 19    GRTST 24HR  0.01 ON  7- 7      TO 1/4 MILE OR LESS
LOWEST:     30 ON  9, 3                            3 = THUNDER
                        SNOW, ICE PELLETS, HAIL    4 = ICE PELLETS
                        TOTAL MONTH:   0.0 INCH    5 = HAIL
                        GRTST 24HR     0.0         6 = FREEZING RAIN OR DRIZZLE
                        GRTST DEPTH:   0           7 = DUSTSTORM OR SANDSTORM:
                                                       VSBY 1/2 MILE OR LESS
                                                   8 = SMOKE OR HAZE
[NO. OF DAYS WITH]      [WEATHER - DAYS WITH]      9 = BLOWING SNOW
                                                   X = TORNADO
MAX 32 OR BELOW:   0    0.01 INCH OR MORE:   1
MAX 90 OR ABOVE:   0    0.10 INCH OR MORE:   0
MIN 32 OR BELOW:   3    0.50 INCH OR MORE:   0
MIN  0 OR BELOW:   0    1.00 INCH OR MORE:   0

[HDD (BASE 65) ]
TOTAL THIS MO.   171    CLEAR  (SCALE 0-3)  24
DPTR FM NORMAL   -15    PTCLDY (SCALE 4-7)   1
TOTAL FM JUL 1  2258    CLOUDY (SCALE 8-10)  0
DPTR FM NORMAL  -589

[CDD (BASE 65) ]
TOTAL THIS MO.     8
DPTR FM NORMAL    -9    [PRESSURE DATA]
TOTAL FM JAN 1    14    HIGHEST SLP M ON M
DPTR FM NORMAL    -5    LOWEST  SLP 29.78 ON 20

[REMARKS]
