000
CXAK56 PAYA 270916
CF6YAK

PRELIMINARY LOCAL CLIMATOLOGICAL DATA (WS FORM: F-6)

                                          STATION:   YAKUTAT
                                          MONTH:     04
                                          YEAR:      2015
                                          LATITUDE:   59 31 N
                                          LONGITUDE: 139 40 W

  TEMPERATURE IN F:       :PCPN:    SNOW:  WIND      :SUNSHINE: SKY     :PK WND
================================================================================
1   2   3   4   5  6A  6B    7     8   9   10  11  12  13   14  15   16  17  18
                                      12Z  AVG MX 2MIN
DY MAX MIN AVG DEP HDD CDD  WTR   SNW DPTH SPD SPD DIR MIN PSBL S-S WX   SPD DR
================================================================================

 1  45  32  39   4  26   0  0.36  0.0   0  6.9 15  120   M    M   M 1     23 130
 2  45  35  40   5  25   0  0.03  0.0   0  6.3 18   70   M    M   M       24  70
 3  48  30  39   4  26   0  0.00  0.0   0  1.2  7  240   M    M   M 1     10 330
 4  51  30  41   6  24   0     T  0.0   0  2.3 10   70   M    M   M       16 360
 5  47  32  40   5  25   0  0.09  0.0   0  3.1 10   40   M    M   M 1     17 340
 6  43  37  40   4  25   0  0.35  0.0   0  5.9 12  130   M    M   M 1     17 160
 7  43  39  41   5  24   0  2.27  0.0   0  8.9 18  130   M    M   M 1     30 120
 8  40  33  37   1  28   0  0.79    T   0  4.6 12  130   M    M   M 1     17 110
 9  43  33  38   2  27   0  1.11    T   0  9.5 21  110   M    M   M 1248  31 120
10  39  33  36  -1  29   0  0.56  0.3   T  7.9 21  140   M    M   M 1248  32 120
11  39  32  36  -1  29   0  0.54  2.3   1  6.8 13   90   M    M   M 1     18  90
12  41  28  35  -2  30   0  0.24  0.7   T  5.9 17  190   M    M   M 1     26 200
13  41  24  33  -4  32   0  0.00  0.0   T  3.6 13  300   M    M   M       21 300
14  42  26  34  -4  31   0  0.73  3.2   2  9.1 23  130   M    M   M 1248  35 100
15  44  34  39   1  26   0  1.45    T   2  8.3 16  170   M    M   M 1248  24 180
16  46  33  40   2  25   0  0.23    T   T  7.7 18  170   M    M   M 1248  25 200
17  45  33  39   1  26   0  0.22  0.2   T  6.5 15   80   M    M   M 12458 26  90
18  44  33  39   1  26   0  2.28  0.1   T 13.8 22  110   M    M   M 1     35 100
19  46  40  43   4  22   0  1.21  0.0   0  8.3 20  140   M    M   M 1     31 100
20  43  33  38  -1  27   0  0.89    T   0  3.9 13  170   M    M   M 1     17 140
21  44  29  37  -2  28   0  0.09    T   0  4.9 18  250   M    M   M 1     23 250
22  48  27  38  -1  27   0  0.00  0.0   0  4.3 12   90   M    M   M 1     16  90
23  57  27  42   2  23   0  0.00  0.0   0  3.9 15   60   M    M   M       20  90
24  53  28  41   1  24   0  0.00  0.0   0  2.9 12  250   M    M   M       14 240
25  57  32  45   5  20   0     T  0.0   0  5.1 16  170   M    M   M       22 170
26  54  40  47   7  18   0  0.19  0.0   0  7.8 21  180   M    M   M 1     31 170
================================================================================
SM 1188  833       673   0 13.63 6.8    159.4           M        M
================================================================================
AV 45.7 32.0                              6.1 FASTST  PSBL  %   M    MAX(MPH)
                                 MISC ---->     23  130               # 35 100
================================================================================
NOTES:
# LAST OF SEVERAL OCCURRENCES

COLUMN 17 PEAK WIND IN M.P.H.

PRELIMINARY LOCAL CLIMATOLOGICAL DATA (WS FORM: F-6) , PAGE 2

                                          STATION:   YAKUTAT
                                          MONTH:     04
                                          YEAR:      2015
                                          LATITUDE:  59 31 N
                                          LONGITUDE: 139 40 W

[TEMPERATURE DATA]      [PRECIPITATION DATA]       SYMBOLS USED IN COLUMN 16

AVERAGE MONTHLY:38.9   TOTAL FOR MONTH:13.63       1 = FOG
DPTR FM NORMAL:  1.5   DPTR FM NORMAL: 5.59       2 = FOG REDUCING VISIBILITY
HIGHEST:    57 ON 25    GRTST 24HR   2.28 ON 18        TO 1/4 MILE OR LESS
LOWEST:     24 ON 13                               3 = THUNDER
                        SNOW, ICE PELLETS, HAIL    4 = ICE PELLETS
                        TOTAL MONTH: 6.8 INCHES  5 = HAIL
                        GRTST 24HR   3.2 ON 14     6 = GLAZE OR RIME
                        GRTST DEPTH:    2 ON 15    7 = BLOWING DUST OR SAND:
                                                       VSBY 1/2 MILE OR LESS
                                                   8 = SMOKE OR HAZE
[NO. OF DAYS WITH]      [WEATHER - DAYS WITH]      9 = BLOWING SNOW
                                                   X = TORNADO
MAX 32 OR BELOW:   0    0.01 INCH OR MORE:  19
MAX 70 OR ABOVE:   0    0.10 INCH OR MORE:  16
MIN 32 OR BELOW:  13    0.50 INCH OR MORE:  10
MIN  0 OR BELOW:   0    1.00 INCH OR MORE:   5

[HDD (BASE 65) ]
TOTAL THIS MO.   673    CLEAR  (SCALE 0-3)   M
DPTR FM NORMAL   -46    PTCLDY (SCALE 4-7)   M
SEASONAL TOTAL  7028    CLOUDY (SCALE 8-10)  M
DPTR FM NORMAL  -842

[CDD (BASE 65) ]
TOTAL THIS MO.     0
DPTR FM NORMAL     0    [PRESSURE DATA]
SEASONAL TOTAL     0    HIGHEST SLP     M
DPTR FM NORMAL     0    LOWEST  SLP     M

[REMARKS]
