000
CDUS43 KUNR 030837
CLI2WX


CLIMATE REPORT
NATIONAL WEATHER SERVICE RAPID CITY SD
234 AM MDT SUN MAY 3 2015


...................................

...THE BUFFALO SD CLIMATE SUMMARY FOR MAY 2 2015...

CLIMATE NORMAL PERIOD 1981 TO 2010
CLIMATE RECORD PERIOD 9999 TO 9999


WEATHER ITEM   OBSERVED TIME   NORMAL DEPARTURE LAST
                VALUE   (LST)  VALUE  FROM      YEAR
                                      NORMAL
......................................................
TEMPERATURE (F)
 YESTERDAY
  MAXIMUM         80    152 PM  62     18       55
  MINIMUM         45    529 AM  37      8       41
  AVERAGE         63            49     14       48

PRECIPITATION (IN)
  YESTERDAY        0.00          0.06  -0.06     0.00
  MONTH TO DATE    0.00          0.11  -0.11     0.00
  SINCE MAR 1      1.25          2.43  -1.18     2.10
  SINCE JAN 1      1.72          3.00  -1.28     2.68

DEGREE DAYS
 HEATING
  YESTERDAY        2            16    -14       17
  MONTH TO DATE    9            32    -23       33
  SINCE MAR 1   1312          1688   -376     1837
  SINCE JUL 1   6770          7485   -715     7894

 COOLING
  YESTERDAY        0             0      0        0
  MONTH TO DATE    0             0      0        0
  SINCE MAR 1      0             0      0        0
  SINCE JAN 1      0             0      0        0
......................................................


WIND (MPH)
  HIGHEST WIND SPEED    30   HIGHEST WIND DIRECTION    NW (320)
  HIGHEST GUST SPEED    35   HIGHEST GUST DIRECTION    NW (320)
  AVERAGE WIND SPEED    13.4




RELATIVE HUMIDITY (PERCENT)
 HIGHEST    61           600 AM
 LOWEST     12           200 PM
 AVERAGE    37

..........................................................




SUNRISE AND SUNSET
MAY  3 2015...........SUNRISE   539 AM MDT   SUNSET   804 PM MDT
MAY  4 2015...........SUNRISE   538 AM MDT   SUNSET   805 PM MDT


-  INDICATES NEGATIVE NUMBERS.
R  INDICATES RECORD WAS SET OR TIED.
MM INDICATES DATA IS MISSING.
T  INDICATES TRACE AMOUNT.




$$
