000
CDUS44 KSJT 010724
CLIABI


CLIMATE REPORT
NATIONAL WEATHER SERVICE SAN ANGELO TX
224 AM CDT WED APR 1 2015


...................................

...THE ABILENE CLIMATE SUMMARY FOR MARCH 31 2015...

CLIMATE NORMAL PERIOD 1981 TO 2010
CLIMATE RECORD PERIOD 1886 TO 2015


WEATHER ITEM   OBSERVED TIME   RECORD YEAR NORMAL DEPARTURE LAST
                VALUE   (LST)  VALUE       VALUE  FROM      YEAR
                                                  NORMAL
..................................................................
TEMPERATURE (F)
 YESTERDAY
  MAXIMUM         86    242 PM  97    1974  73     13       90
                                      1946
  MINIMUM         64    702 AM  27    1926  48     16       60
  AVERAGE         75                        60     15       75

PRECIPITATION (IN)
  YESTERDAY        0.00          0.93 1916   0.05  -0.05     0.00
  MONTH TO DATE    1.60                      1.74  -0.14     0.67
  SINCE MAR 1      1.60                      1.74  -0.14     0.67
  SINCE JAN 1      5.11                      4.12   0.99     1.16

SNOWFALL (IN)
  YESTERDAY        0.0           0.0  2002   0.0    0.0      0.0
  MONTH TO DATE    0.7                       0.3    0.4       T
  SINCE NOV 1      3.8                       4.4   -0.6      3.1
  SINCE JUL 1      3.8                       4.4   -0.6      3.1

DEGREE DAYS
 HEATING
  YESTERDAY        0                         6     -6        0
  MONTH TO DATE  326                       298     28      340
  SINCE MAR 1    326                       298     28      340
  SINCE JUL 1   2403                      2431    -28     2702

 COOLING
  YESTERDAY       10                         2      8       10
  MONTH TO DATE   47                        29     18       39
  SINCE MAR 1     47                        29     18       39
  SINCE JAN 1     51                        34     17       44
..................................................................


WIND (MPH)
  HIGHEST WIND SPEED    21   HIGHEST WIND DIRECTION     S (170)
  HIGHEST GUST SPEED    27   HIGHEST GUST DIRECTION     S (200)
  AVERAGE WIND SPEED    11.1


SKY COVER
  POSSIBLE SUNSHINE  MM
  AVERAGE SKY COVER 0.0


WEATHER CONDITIONS
 THE FOLLOWING WEATHER WAS RECORDED YESTERDAY.
  NO SIGNIFICANT WEATHER WAS OBSERVED.


RELATIVE HUMIDITY (PERCENT)
 HIGHEST    87           600 AM
 LOWEST     35           900 PM
 AVERAGE    61

..........................................................


THE ABILENE CLIMATE NORMALS FOR TODAY
                         NORMAL    RECORD    YEAR
 MAXIMUM TEMPERATURE (F)   74        98      1946
 MINIMUM TEMPERATURE (F)   48        27      1899


SUNRISE AND SUNSET
APRIL  1 2015.........SUNRISE   727 AM CDT   SUNSET   759 PM CDT
APRIL  2 2015.........SUNRISE   726 AM CDT   SUNSET   759 PM CDT


-  INDICATES NEGATIVE NUMBERS.
R  INDICATES RECORD WAS SET OR TIED.
MM INDICATES DATA IS MISSING.
T  INDICATES TRACE AMOUNT.




$$
