000
CDUS45 KABQ 040838
CLIABQ


CLIMATE REPORT
NATIONAL WEATHER SERVICE ALBUQUERQUE NM
236 AM MDT MON MAY 4 2015


...................................

...THE ALBUQUERQUE  NM CLIMATE SUMMARY FOR MAY 3 2015...

CLIMATE NORMAL PERIOD 1981 TO 2010
CLIMATE RECORD PERIOD 1891 TO 2015


WEATHER ITEM   OBSERVED TIME   RECORD YEAR NORMAL DEPARTURE LAST
                VALUE   (LST)  VALUE       VALUE  FROM      YEAR
                                                  NORMAL
..................................................................
TEMPERATURE (F)
 YESTERDAY
  MAXIMUM         78    312 PM  92    1947  75      3       82
  MINIMUM         50    541 AM  28    1915  49      1       46
  AVERAGE         64                        62      2       64

PRECIPITATION (IN)
  YESTERDAY        0.00          0.68 1941   0.02  -0.02
  MONTH TO DATE    T                         0.05  -0.05
  SINCE MAR 1      0.47                      1.23  -0.76
  SINCE JAN 1      1.78                      2.09  -0.31

SNOWFALL (IN)
  YESTERDAY        0.0
  MONTH TO DATE    0.0
  SINCE MAR 1      T
  SINCE JUL 1     15.2
  SNOW DEPTH       0

DEGREE DAYS
 HEATING
  YESTERDAY        1                         4     -3        1
  MONTH TO DATE    1                        14    -13       20
  SINCE MAR 1    606                       815   -209      744
  SINCE JUL 1   3527                      4118   -591     3887

 COOLING
  YESTERDAY        0                         1     -1        0
  MONTH TO DATE    4                         3      1        0
  SINCE MAR 1      4                        10     -6        6
  SINCE JAN 1      4                        10     -6        6
..................................................................


WIND (MPH)
  HIGHEST WIND SPEED    25   HIGHEST WIND DIRECTION    SW (230)
  HIGHEST GUST SPEED    31   HIGHEST GUST DIRECTION    SW (240)
  AVERAGE WIND SPEED     7.5


SKY COVER
  POSSIBLE SUNSHINE  MM
  AVERAGE SKY COVER 0.6


WEATHER CONDITIONS
 THE FOLLOWING WEATHER WAS RECORDED YESTERDAY.
  NO SIGNIFICANT WEATHER WAS OBSERVED.


RELATIVE HUMIDITY (PERCENT)
 HIGHEST    50           600 AM
 LOWEST     16           300 PM
 AVERAGE    33

..........................................................


THE ALBUQUERQUE  NM CLIMATE NORMALS FOR TODAY
                         NORMAL    RECORD    YEAR
 MAXIMUM TEMPERATURE (F)   75        94      1947
 MINIMUM TEMPERATURE (F)   49        30      1912


SUNRISE AND SUNSET
MAY  4 2015...........SUNRISE   613 AM MDT   SUNSET   754 PM MDT
MAY  5 2015...........SUNRISE   612 AM MDT   SUNSET   755 PM MDT


-  INDICATES NEGATIVE NUMBERS.
R  INDICATES RECORD WAS SET OR TIED.
MM INDICATES DATA IS MISSING.
T  INDICATES TRACE AMOUNT.

$$
