000
CDUS43 KABR 010906
CLIABR


CLIMATE REPORT
NATIONAL WEATHER SERVICE ABERDEEN SD
405 AM CDT WED APR 1 2015


...................................

...THE ABERDEEN SD CLIMATE SUMMARY FOR MARCH 31 2015...

CLIMATE NORMAL PERIOD 1981 TO 2010
CLIMATE RECORD PERIOD 1893 TO 2015


WEATHER ITEM   OBSERVED TIME   RECORD YEAR NORMAL DEPARTURE LAST
                VALUE   (LST)  VALUE       VALUE  FROM      YEAR
                                                  NORMAL
..................................................................
TEMPERATURE (F)
 YESTERDAY
  MAXIMUM         77    423 PM  86    1946  48     29       32
  MINIMUM         23    626 AM   0    1899  26     -3       12
  AVERAGE         50                        37     13       22

PRECIPITATION (IN)
  YESTERDAY        0.00          2.60 1897   0.05  -0.05     0.25
  MONTH TO DATE    0.23                      1.16  -0.93     0.77
  SINCE MAR 1      0.23                      1.16  -0.93     0.77
  SINCE JAN 1      1.28                      2.18  -0.90     1.21

SNOWFALL (IN)
  YESTERDAY        0.0
  MONTH TO DATE    1.7
  SINCE OCT 1     20.2
  SINCE JUL 1     20.2
  SNOW DEPTH       0

DEGREE DAYS
 HEATING
  YESTERDAY       15                        28    -13       43
  MONTH TO DATE  925                      1088   -163     1222
  SINCE MAR 1    925                      1088   -163     1222
  SINCE JUL 1   7193                      7551   -358     8381

 COOLING
  YESTERDAY        0                         0      0        0
  MONTH TO DATE    0                         0      0        0
  SINCE MAR 1      0                         0      0        0
  SINCE JAN 1      0                         0      0        0
..................................................................


WIND (MPH)
  HIGHEST WIND SPEED    20   HIGHEST WIND DIRECTION    SE (140)
  HIGHEST GUST SPEED    25   HIGHEST GUST DIRECTION    SE (140)
  AVERAGE WIND SPEED     6.6


SKY COVER
  POSSIBLE SUNSHINE  MM
  AVERAGE SKY COVER 0.0


WEATHER CONDITIONS
 THE FOLLOWING WEATHER WAS RECORDED YESTERDAY.
  NO SIGNIFICANT WEATHER WAS OBSERVED.


RELATIVE HUMIDITY (PERCENT)
 HIGHEST    88           600 AM
 LOWEST     18           300 PM
 AVERAGE    53

..........................................................


THE ABERDEEN SD CLIMATE NORMALS FOR TODAY
                         NORMAL    RECORD    YEAR
 MAXIMUM TEMPERATURE (F)   49        80      1928
 MINIMUM TEMPERATURE (F)   26         0      1899


SUNRISE AND SUNSET
APRIL  1 2015.........SUNRISE   714 AM CDT   SUNSET   802 PM CDT
APRIL  2 2015.........SUNRISE   713 AM CDT   SUNSET   803 PM CDT


-  INDICATES NEGATIVE NUMBERS.
R  INDICATES RECORD WAS SET OR TIED.
MM INDICATES DATA IS MISSING.
T  INDICATES TRACE AMOUNT.




$$
