000
CDUS44 KFWD 040655
CLIACT


CLIMATE REPORT
NATIONAL WEATHER SERVICE FORT WORTH TX
155 AM CDT MON MAY 4 2015


...................................

...THE WACO CLIMATE SUMMARY FOR MAY 3 2015...

CLIMATE NORMAL PERIOD 1981 TO 2010
CLIMATE RECORD PERIOD 1901 TO 2015


WEATHER ITEM   OBSERVED TIME   RECORD YEAR NORMAL DEPARTURE LAST
                VALUE   (LST)  VALUE       VALUE  FROM      YEAR
                                                  NORMAL
..................................................................
TEMPERATURE (F)
 YESTERDAY
  MAXIMUM         82    359 PM  94    1943  82      0       91
  MINIMUM         56    609 AM  40    2014  60     -4       40
                                      2013
  AVERAGE         69                        71     -2       66

PRECIPITATION (IN)
  YESTERDAY        0.00          2.63 1990   0.14  -0.14     0.00
  MONTH TO DATE    0.00                      0.41  -0.41     0.00
  SINCE MAR 1      7.34                      6.25   1.09     2.63
  SINCE JAN 1     12.07                     11.00   1.07     3.39

DEGREE DAYS
 HEATING
  YESTERDAY        0                         1     -1        0
  MONTH TO DATE    0                         3     -3       11
  SINCE MAR 1    350                       327     23      461
  SINCE JUL 1   2304                      2139    165     2604

 COOLING
  YESTERDAY        4                         6     -2        1
  MONTH TO DATE   10                        18     -8        1
  SINCE MAR 1    171                       163      8      130
  SINCE JAN 1    171                       172     -1      130
..................................................................


WIND (MPH)
  HIGHEST WIND SPEED    17   HIGHEST WIND DIRECTION     S (180)
  HIGHEST GUST SPEED    25   HIGHEST GUST DIRECTION    SE (140)
  AVERAGE WIND SPEED    10.7


SKY COVER
  POSSIBLE SUNSHINE  MM
  AVERAGE SKY COVER 0.1


WEATHER CONDITIONS
 THE FOLLOWING WEATHER WAS RECORDED YESTERDAY.
  NO SIGNIFICANT WEATHER WAS OBSERVED.


RELATIVE HUMIDITY (PERCENT)
 HIGHEST    86           600 AM
 LOWEST     43           300 PM
 AVERAGE    65

..........................................................


THE WACO CLIMATE NORMALS FOR TODAY
                         NORMAL    RECORD    YEAR
 MAXIMUM TEMPERATURE (F)   82       100      1984
 MINIMUM TEMPERATURE (F)   60        34      2013


SUNRISE AND SUNSET
MAY  4 2015...........SUNRISE   641 AM CDT   SUNSET   811 PM CDT
MAY  5 2015...........SUNRISE   640 AM CDT   SUNSET   811 PM CDT


-  INDICATES NEGATIVE NUMBERS.
R  INDICATES RECORD WAS SET OR TIED.
MM INDICATES DATA IS MISSING.
T  INDICATES TRACE AMOUNT.




$$
