000
CDAK48 PADQ 260905
CLIADQ

CLIMATE REPORT
NATIONAL WEATHER SERVICE KODIAK, AK
105 AM AKDT SUN APR 26 2015

...................................
...THE KODIAK AP CLIMATE SUMMARY FOR APRIL 25 2015...

CLIMATE NORMAL PERIOD  1981 TO  2010
CLIMATE RECORD PERIOD  1949 TO  2015

WEATHER ITEM   OBSERVED TIME    RECORD YEAR NORMAL DEPARTURE LAST
               VALUE    (LST)   VALUE       VALUE  FROM      YEAR
                                                   NORMAL
...................................................................
TEMPERATURE
YESTERDAY
 MAXIMUM            45  0307 PM    59  2012     45       0     41
 MINIMUM            38  1258 AM    23  1967     34       4     37
 AVERAGE            42                          40       2     39

PRECIPITATION
(INCHES)
 YESTERDAY        0.40           1.43  2010   0.18    0.22   0.40
 MONTH TO DATE    5.13                        4.87    0.26   6.58
 SINCE MAR 1     12.66                       10.40    2.26  10.54
 SINCE JAN 1     31.58                       24.83    6.75  31.79

SNOWFALL
(INCHES)
 YESTERDAY         0.0            2.4  1965    0.2    -0.2    0.0
 MONTH TO DATE     3.2                         7.5    -4.3     MM
 SINCE MAR 1       4.7                        18.8   -14.1   12.4
 SINCE JUL 1      20.1                        68.2   -48.1     MM
 SNOW DEPTH (IN)     0                                          0

DEGREE DAYS
 HEATING
  YESTERDAY         23                          25      -2     26
  MONTH TO DATE    668                         699     -31    655
  SINCE MAR 1     1544                        1697    -153   1625
  SINCE JUL 1     6462                        7570   -1108   6911

 COOLING
  YESTERDAY          0                           0       0      0
  MONTH TO DATE      0                           0       0      0
  SINCE MAR 1        0                           0       0      0
  SINCE JAN 1        0                           0       0      0
...................................................................

WIND (MPH)
 HIGHEST WIND SPEED    25     HIGHEST WIND DIRECTION     30
 HIGHEST GUST SPEED    31     HIGHEST GUST DIRECTION     40
 AVERAGE WIND SPEED  16.7

SKY COVER
  POSSIBLE SUNSHINE    MM          AVERAGE SKY COVER     MM

WEATHER CONDITIONS
 THE FOLLOWING WEATHER WAS RECORDED YESTERDAY.
  FOG
RAIN


RELATIVE HUMIDITY
 HIGHEST RH     MM PERCENT       MM
 LOWEST  RH     MM PERCENT       MM
 AVERAGE RH     MM PERCENT       MM
...................................................................

THE KODIAK CLIMATE NORMALS FOR TODAY
                           NORMAL    RECORD   YEAR
 MAXIMUM TEMPERATURE (F)     46        60     1990
 MINIMUM TEMPERATURE (F)     35        24     1967

SUNRISE AND SUNSET
 APR 26 2015..........SUNRISE  6:32 AM      SUNSET  9:46 PM
 APR 27 2015..........SUNRISE  6:29 AM      SUNSET  9:49 PM

-  INDICATES NEGATIVE NUMBERS.
R  INDICATES RECORD HAS BEEN SET OR TIED.
MM INDICATES DATA IS MISSING.
T  INDICATES TRACE OF PRECIPITATION.

&&
-------------------------------------------------------------------

AMOUNT OF DAYLIGHT TODAY  (HOUR:MIN)........15 HOURS 14 MINUTES
GAIN/LOSS SINCE YESTERDAY (HOUR:MIN:SEC)....+0:04:45

$$
*** APR 15
